{"id":17978,"date":"2025-08-14T11:05:16","date_gmt":"2025-08-14T08:05:16","guid":{"rendered":"https:\/\/saumaustarvike.fi\/verkkokauppa\/?post_type=product&#038;p=17978"},"modified":"2025-08-14T11:20:08","modified_gmt":"2025-08-14T08:20:08","slug":"scott-proflow-valmispaketti-asbesti-3m","status":"publish","type":"product","link":"https:\/\/saumaustarvike.fi\/verkkokauppa\/kauppa\/tuotemerkit\/scott-safety-tuotemerkit\/scott-moottorimaskit-ja-valmispakkaukset\/scott-proflow-valmispaketti-asbesti-3m\/","title":{"rendered":"Scott Proflow valmispaketti asbesti 3M 600E-ASB-FF-302"},"content":{"rendered":"<h1>Scott Proflow valmispaketti asbesti 3M 600E-ASB-FF-302 <\/h1>\n<ul>\n<li>Kest\u00e4v\u00e4 puhallinpaketti, joka on suunniteltu raskaaseen k\u00e4ytt\u00f6\u00f6n ja asbestinpoistoon<\/li>\n<\/ul>\n<h2>Tuotekuvaus<\/h2>\n<p>\u2022 Laite varoittaa k\u00e4ytt\u00e4j\u00e4\u00e4 \u00e4\u00e4nimerkill\u00e4, jos akun varaus on v\u00e4hiss\u00e4 tai virtausnopeus laskee alle valmistajan suositteleman v\u00e4himm\u00e4isvirtausnopeuden<br \/>\n\u2022 Integroitu akku ja yksinkertainen k\u00e4ytt\u00f6 yhdell\u00e4 painikkeella<br \/>\n\u2022 PF-602E-ASB soveltuu puhdistukseen suihkulla tai vesisuihkulla (IP65), kun suodattimen suodatin- ja letkuportteihin on asennettu tulpat.<\/p>\n<h2>Valmispaketti sis\u00e4lt\u00e4\u00e4<\/h2>\n<p>\u2022 3M\u2122 PF-602E-ASB Moottoroidun hengityssuojaimen<br \/>\n\u2022 FM3 kokonaamarin<br \/>\n\u2022 2 x PF 10 P3R DT-1135E hiukkassuodatinta (2131392)<br \/>\n\u2022 SC-BT-56-ASB hengitysletkun<br \/>\n\u2022 PF-653 suodatinkannet<br \/>\n\u2022 SC-327 vy\u00f6n<br \/>\n\u2022 PF-972 ilmavirtausilmaisimen<br \/>\n\u2022 PF-641E akkulaturin<br \/>\nYhteensopiva 3M\u2122 DT-sarjan suodattimien kanssa (Pro2000)<br \/>\n\u2022 2131392 \/ 2131393 \/ 2131186 \/ 2131410<\/p>\n","protected":false},"excerpt":{"rendered":"<p>Scott Proflow 3M 600E-ASB-FF-302 on kest\u00e4v\u00e4 puhallinpaketti, joka on suunniteltu raskaaseen k\u00e4ytt\u00f6\u00f6n ja asbestinpoistoon<\/p>\n","protected":false},"featured_media":17979,"comment_status":"open","ping_status":"closed","template":"","meta":{"_acf_changed":false},"product_cat":[1574,2152],"product_tag":[2401,940,498,496,203,495,945,491,494],"class_list":{"0":"post-17978","1":"product","2":"type-product","3":"status-publish","4":"has-post-thumbnail","6":"product_brand-scott-safety","7":"product_cat-kuulo-hengitys-silma-ym-suojaimet-ja-kyparat","8":"product_cat-scott-moottorimaskit-ja-valmispakkaukset","9":"product_tag-3m","10":"product_tag-asbesti","11":"product_tag-hengityssuojain","12":"product_tag-lyijy","13":"product_tag-moottorimaski","14":"product_tag-pcb","15":"product_tag-raitisilmapuhallin","16":"product_tag-scott","17":"product_tag-suodatin","19":"first","20":"instock","21":"taxable","22":"shipping-taxable","23":"purchasable","24":"product-type-simple"},"acf":[],"yoast_head":"<!-- This site is optimized with the Yoast SEO plugin v27.5 - https:\/\/yoast.com\/product\/yoast-seo-wordpress\/ -->\n<title>Scott Proflow valmispaketti asbesti 3M 600E-ASB-FF-302 - Saumaustarvike.fi<\/title>\n<meta name=\"robots\" content=\"index, follow, max-snippet:-1, max-image-preview:large, max-video-preview:-1\" \/>\n<link rel=\"canonical\" href=\"https:\/\/saumaustarvike.fi\/verkkokauppa\/kauppa\/tuotemerkit\/scott-safety-tuotemerkit\/scott-moottorimaskit-ja-valmispakkaukset\/scott-proflow-valmispaketti-asbesti-3m\/\" \/>\n<meta property=\"og:locale\" content=\"fi_FI\" \/>\n<meta property=\"og:type\" content=\"article\" \/>\n<meta property=\"og:title\" content=\"Scott Proflow valmispaketti asbesti 3M 600E-ASB-FF-302 - Saumaustarvike.fi\" \/>\n<meta property=\"og:description\" content=\"Scott Proflow 3M 600E-ASB-FF-302 on kest\u00e4v\u00e4 puhallinpaketti, joka on suunniteltu raskaaseen k\u00e4ytt\u00f6\u00f6n ja asbestinpoistoon\" \/>\n<meta property=\"og:url\" content=\"https:\/\/saumaustarvike.fi\/verkkokauppa\/kauppa\/tuotemerkit\/scott-safety-tuotemerkit\/scott-moottorimaskit-ja-valmispakkaukset\/scott-proflow-valmispaketti-asbesti-3m\/\" \/>\n<meta property=\"og:site_name\" content=\"Saumaustarvike.fi\" \/>\n<meta property=\"article:publisher\" content=\"https:\/\/www.facebook.com\/Saumalaakso\" \/>\n<meta property=\"article:modified_time\" content=\"2025-08-14T08:20:08+00:00\" \/>\n<meta property=\"og:image\" content=\"https:\/\/saumaustarvike.fi\/verkkokauppa\/content\/uploads\/2025\/08\/scott-valmispaketti-proflow.jpg\" \/>\n\t<meta property=\"og:image:width\" content=\"1000\" \/>\n\t<meta property=\"og:image:height\" content=\"664\" \/>\n\t<meta property=\"og:image:type\" content=\"image\/jpeg\" \/>\n<meta name=\"twitter:label1\" content=\"Arvioitu lukuaika\" \/>\n\t<meta name=\"twitter:data1\" content=\"1 minuutti\" \/>\n<script type=\"application\/ld+json\" class=\"yoast-schema-graph\">{\"@context\":\"https:\\\/\\\/schema.org\",\"@graph\":[{\"@type\":\"WebPage\",\"@id\":\"https:\\\/\\\/saumaustarvike.fi\\\/verkkokauppa\\\/kauppa\\\/tuotemerkit\\\/scott-safety-tuotemerkit\\\/scott-moottorimaskit-ja-valmispakkaukset\\\/scott-proflow-valmispaketti-asbesti-3m\\\/\",\"url\":\"https:\\\/\\\/saumaustarvike.fi\\\/verkkokauppa\\\/kauppa\\\/tuotemerkit\\\/scott-safety-tuotemerkit\\\/scott-moottorimaskit-ja-valmispakkaukset\\\/scott-proflow-valmispaketti-asbesti-3m\\\/\",\"name\":\"Scott Proflow valmispaketti asbesti 3M 600E-ASB-FF-302 - Saumaustarvike.fi\",\"isPartOf\":{\"@id\":\"https:\\\/\\\/saumaustarvike.fi\\\/verkkokauppa\\\/#website\"},\"primaryImageOfPage\":{\"@id\":\"https:\\\/\\\/saumaustarvike.fi\\\/verkkokauppa\\\/kauppa\\\/tuotemerkit\\\/scott-safety-tuotemerkit\\\/scott-moottorimaskit-ja-valmispakkaukset\\\/scott-proflow-valmispaketti-asbesti-3m\\\/#primaryimage\"},\"image\":{\"@id\":\"https:\\\/\\\/saumaustarvike.fi\\\/verkkokauppa\\\/kauppa\\\/tuotemerkit\\\/scott-safety-tuotemerkit\\\/scott-moottorimaskit-ja-valmispakkaukset\\\/scott-proflow-valmispaketti-asbesti-3m\\\/#primaryimage\"},\"thumbnailUrl\":\"https:\\\/\\\/saumaustarvike.fi\\\/verkkokauppa\\\/wp-content\\\/uploads\\\/2025\\\/08\\\/scott-valmispaketti-proflow.jpg\",\"datePublished\":\"2025-08-14T08:05:16+00:00\",\"dateModified\":\"2025-08-14T08:20:08+00:00\",\"breadcrumb\":{\"@id\":\"https:\\\/\\\/saumaustarvike.fi\\\/verkkokauppa\\\/kauppa\\\/tuotemerkit\\\/scott-safety-tuotemerkit\\\/scott-moottorimaskit-ja-valmispakkaukset\\\/scott-proflow-valmispaketti-asbesti-3m\\\/#breadcrumb\"},\"inLanguage\":\"fi\",\"potentialAction\":[{\"@type\":\"ReadAction\",\"target\":[\"https:\\\/\\\/saumaustarvike.fi\\\/verkkokauppa\\\/kauppa\\\/tuotemerkit\\\/scott-safety-tuotemerkit\\\/scott-moottorimaskit-ja-valmispakkaukset\\\/scott-proflow-valmispaketti-asbesti-3m\\\/\"]}]},{\"@type\":\"ImageObject\",\"inLanguage\":\"fi\",\"@id\":\"https:\\\/\\\/saumaustarvike.fi\\\/verkkokauppa\\\/kauppa\\\/tuotemerkit\\\/scott-safety-tuotemerkit\\\/scott-moottorimaskit-ja-valmispakkaukset\\\/scott-proflow-valmispaketti-asbesti-3m\\\/#primaryimage\",\"url\":\"https:\\\/\\\/saumaustarvike.fi\\\/verkkokauppa\\\/wp-content\\\/uploads\\\/2025\\\/08\\\/scott-valmispaketti-proflow.jpg\",\"contentUrl\":\"https:\\\/\\\/saumaustarvike.fi\\\/verkkokauppa\\\/wp-content\\\/uploads\\\/2025\\\/08\\\/scott-valmispaketti-proflow.jpg\",\"width\":1000,\"height\":664},{\"@type\":\"BreadcrumbList\",\"@id\":\"https:\\\/\\\/saumaustarvike.fi\\\/verkkokauppa\\\/kauppa\\\/tuotemerkit\\\/scott-safety-tuotemerkit\\\/scott-moottorimaskit-ja-valmispakkaukset\\\/scott-proflow-valmispaketti-asbesti-3m\\\/#breadcrumb\",\"itemListElement\":[{\"@type\":\"ListItem\",\"position\":1,\"name\":\"Home\",\"item\":\"https:\\\/\\\/saumaustarvike.fi\\\/verkkokauppa\\\/\"},{\"@type\":\"ListItem\",\"position\":2,\"name\":\"Saumausmassat, tarvikkeet ja ty\u00f6kalut\",\"item\":\"https:\\\/\\\/saumaustarvike.fi\\\/verkkokauppa\\\/kauppa\\\/\"},{\"@type\":\"ListItem\",\"position\":3,\"name\":\"Scott Proflow valmispaketti asbesti 3M 600E-ASB-FF-302\"}]},{\"@type\":\"WebSite\",\"@id\":\"https:\\\/\\\/saumaustarvike.fi\\\/verkkokauppa\\\/#website\",\"url\":\"https:\\\/\\\/saumaustarvike.fi\\\/verkkokauppa\\\/\",\"name\":\"Saumaustarvike.fi\",\"description\":\"Saumausmassat, tarvikkeet ja ty&ouml;kalut\",\"publisher\":{\"@id\":\"https:\\\/\\\/saumaustarvike.fi\\\/verkkokauppa\\\/#organization\"},\"potentialAction\":[{\"@type\":\"SearchAction\",\"target\":{\"@type\":\"EntryPoint\",\"urlTemplate\":\"https:\\\/\\\/saumaustarvike.fi\\\/verkkokauppa\\\/?s={search_term_string}\"},\"query-input\":{\"@type\":\"PropertyValueSpecification\",\"valueRequired\":true,\"valueName\":\"search_term_string\"}}],\"inLanguage\":\"fi\"},{\"@type\":\"Organization\",\"@id\":\"https:\\\/\\\/saumaustarvike.fi\\\/verkkokauppa\\\/#organization\",\"name\":\"Saumaustarvike.fi\",\"url\":\"https:\\\/\\\/saumaustarvike.fi\\\/verkkokauppa\\\/\",\"logo\":{\"@type\":\"ImageObject\",\"inLanguage\":\"fi\",\"@id\":\"https:\\\/\\\/saumaustarvike.fi\\\/verkkokauppa\\\/#\\\/schema\\\/logo\\\/image\\\/\",\"url\":\"https:\\\/\\\/saumaustarvike.fi\\\/verkkokauppa\\\/wp-content\\\/uploads\\\/2019\\\/02\\\/logo.png\",\"contentUrl\":\"https:\\\/\\\/saumaustarvike.fi\\\/verkkokauppa\\\/wp-content\\\/uploads\\\/2019\\\/02\\\/logo.png\",\"width\":806,\"height\":150,\"caption\":\"Saumaustarvike.fi\"},\"image\":{\"@id\":\"https:\\\/\\\/saumaustarvike.fi\\\/verkkokauppa\\\/#\\\/schema\\\/logo\\\/image\\\/\"},\"sameAs\":[\"https:\\\/\\\/www.facebook.com\\\/Saumalaakso\"]}]}<\/script>\n<!-- \/ Yoast SEO plugin. -->","yoast_head_json":{"title":"Scott Proflow valmispaketti asbesti 3M 600E-ASB-FF-302 - Saumaustarvike.fi","robots":{"index":"index","follow":"follow","max-snippet":"max-snippet:-1","max-image-preview":"max-image-preview:large","max-video-preview":"max-video-preview:-1"},"canonical":"https:\/\/saumaustarvike.fi\/verkkokauppa\/kauppa\/tuotemerkit\/scott-safety-tuotemerkit\/scott-moottorimaskit-ja-valmispakkaukset\/scott-proflow-valmispaketti-asbesti-3m\/","og_locale":"fi_FI","og_type":"article","og_title":"Scott Proflow valmispaketti asbesti 3M 600E-ASB-FF-302 - Saumaustarvike.fi","og_description":"Scott Proflow 3M 600E-ASB-FF-302 on kest\u00e4v\u00e4 puhallinpaketti, joka on suunniteltu raskaaseen k\u00e4ytt\u00f6\u00f6n ja asbestinpoistoon","og_url":"https:\/\/saumaustarvike.fi\/verkkokauppa\/kauppa\/tuotemerkit\/scott-safety-tuotemerkit\/scott-moottorimaskit-ja-valmispakkaukset\/scott-proflow-valmispaketti-asbesti-3m\/","og_site_name":"Saumaustarvike.fi","article_publisher":"https:\/\/www.facebook.com\/Saumalaakso","article_modified_time":"2025-08-14T08:20:08+00:00","og_image":[{"width":1000,"height":664,"url":"https:\/\/saumaustarvike.fi\/verkkokauppa\/content\/uploads\/2025\/08\/scott-valmispaketti-proflow.jpg","type":"image\/jpeg"}],"twitter_misc":{"Arvioitu lukuaika":"1 minuutti"},"schema":{"@context":"https:\/\/schema.org","@graph":[{"@type":"WebPage","@id":"https:\/\/saumaustarvike.fi\/verkkokauppa\/kauppa\/tuotemerkit\/scott-safety-tuotemerkit\/scott-moottorimaskit-ja-valmispakkaukset\/scott-proflow-valmispaketti-asbesti-3m\/","url":"https:\/\/saumaustarvike.fi\/verkkokauppa\/kauppa\/tuotemerkit\/scott-safety-tuotemerkit\/scott-moottorimaskit-ja-valmispakkaukset\/scott-proflow-valmispaketti-asbesti-3m\/","name":"Scott Proflow valmispaketti asbesti 3M 600E-ASB-FF-302 - Saumaustarvike.fi","isPartOf":{"@id":"https:\/\/saumaustarvike.fi\/verkkokauppa\/#website"},"primaryImageOfPage":{"@id":"https:\/\/saumaustarvike.fi\/verkkokauppa\/kauppa\/tuotemerkit\/scott-safety-tuotemerkit\/scott-moottorimaskit-ja-valmispakkaukset\/scott-proflow-valmispaketti-asbesti-3m\/#primaryimage"},"image":{"@id":"https:\/\/saumaustarvike.fi\/verkkokauppa\/kauppa\/tuotemerkit\/scott-safety-tuotemerkit\/scott-moottorimaskit-ja-valmispakkaukset\/scott-proflow-valmispaketti-asbesti-3m\/#primaryimage"},"thumbnailUrl":"https:\/\/saumaustarvike.fi\/verkkokauppa\/wp-content\/uploads\/2025\/08\/scott-valmispaketti-proflow.jpg","datePublished":"2025-08-14T08:05:16+00:00","dateModified":"2025-08-14T08:20:08+00:00","breadcrumb":{"@id":"https:\/\/saumaustarvike.fi\/verkkokauppa\/kauppa\/tuotemerkit\/scott-safety-tuotemerkit\/scott-moottorimaskit-ja-valmispakkaukset\/scott-proflow-valmispaketti-asbesti-3m\/#breadcrumb"},"inLanguage":"fi","potentialAction":[{"@type":"ReadAction","target":["https:\/\/saumaustarvike.fi\/verkkokauppa\/kauppa\/tuotemerkit\/scott-safety-tuotemerkit\/scott-moottorimaskit-ja-valmispakkaukset\/scott-proflow-valmispaketti-asbesti-3m\/"]}]},{"@type":"ImageObject","inLanguage":"fi","@id":"https:\/\/saumaustarvike.fi\/verkkokauppa\/kauppa\/tuotemerkit\/scott-safety-tuotemerkit\/scott-moottorimaskit-ja-valmispakkaukset\/scott-proflow-valmispaketti-asbesti-3m\/#primaryimage","url":"https:\/\/saumaustarvike.fi\/verkkokauppa\/wp-content\/uploads\/2025\/08\/scott-valmispaketti-proflow.jpg","contentUrl":"https:\/\/saumaustarvike.fi\/verkkokauppa\/wp-content\/uploads\/2025\/08\/scott-valmispaketti-proflow.jpg","width":1000,"height":664},{"@type":"BreadcrumbList","@id":"https:\/\/saumaustarvike.fi\/verkkokauppa\/kauppa\/tuotemerkit\/scott-safety-tuotemerkit\/scott-moottorimaskit-ja-valmispakkaukset\/scott-proflow-valmispaketti-asbesti-3m\/#breadcrumb","itemListElement":[{"@type":"ListItem","position":1,"name":"Home","item":"https:\/\/saumaustarvike.fi\/verkkokauppa\/"},{"@type":"ListItem","position":2,"name":"Saumausmassat, tarvikkeet ja ty\u00f6kalut","item":"https:\/\/saumaustarvike.fi\/verkkokauppa\/kauppa\/"},{"@type":"ListItem","position":3,"name":"Scott Proflow valmispaketti asbesti 3M 600E-ASB-FF-302"}]},{"@type":"WebSite","@id":"https:\/\/saumaustarvike.fi\/verkkokauppa\/#website","url":"https:\/\/saumaustarvike.fi\/verkkokauppa\/","name":"Saumaustarvike.fi","description":"Saumausmassat, tarvikkeet ja ty&ouml;kalut","publisher":{"@id":"https:\/\/saumaustarvike.fi\/verkkokauppa\/#organization"},"potentialAction":[{"@type":"SearchAction","target":{"@type":"EntryPoint","urlTemplate":"https:\/\/saumaustarvike.fi\/verkkokauppa\/?s={search_term_string}"},"query-input":{"@type":"PropertyValueSpecification","valueRequired":true,"valueName":"search_term_string"}}],"inLanguage":"fi"},{"@type":"Organization","@id":"https:\/\/saumaustarvike.fi\/verkkokauppa\/#organization","name":"Saumaustarvike.fi","url":"https:\/\/saumaustarvike.fi\/verkkokauppa\/","logo":{"@type":"ImageObject","inLanguage":"fi","@id":"https:\/\/saumaustarvike.fi\/verkkokauppa\/#\/schema\/logo\/image\/","url":"https:\/\/saumaustarvike.fi\/verkkokauppa\/wp-content\/uploads\/2019\/02\/logo.png","contentUrl":"https:\/\/saumaustarvike.fi\/verkkokauppa\/wp-content\/uploads\/2019\/02\/logo.png","width":806,"height":150,"caption":"Saumaustarvike.fi"},"image":{"@id":"https:\/\/saumaustarvike.fi\/verkkokauppa\/#\/schema\/logo\/image\/"},"sameAs":["https:\/\/www.facebook.com\/Saumalaakso"]}]}},"jetpack_sharing_enabled":true,"_links":{"self":[{"href":"https:\/\/saumaustarvike.fi\/verkkokauppa\/wp-json\/wp\/v2\/product\/17978","targetHints":{"allow":["GET"]}}],"collection":[{"href":"https:\/\/saumaustarvike.fi\/verkkokauppa\/wp-json\/wp\/v2\/product"}],"about":[{"href":"https:\/\/saumaustarvike.fi\/verkkokauppa\/wp-json\/wp\/v2\/types\/product"}],"replies":[{"embeddable":true,"href":"https:\/\/saumaustarvike.fi\/verkkokauppa\/wp-json\/wp\/v2\/comments?post=17978"}],"wp:featuredmedia":[{"embeddable":true,"href":"https:\/\/saumaustarvike.fi\/verkkokauppa\/wp-json\/wp\/v2\/media\/17979"}],"wp:attachment":[{"href":"https:\/\/saumaustarvike.fi\/verkkokauppa\/wp-json\/wp\/v2\/media?parent=17978"}],"wp:term":[{"taxonomy":"product_cat","embeddable":true,"href":"https:\/\/saumaustarvike.fi\/verkkokauppa\/wp-json\/wp\/v2\/product_cat?post=17978"},{"taxonomy":"product_tag","embeddable":true,"href":"https:\/\/saumaustarvike.fi\/verkkokauppa\/wp-json\/wp\/v2\/product_tag?post=17978"}],"curies":[{"name":"wp","href":"https:\/\/api.w.org\/{rel}","templated":true}]}}