{"id":4627,"date":"2014-11-07T14:40:53","date_gmt":"2014-11-07T12:40:53","guid":{"rendered":"https:\/\/saumaustarvike.fi\/verkkokauppa\/?post_type=product&#038;p=4627"},"modified":"2024-09-02T10:38:14","modified_gmt":"2024-09-02T07:38:14","slug":"ear-classic-korvatulppa","status":"publish","type":"product","link":"https:\/\/saumaustarvike.fi\/verkkokauppa\/kauppa\/tuotemerkit\/uvex-ear-peltor-tuotemerkit\/ear-kuulonsuojaimet\/ear-classic-korvatulppa\/","title":{"rendered":"EAR Korvatulppa Classic polybag Keltainen (200par)"},"content":{"rendered":"<h1>EAR Korvatulppa Classic polybag Keltainen (200par)<\/h1>\n<p>3M\u2122 E-A-R\u2122 Classic PB-01-000 kierrett\u00e4v\u00e4t korvatulpat on valmistettu pehme\u00e4st\u00e4, energiaa absorboivasta polymeerivaahtomuovista ja ne suojaavat tehokkaasti kuuloa ja ovat mukavia pit\u00e4\u00e4 koko p\u00e4iv\u00e4n ajan. Ihanteelliset silloin, kun melu on ongelma joko ty\u00f6ss\u00e4 tai vapaa-ajalla.<\/p>\n<h2>Edut<\/h2>\n<ul>\n<li>Ainutlaatuinen pehme\u00e4, energiaa absorboiva polymeerivaahtomuovi<\/li>\n<li>Hyv\u00e4 istuvuus hitaasti muotoonsa palautuvan lujan materiaalin ansiosta<\/li>\n<li>Useimpiin korvakanaviin sopiva ja luotettavasti tiivist\u00e4v\u00e4 lieri\u00f6muoto<\/li>\n<li>Matala paine auttaa v\u00e4hent\u00e4m\u00e4\u00e4n korvakanavan puristusta, mik\u00e4 lis\u00e4\u00e4 tulpan<\/li>\n<li>k\u00e4ytt\u00f6mukavuutta ja k\u00e4ytett\u00e4vyytt\u00e4.<\/li>\n<li>Tulpan pintarakenne est\u00e4\u00e4 sit\u00e4 liikkumasta ja auttaa s\u00e4ilytt\u00e4m\u00e4\u00e4n tehokkaan tiivistyksen.<\/li>\n<li>Erinomaiset \u00e4\u00e4nenvaimennusominaisuudet<\/li>\n<\/ul>\n<p>CE<br \/>\nCat II<br \/>\nInfo<br \/>\nEN352-2 SNR:28 H:30 M:24 L:22<\/p>\n","protected":false},"excerpt":{"rendered":"<p>3M\u2122 E-A-R\u2122 Classic PB-01-000 kierrett\u00e4v\u00e4t korvatulpat on valmistettu pehme\u00e4st\u00e4, energiaa absorboivasta polymeerivaahtomuovista ja ne suojaavat tehokkaasti kuuloa ja ovat mukavia pit\u00e4\u00e4 koko p\u00e4iv\u00e4n ajan. Ihanteelliset silloin, kun melu on ongelma joko ty\u00f6ss\u00e4 tai vapaa-ajalla.<\/p>\n","protected":false},"featured_media":16488,"comment_status":"open","ping_status":"closed","template":"","meta":{"_acf_changed":false},"product_cat":[2226,1574],"product_tag":[506,505,508],"class_list":{"0":"post-4627","1":"product","2":"type-product","3":"status-publish","4":"has-post-thumbnail","6":"product_brand-ear","7":"product_cat-ear-kuulonsuojaimet","8":"product_cat-kuulo-hengitys-silma-ym-suojaimet-ja-kyparat","9":"product_tag-ear","10":"product_tag-korvatulppa","11":"product_tag-kuulosuojain","13":"first","14":"instock","15":"taxable","16":"shipping-taxable","17":"purchasable","18":"product-type-simple"},"acf":[],"yoast_head":"<!-- This site is optimized with the Yoast SEO plugin v27.3 - https:\/\/yoast.com\/product\/yoast-seo-wordpress\/ -->\n<title>EAR Korvatulppa Classic polybag Keltainen (200par) - Saumaustarvike.fi<\/title>\n<meta name=\"description\" content=\"Valmistettu pehme\u00e4st\u00e4, energiaa absorboivasta polymeerivaahtomuovista, jonka kuulonsuojauskyky ja k\u00e4ytt\u00f6mukavuus s\u00e4ilyv\u00e4t erinomaisina koko p\u00e4iv\u00e4n.\" \/>\n<meta name=\"robots\" content=\"index, follow, max-snippet:-1, max-image-preview:large, max-video-preview:-1\" \/>\n<link rel=\"canonical\" href=\"https:\/\/saumaustarvike.fi\/verkkokauppa\/kauppa\/tuotemerkit\/uvex-ear-peltor-tuotemerkit\/ear-kuulonsuojaimet\/ear-classic-korvatulppa\/\" \/>\n<meta property=\"og:locale\" content=\"fi_FI\" \/>\n<meta property=\"og:type\" content=\"article\" \/>\n<meta property=\"og:title\" content=\"EAR Korvatulppa Classic polybag Keltainen (200par) - Saumaustarvike.fi\" \/>\n<meta property=\"og:description\" content=\"Valmistettu pehme\u00e4st\u00e4, energiaa absorboivasta polymeerivaahtomuovista, jonka kuulonsuojauskyky ja k\u00e4ytt\u00f6mukavuus s\u00e4ilyv\u00e4t erinomaisina koko p\u00e4iv\u00e4n.\" \/>\n<meta property=\"og:url\" content=\"https:\/\/saumaustarvike.fi\/verkkokauppa\/kauppa\/tuotemerkit\/uvex-ear-peltor-tuotemerkit\/ear-kuulonsuojaimet\/ear-classic-korvatulppa\/\" \/>\n<meta property=\"og:site_name\" content=\"Saumaustarvike.fi\" \/>\n<meta property=\"article:publisher\" content=\"https:\/\/www.facebook.com\/Saumalaakso\" \/>\n<meta property=\"article:modified_time\" content=\"2024-09-02T07:38:14+00:00\" \/>\n<meta property=\"og:image\" content=\"https:\/\/saumaustarvike.fi\/verkkokauppa\/content\/uploads\/2014\/11\/saumaustarvike-EAR-Korvatulppa-Classic-polybag-Keltainen.jpg\" \/>\n\t<meta property=\"og:image:width\" content=\"1000\" \/>\n\t<meta property=\"og:image:height\" content=\"1000\" \/>\n\t<meta property=\"og:image:type\" content=\"image\/jpeg\" \/>\n<meta name=\"twitter:label1\" content=\"Arvioitu lukuaika\" \/>\n\t<meta name=\"twitter:data1\" content=\"1 minuutti\" \/>\n<script type=\"application\/ld+json\" class=\"yoast-schema-graph\">{\"@context\":\"https:\\\/\\\/schema.org\",\"@graph\":[{\"@type\":\"WebPage\",\"@id\":\"https:\\\/\\\/saumaustarvike.fi\\\/verkkokauppa\\\/kauppa\\\/tuotemerkit\\\/uvex-ear-peltor-tuotemerkit\\\/ear-kuulonsuojaimet\\\/ear-classic-korvatulppa\\\/\",\"url\":\"https:\\\/\\\/saumaustarvike.fi\\\/verkkokauppa\\\/kauppa\\\/tuotemerkit\\\/uvex-ear-peltor-tuotemerkit\\\/ear-kuulonsuojaimet\\\/ear-classic-korvatulppa\\\/\",\"name\":\"EAR Korvatulppa Classic polybag Keltainen (200par) - Saumaustarvike.fi\",\"isPartOf\":{\"@id\":\"https:\\\/\\\/saumaustarvike.fi\\\/verkkokauppa\\\/#website\"},\"primaryImageOfPage\":{\"@id\":\"https:\\\/\\\/saumaustarvike.fi\\\/verkkokauppa\\\/kauppa\\\/tuotemerkit\\\/uvex-ear-peltor-tuotemerkit\\\/ear-kuulonsuojaimet\\\/ear-classic-korvatulppa\\\/#primaryimage\"},\"image\":{\"@id\":\"https:\\\/\\\/saumaustarvike.fi\\\/verkkokauppa\\\/kauppa\\\/tuotemerkit\\\/uvex-ear-peltor-tuotemerkit\\\/ear-kuulonsuojaimet\\\/ear-classic-korvatulppa\\\/#primaryimage\"},\"thumbnailUrl\":\"https:\\\/\\\/saumaustarvike.fi\\\/verkkokauppa\\\/wp-content\\\/uploads\\\/2014\\\/11\\\/saumaustarvike-EAR-Korvatulppa-Classic-polybag-Keltainen.jpg\",\"datePublished\":\"2014-11-07T12:40:53+00:00\",\"dateModified\":\"2024-09-02T07:38:14+00:00\",\"description\":\"Valmistettu pehme\u00e4st\u00e4, energiaa absorboivasta polymeerivaahtomuovista, jonka kuulonsuojauskyky ja k\u00e4ytt\u00f6mukavuus s\u00e4ilyv\u00e4t erinomaisina koko p\u00e4iv\u00e4n.\",\"breadcrumb\":{\"@id\":\"https:\\\/\\\/saumaustarvike.fi\\\/verkkokauppa\\\/kauppa\\\/tuotemerkit\\\/uvex-ear-peltor-tuotemerkit\\\/ear-kuulonsuojaimet\\\/ear-classic-korvatulppa\\\/#breadcrumb\"},\"inLanguage\":\"fi\",\"potentialAction\":[{\"@type\":\"ReadAction\",\"target\":[\"https:\\\/\\\/saumaustarvike.fi\\\/verkkokauppa\\\/kauppa\\\/tuotemerkit\\\/uvex-ear-peltor-tuotemerkit\\\/ear-kuulonsuojaimet\\\/ear-classic-korvatulppa\\\/\"]}]},{\"@type\":\"ImageObject\",\"inLanguage\":\"fi\",\"@id\":\"https:\\\/\\\/saumaustarvike.fi\\\/verkkokauppa\\\/kauppa\\\/tuotemerkit\\\/uvex-ear-peltor-tuotemerkit\\\/ear-kuulonsuojaimet\\\/ear-classic-korvatulppa\\\/#primaryimage\",\"url\":\"https:\\\/\\\/saumaustarvike.fi\\\/verkkokauppa\\\/wp-content\\\/uploads\\\/2014\\\/11\\\/saumaustarvike-EAR-Korvatulppa-Classic-polybag-Keltainen.jpg\",\"contentUrl\":\"https:\\\/\\\/saumaustarvike.fi\\\/verkkokauppa\\\/wp-content\\\/uploads\\\/2014\\\/11\\\/saumaustarvike-EAR-Korvatulppa-Classic-polybag-Keltainen.jpg\",\"width\":1000,\"height\":1000},{\"@type\":\"BreadcrumbList\",\"@id\":\"https:\\\/\\\/saumaustarvike.fi\\\/verkkokauppa\\\/kauppa\\\/tuotemerkit\\\/uvex-ear-peltor-tuotemerkit\\\/ear-kuulonsuojaimet\\\/ear-classic-korvatulppa\\\/#breadcrumb\",\"itemListElement\":[{\"@type\":\"ListItem\",\"position\":1,\"name\":\"Home\",\"item\":\"https:\\\/\\\/saumaustarvike.fi\\\/verkkokauppa\\\/\"},{\"@type\":\"ListItem\",\"position\":2,\"name\":\"Saumausmassat, tarvikkeet ja ty\u00f6kalut\",\"item\":\"https:\\\/\\\/saumaustarvike.fi\\\/verkkokauppa\\\/kauppa\\\/\"},{\"@type\":\"ListItem\",\"position\":3,\"name\":\"EAR Korvatulppa Classic polybag Keltainen (200par)\"}]},{\"@type\":\"WebSite\",\"@id\":\"https:\\\/\\\/saumaustarvike.fi\\\/verkkokauppa\\\/#website\",\"url\":\"https:\\\/\\\/saumaustarvike.fi\\\/verkkokauppa\\\/\",\"name\":\"Saumaustarvike.fi\",\"description\":\"Saumausmassat, tarvikkeet ja ty&ouml;kalut\",\"publisher\":{\"@id\":\"https:\\\/\\\/saumaustarvike.fi\\\/verkkokauppa\\\/#organization\"},\"potentialAction\":[{\"@type\":\"SearchAction\",\"target\":{\"@type\":\"EntryPoint\",\"urlTemplate\":\"https:\\\/\\\/saumaustarvike.fi\\\/verkkokauppa\\\/?s={search_term_string}\"},\"query-input\":{\"@type\":\"PropertyValueSpecification\",\"valueRequired\":true,\"valueName\":\"search_term_string\"}}],\"inLanguage\":\"fi\"},{\"@type\":\"Organization\",\"@id\":\"https:\\\/\\\/saumaustarvike.fi\\\/verkkokauppa\\\/#organization\",\"name\":\"Saumaustarvike.fi\",\"url\":\"https:\\\/\\\/saumaustarvike.fi\\\/verkkokauppa\\\/\",\"logo\":{\"@type\":\"ImageObject\",\"inLanguage\":\"fi\",\"@id\":\"https:\\\/\\\/saumaustarvike.fi\\\/verkkokauppa\\\/#\\\/schema\\\/logo\\\/image\\\/\",\"url\":\"https:\\\/\\\/saumaustarvike.fi\\\/verkkokauppa\\\/wp-content\\\/uploads\\\/2019\\\/02\\\/logo.png\",\"contentUrl\":\"https:\\\/\\\/saumaustarvike.fi\\\/verkkokauppa\\\/wp-content\\\/uploads\\\/2019\\\/02\\\/logo.png\",\"width\":806,\"height\":150,\"caption\":\"Saumaustarvike.fi\"},\"image\":{\"@id\":\"https:\\\/\\\/saumaustarvike.fi\\\/verkkokauppa\\\/#\\\/schema\\\/logo\\\/image\\\/\"},\"sameAs\":[\"https:\\\/\\\/www.facebook.com\\\/Saumalaakso\"]}]}<\/script>\n<!-- \/ Yoast SEO plugin. -->","yoast_head_json":{"title":"EAR Korvatulppa Classic polybag Keltainen (200par) - Saumaustarvike.fi","description":"Valmistettu pehme\u00e4st\u00e4, energiaa absorboivasta polymeerivaahtomuovista, jonka kuulonsuojauskyky ja k\u00e4ytt\u00f6mukavuus s\u00e4ilyv\u00e4t erinomaisina koko p\u00e4iv\u00e4n.","robots":{"index":"index","follow":"follow","max-snippet":"max-snippet:-1","max-image-preview":"max-image-preview:large","max-video-preview":"max-video-preview:-1"},"canonical":"https:\/\/saumaustarvike.fi\/verkkokauppa\/kauppa\/tuotemerkit\/uvex-ear-peltor-tuotemerkit\/ear-kuulonsuojaimet\/ear-classic-korvatulppa\/","og_locale":"fi_FI","og_type":"article","og_title":"EAR Korvatulppa Classic polybag Keltainen (200par) - Saumaustarvike.fi","og_description":"Valmistettu pehme\u00e4st\u00e4, energiaa absorboivasta polymeerivaahtomuovista, jonka kuulonsuojauskyky ja k\u00e4ytt\u00f6mukavuus s\u00e4ilyv\u00e4t erinomaisina koko p\u00e4iv\u00e4n.","og_url":"https:\/\/saumaustarvike.fi\/verkkokauppa\/kauppa\/tuotemerkit\/uvex-ear-peltor-tuotemerkit\/ear-kuulonsuojaimet\/ear-classic-korvatulppa\/","og_site_name":"Saumaustarvike.fi","article_publisher":"https:\/\/www.facebook.com\/Saumalaakso","article_modified_time":"2024-09-02T07:38:14+00:00","og_image":[{"width":1000,"height":1000,"url":"https:\/\/saumaustarvike.fi\/verkkokauppa\/content\/uploads\/2014\/11\/saumaustarvike-EAR-Korvatulppa-Classic-polybag-Keltainen.jpg","type":"image\/jpeg"}],"twitter_misc":{"Arvioitu lukuaika":"1 minuutti"},"schema":{"@context":"https:\/\/schema.org","@graph":[{"@type":"WebPage","@id":"https:\/\/saumaustarvike.fi\/verkkokauppa\/kauppa\/tuotemerkit\/uvex-ear-peltor-tuotemerkit\/ear-kuulonsuojaimet\/ear-classic-korvatulppa\/","url":"https:\/\/saumaustarvike.fi\/verkkokauppa\/kauppa\/tuotemerkit\/uvex-ear-peltor-tuotemerkit\/ear-kuulonsuojaimet\/ear-classic-korvatulppa\/","name":"EAR Korvatulppa Classic polybag Keltainen (200par) - Saumaustarvike.fi","isPartOf":{"@id":"https:\/\/saumaustarvike.fi\/verkkokauppa\/#website"},"primaryImageOfPage":{"@id":"https:\/\/saumaustarvike.fi\/verkkokauppa\/kauppa\/tuotemerkit\/uvex-ear-peltor-tuotemerkit\/ear-kuulonsuojaimet\/ear-classic-korvatulppa\/#primaryimage"},"image":{"@id":"https:\/\/saumaustarvike.fi\/verkkokauppa\/kauppa\/tuotemerkit\/uvex-ear-peltor-tuotemerkit\/ear-kuulonsuojaimet\/ear-classic-korvatulppa\/#primaryimage"},"thumbnailUrl":"https:\/\/saumaustarvike.fi\/verkkokauppa\/wp-content\/uploads\/2014\/11\/saumaustarvike-EAR-Korvatulppa-Classic-polybag-Keltainen.jpg","datePublished":"2014-11-07T12:40:53+00:00","dateModified":"2024-09-02T07:38:14+00:00","description":"Valmistettu pehme\u00e4st\u00e4, energiaa absorboivasta polymeerivaahtomuovista, jonka kuulonsuojauskyky ja k\u00e4ytt\u00f6mukavuus s\u00e4ilyv\u00e4t erinomaisina koko p\u00e4iv\u00e4n.","breadcrumb":{"@id":"https:\/\/saumaustarvike.fi\/verkkokauppa\/kauppa\/tuotemerkit\/uvex-ear-peltor-tuotemerkit\/ear-kuulonsuojaimet\/ear-classic-korvatulppa\/#breadcrumb"},"inLanguage":"fi","potentialAction":[{"@type":"ReadAction","target":["https:\/\/saumaustarvike.fi\/verkkokauppa\/kauppa\/tuotemerkit\/uvex-ear-peltor-tuotemerkit\/ear-kuulonsuojaimet\/ear-classic-korvatulppa\/"]}]},{"@type":"ImageObject","inLanguage":"fi","@id":"https:\/\/saumaustarvike.fi\/verkkokauppa\/kauppa\/tuotemerkit\/uvex-ear-peltor-tuotemerkit\/ear-kuulonsuojaimet\/ear-classic-korvatulppa\/#primaryimage","url":"https:\/\/saumaustarvike.fi\/verkkokauppa\/wp-content\/uploads\/2014\/11\/saumaustarvike-EAR-Korvatulppa-Classic-polybag-Keltainen.jpg","contentUrl":"https:\/\/saumaustarvike.fi\/verkkokauppa\/wp-content\/uploads\/2014\/11\/saumaustarvike-EAR-Korvatulppa-Classic-polybag-Keltainen.jpg","width":1000,"height":1000},{"@type":"BreadcrumbList","@id":"https:\/\/saumaustarvike.fi\/verkkokauppa\/kauppa\/tuotemerkit\/uvex-ear-peltor-tuotemerkit\/ear-kuulonsuojaimet\/ear-classic-korvatulppa\/#breadcrumb","itemListElement":[{"@type":"ListItem","position":1,"name":"Home","item":"https:\/\/saumaustarvike.fi\/verkkokauppa\/"},{"@type":"ListItem","position":2,"name":"Saumausmassat, tarvikkeet ja ty\u00f6kalut","item":"https:\/\/saumaustarvike.fi\/verkkokauppa\/kauppa\/"},{"@type":"ListItem","position":3,"name":"EAR Korvatulppa Classic polybag Keltainen (200par)"}]},{"@type":"WebSite","@id":"https:\/\/saumaustarvike.fi\/verkkokauppa\/#website","url":"https:\/\/saumaustarvike.fi\/verkkokauppa\/","name":"Saumaustarvike.fi","description":"Saumausmassat, tarvikkeet ja ty&ouml;kalut","publisher":{"@id":"https:\/\/saumaustarvike.fi\/verkkokauppa\/#organization"},"potentialAction":[{"@type":"SearchAction","target":{"@type":"EntryPoint","urlTemplate":"https:\/\/saumaustarvike.fi\/verkkokauppa\/?s={search_term_string}"},"query-input":{"@type":"PropertyValueSpecification","valueRequired":true,"valueName":"search_term_string"}}],"inLanguage":"fi"},{"@type":"Organization","@id":"https:\/\/saumaustarvike.fi\/verkkokauppa\/#organization","name":"Saumaustarvike.fi","url":"https:\/\/saumaustarvike.fi\/verkkokauppa\/","logo":{"@type":"ImageObject","inLanguage":"fi","@id":"https:\/\/saumaustarvike.fi\/verkkokauppa\/#\/schema\/logo\/image\/","url":"https:\/\/saumaustarvike.fi\/verkkokauppa\/wp-content\/uploads\/2019\/02\/logo.png","contentUrl":"https:\/\/saumaustarvike.fi\/verkkokauppa\/wp-content\/uploads\/2019\/02\/logo.png","width":806,"height":150,"caption":"Saumaustarvike.fi"},"image":{"@id":"https:\/\/saumaustarvike.fi\/verkkokauppa\/#\/schema\/logo\/image\/"},"sameAs":["https:\/\/www.facebook.com\/Saumalaakso"]}]}},"jetpack_sharing_enabled":true,"_links":{"self":[{"href":"https:\/\/saumaustarvike.fi\/verkkokauppa\/wp-json\/wp\/v2\/product\/4627","targetHints":{"allow":["GET"]}}],"collection":[{"href":"https:\/\/saumaustarvike.fi\/verkkokauppa\/wp-json\/wp\/v2\/product"}],"about":[{"href":"https:\/\/saumaustarvike.fi\/verkkokauppa\/wp-json\/wp\/v2\/types\/product"}],"replies":[{"embeddable":true,"href":"https:\/\/saumaustarvike.fi\/verkkokauppa\/wp-json\/wp\/v2\/comments?post=4627"}],"wp:featuredmedia":[{"embeddable":true,"href":"https:\/\/saumaustarvike.fi\/verkkokauppa\/wp-json\/wp\/v2\/media\/16488"}],"wp:attachment":[{"href":"https:\/\/saumaustarvike.fi\/verkkokauppa\/wp-json\/wp\/v2\/media?parent=4627"}],"wp:term":[{"taxonomy":"product_cat","embeddable":true,"href":"https:\/\/saumaustarvike.fi\/verkkokauppa\/wp-json\/wp\/v2\/product_cat?post=4627"},{"taxonomy":"product_tag","embeddable":true,"href":"https:\/\/saumaustarvike.fi\/verkkokauppa\/wp-json\/wp\/v2\/product_tag?post=4627"}],"curies":[{"name":"wp","href":"https:\/\/api.w.org\/{rel}","templated":true}]}}