{"id":5707,"date":"2014-11-30T11:48:07","date_gmt":"2014-11-30T09:48:07","guid":{"rendered":"https:\/\/saumaustarvike.fi\/verkkokauppa\/kauppa\/saumausmassat\/sikacryl-s-akryylipohjainen-tiivistysmassa-600ml-valkoinen\/"},"modified":"2024-09-02T10:09:11","modified_gmt":"2024-09-02T07:09:11","slug":"sikacryl-s-akryylipohjainen-tiivistysmassa-600ml-valkoinen","status":"publish","type":"product","link":"https:\/\/saumaustarvike.fi\/verkkokauppa\/kauppa\/tuotemerkit\/sika-tuotemerkit\/sikacryl-akryylimassat\/sikacryl-s-akryylipohjainen-tiivistysmassa-600ml-valkoinen\/","title":{"rendered":"Sikacryl-S+ Akryylipohjainen massa 600ml"},"content":{"rendered":"<h1>Sikacryl-S+ Akryylipohjainen tiivistysmassa<\/h1>\n<h2>Tuotekuvaus<\/h2>\n<p>Sikacryl-S+ on 1-komponenttinen, korkealaatuinen akryylipohjainen saumausmassa, joka kovettuu vett\u00e4 haihduttamalla.<\/p>\n<h3 class=\"base\">K\u00e4ytt\u00f6<\/h3>\n<p>Sikacryl-S+ soveltuu sis\u00e4puolisiin ikkuna- ja ovipuitteiden tiivistyksiin. K\u00e4ytet\u00e4\u00e4n tiivistyksiin rappujen ja sein\u00e4n, katon ja sein\u00e4n v\u00e4lille ikkunapenkkien luona ja betonirakenteille, sek\u00e4 venttiilien- ja putkien ymp\u00e4ri.<\/p>\n<p>Soveltuu k\u00e4ytett\u00e4v\u00e4ksi sis\u00e4ll\u00e4 ja ulkona. Ulkona on huomioitava ett\u00e4 ty\u00f6st\u00f6n saa tehd\u00e4 vain kuivissa olosuhteissa ja massan on saatava kuivua kauttaaltaan ennen s\u00e4\u00e4rasitusta. Ei kuitenkaan kosteudelle alttiisiin kohteisiin kuten sokkeleihin. Kuivuttuaan Sikacryl\u00ae-S+ on s\u00e4\u00e4n- ja sateenkest\u00e4v\u00e4. Sikacryl\u00ae-S+ tarttuu hyvin useimpiin rakennusmateriaaleihin ilman tartunta-ainetta, kuten betoni, tiili, maalattu puu, anodisoitu alumiini ja kova-PVC. Ei sovellu kohteisiin joissa on vesirasitus tai PP, PE, Teflon ja bitumipohjaisille alustoille. Maalauksessa on otettava huomioon ett\u00e4 maali voi halkeilla elastisen massan p\u00e4\u00e4ll\u00e4.<\/p>\n<p>Mik\u00e4li saumanliike on yli 12,5 % niin saumaukseen suositellaan k\u00e4ytett\u00e4v\u00e4ksi Sikaflex-Construction + -massaa.<\/p>\n<h3 class=\"base\">Ominaisuudet \/ Edut<\/h3>\n<ul>\n<li>L\u00e4hes hajutonn<\/li>\n<li>Helppo ty\u00f6st\u00e4\u00e4<\/li>\n<li>Hyv\u00e4 tartunta useimpiin materiaaleihin<\/li>\n<li>Ei aiheuta korroosioita<\/li>\n<\/ul>\n<p>&nbsp;<\/p>\n<h3>Alustan kunto<\/h3>\n<p>Puhdas ja kuiva, luja, p\u00f6lyt\u00f6n, rasvaton ja \u00f6ljyt\u00f6n.<\/p>\n<p>Maali, sementtiliima ja muut tartuntaa heikent\u00e4v\u00e4t aineosat on poistettava. Rakennusalan yleiset laatuvaatimukset on huomioitava.<\/p>\n<h3>Alustan esik\u00e4sittely<\/h3>\n<p>Normaalisti primerointia ei tarvita<\/p>\n<p>Eritt\u00e4in huokoisilla pinnoilla voidaan tarvittaessa k\u00e4ytt\u00e4\u00e4 tartunnan parantamiseksi Sikacryl\u00ae-S+ veteen sekoitettuna (suhde 1:1).<\/p>\n<p>Muovi- ja maalipinnoilla tulee tartunta testata. Rauta- ja ter\u00e4spinnoilla tulee korroosiosuojaus huomioida.<\/p>\n<h3 class=\"base\">V\u00e4ri<\/h3>\n<p>Valkoinen<\/p>\n<h3 class=\"base\">Pakkaus<\/h3>\n<p>600 ml kalvopakkaus<\/p>\n","protected":false},"excerpt":{"rendered":"<p>Sikacryl-S+ soveltuu sis\u00e4puolisiin ikkuna- ja ovipuitteiden tiivistyksiin. K\u00e4ytet\u00e4\u00e4n tiivistyksiin rappujen ja sein\u00e4n, katon ja sein\u00e4n v\u00e4lille ikkunapenkkien luona ja betonirakenteille, sek\u00e4 venttiilien- ja putkien ymp\u00e4ri.<\/p>\n","protected":false},"featured_media":16355,"comment_status":"open","ping_status":"closed","template":"","meta":{"_acf_changed":false},"product_cat":[1544,1892,1976,1977,1893,1894,1978,1895,1979,1896,1980,1897,1981,1898,1982,1899,1983,1900,1984,1901,1985,1903,1987,1904,1988,1597,1905,1989,1906,1990,1553],"product_tag":[158,99,76,81,234,79,80],"class_list":{"0":"post-5707","1":"product","2":"type-product","3":"status-publish","4":"has-post-thumbnail","6":"product_brand-sika","7":"product_cat-akryylipohjaiset","8":"product_cat-kok-alumiini","9":"product_cat-hok-alumiini","10":"product_cat-hok-betoni","11":"product_cat-kok-betoni","12":"product_cat-kok-harkko","13":"product_cat-hok-harkko","14":"product_cat-kok-kevytbetoni","15":"product_cat-hok-kevytbetoni","16":"product_cat-kok-kipsilevy","17":"product_cat-hok-kipsilevy","18":"product_cat-kok-komposiitti","19":"product_cat-hok-komposiitti","20":"product_cat-kok-laatta","21":"product_cat-hok-laatta","22":"product_cat-kok-luonnonkivi","23":"product_cat-hok-luonnonkivi","24":"product_cat-kok-maalattu-pinta","25":"product_cat-hok-maalattu-pinta","26":"product_cat-kok-marmori","27":"product_cat-hok-marmori","28":"product_cat-kok-pelti","29":"product_cat-hok-pelti","30":"product_cat-kok-puu","31":"product_cat-hok-puu","32":"product_cat-sikacryl-akryylimassat","33":"product_cat-kok-teras","34":"product_cat-hok-teras","35":"product_cat-kok-tiili","36":"product_cat-hok-tiili","37":"product_cat-tiivistys-tuotteet","38":"product_tag-akryyli","39":"product_tag-akryylimassa","40":"product_tag-saumaus","41":"product_tag-sika-2","42":"product_tag-sikacryl","43":"product_tag-tiiviste","44":"product_tag-tiivistys-2","46":"first","47":"instock","48":"taxable","49":"shipping-taxable","50":"purchasable","51":"product-type-simple"},"acf":[],"yoast_head":"<!-- This site is optimized with the Yoast SEO plugin v27.3 - https:\/\/yoast.com\/product\/yoast-seo-wordpress\/ -->\n<title>Sikacryl-S+ Akryylipohjainen massa 600ml - Saumaustarvike.fi<\/title>\n<meta name=\"description\" content=\"Sikacryl-S+ tiivistysmassa sis\u00e4puolisiin ikkuna- ja ovipuitteiden tiivistyksiin. K\u00e4ytet\u00e4\u00e4n tiivistyksiin rappujen ja sein\u00e4n, katon ja sein\u00e4n v\u00e4lille.\" \/>\n<meta name=\"robots\" content=\"index, follow, max-snippet:-1, max-image-preview:large, max-video-preview:-1\" \/>\n<link rel=\"canonical\" href=\"https:\/\/saumaustarvike.fi\/verkkokauppa\/kauppa\/tuotemerkit\/sika-tuotemerkit\/sikacryl-akryylimassat\/sikacryl-s-akryylipohjainen-tiivistysmassa-600ml-valkoinen\/\" \/>\n<meta property=\"og:locale\" content=\"fi_FI\" \/>\n<meta property=\"og:type\" content=\"article\" \/>\n<meta property=\"og:title\" content=\"Sikacryl-S+ Akryylipohjainen massa 600ml - Saumaustarvike.fi\" \/>\n<meta property=\"og:description\" content=\"Sikacryl-S+ tiivistysmassa sis\u00e4puolisiin ikkuna- ja ovipuitteiden tiivistyksiin. K\u00e4ytet\u00e4\u00e4n tiivistyksiin rappujen ja sein\u00e4n, katon ja sein\u00e4n v\u00e4lille.\" \/>\n<meta property=\"og:url\" content=\"https:\/\/saumaustarvike.fi\/verkkokauppa\/kauppa\/tuotemerkit\/sika-tuotemerkit\/sikacryl-akryylimassat\/sikacryl-s-akryylipohjainen-tiivistysmassa-600ml-valkoinen\/\" \/>\n<meta property=\"og:site_name\" content=\"Saumaustarvike.fi\" \/>\n<meta property=\"article:publisher\" content=\"https:\/\/www.facebook.com\/Saumalaakso\" \/>\n<meta property=\"article:modified_time\" content=\"2024-09-02T07:09:11+00:00\" \/>\n<meta property=\"og:image\" content=\"https:\/\/saumaustarvike.fi\/verkkokauppa\/content\/uploads\/2014\/11\/saumaustarvike-Sikacryl-SAkryylipohjainen-massa-600ml.jpg\" \/>\n\t<meta property=\"og:image:width\" content=\"1000\" \/>\n\t<meta property=\"og:image:height\" content=\"1000\" \/>\n\t<meta property=\"og:image:type\" content=\"image\/jpeg\" \/>\n<meta name=\"twitter:label1\" content=\"Arvioitu lukuaika\" \/>\n\t<meta name=\"twitter:data1\" content=\"2 minuuttia\" \/>\n<script type=\"application\/ld+json\" class=\"yoast-schema-graph\">{\"@context\":\"https:\\\/\\\/schema.org\",\"@graph\":[{\"@type\":\"WebPage\",\"@id\":\"https:\\\/\\\/saumaustarvike.fi\\\/verkkokauppa\\\/kauppa\\\/tuotemerkit\\\/sika-tuotemerkit\\\/sikacryl-akryylimassat\\\/sikacryl-s-akryylipohjainen-tiivistysmassa-600ml-valkoinen\\\/\",\"url\":\"https:\\\/\\\/saumaustarvike.fi\\\/verkkokauppa\\\/kauppa\\\/tuotemerkit\\\/sika-tuotemerkit\\\/sikacryl-akryylimassat\\\/sikacryl-s-akryylipohjainen-tiivistysmassa-600ml-valkoinen\\\/\",\"name\":\"Sikacryl-S+ Akryylipohjainen massa 600ml - Saumaustarvike.fi\",\"isPartOf\":{\"@id\":\"https:\\\/\\\/saumaustarvike.fi\\\/verkkokauppa\\\/#website\"},\"primaryImageOfPage\":{\"@id\":\"https:\\\/\\\/saumaustarvike.fi\\\/verkkokauppa\\\/kauppa\\\/tuotemerkit\\\/sika-tuotemerkit\\\/sikacryl-akryylimassat\\\/sikacryl-s-akryylipohjainen-tiivistysmassa-600ml-valkoinen\\\/#primaryimage\"},\"image\":{\"@id\":\"https:\\\/\\\/saumaustarvike.fi\\\/verkkokauppa\\\/kauppa\\\/tuotemerkit\\\/sika-tuotemerkit\\\/sikacryl-akryylimassat\\\/sikacryl-s-akryylipohjainen-tiivistysmassa-600ml-valkoinen\\\/#primaryimage\"},\"thumbnailUrl\":\"https:\\\/\\\/saumaustarvike.fi\\\/verkkokauppa\\\/wp-content\\\/uploads\\\/2014\\\/11\\\/saumaustarvike-Sikacryl-SAkryylipohjainen-massa-600ml.jpg\",\"datePublished\":\"2014-11-30T09:48:07+00:00\",\"dateModified\":\"2024-09-02T07:09:11+00:00\",\"description\":\"Sikacryl-S+ tiivistysmassa sis\u00e4puolisiin ikkuna- ja ovipuitteiden tiivistyksiin. K\u00e4ytet\u00e4\u00e4n tiivistyksiin rappujen ja sein\u00e4n, katon ja sein\u00e4n v\u00e4lille.\",\"breadcrumb\":{\"@id\":\"https:\\\/\\\/saumaustarvike.fi\\\/verkkokauppa\\\/kauppa\\\/tuotemerkit\\\/sika-tuotemerkit\\\/sikacryl-akryylimassat\\\/sikacryl-s-akryylipohjainen-tiivistysmassa-600ml-valkoinen\\\/#breadcrumb\"},\"inLanguage\":\"fi\",\"potentialAction\":[{\"@type\":\"ReadAction\",\"target\":[\"https:\\\/\\\/saumaustarvike.fi\\\/verkkokauppa\\\/kauppa\\\/tuotemerkit\\\/sika-tuotemerkit\\\/sikacryl-akryylimassat\\\/sikacryl-s-akryylipohjainen-tiivistysmassa-600ml-valkoinen\\\/\"]}]},{\"@type\":\"ImageObject\",\"inLanguage\":\"fi\",\"@id\":\"https:\\\/\\\/saumaustarvike.fi\\\/verkkokauppa\\\/kauppa\\\/tuotemerkit\\\/sika-tuotemerkit\\\/sikacryl-akryylimassat\\\/sikacryl-s-akryylipohjainen-tiivistysmassa-600ml-valkoinen\\\/#primaryimage\",\"url\":\"https:\\\/\\\/saumaustarvike.fi\\\/verkkokauppa\\\/wp-content\\\/uploads\\\/2014\\\/11\\\/saumaustarvike-Sikacryl-SAkryylipohjainen-massa-600ml.jpg\",\"contentUrl\":\"https:\\\/\\\/saumaustarvike.fi\\\/verkkokauppa\\\/wp-content\\\/uploads\\\/2014\\\/11\\\/saumaustarvike-Sikacryl-SAkryylipohjainen-massa-600ml.jpg\",\"width\":1000,\"height\":1000},{\"@type\":\"BreadcrumbList\",\"@id\":\"https:\\\/\\\/saumaustarvike.fi\\\/verkkokauppa\\\/kauppa\\\/tuotemerkit\\\/sika-tuotemerkit\\\/sikacryl-akryylimassat\\\/sikacryl-s-akryylipohjainen-tiivistysmassa-600ml-valkoinen\\\/#breadcrumb\",\"itemListElement\":[{\"@type\":\"ListItem\",\"position\":1,\"name\":\"Home\",\"item\":\"https:\\\/\\\/saumaustarvike.fi\\\/verkkokauppa\\\/\"},{\"@type\":\"ListItem\",\"position\":2,\"name\":\"Saumausmassat, tarvikkeet ja ty\u00f6kalut\",\"item\":\"https:\\\/\\\/saumaustarvike.fi\\\/verkkokauppa\\\/kauppa\\\/\"},{\"@type\":\"ListItem\",\"position\":3,\"name\":\"Sikacryl-S+ Akryylipohjainen massa 600ml\"}]},{\"@type\":\"WebSite\",\"@id\":\"https:\\\/\\\/saumaustarvike.fi\\\/verkkokauppa\\\/#website\",\"url\":\"https:\\\/\\\/saumaustarvike.fi\\\/verkkokauppa\\\/\",\"name\":\"Saumaustarvike.fi\",\"description\":\"Saumausmassat, tarvikkeet ja ty&ouml;kalut\",\"publisher\":{\"@id\":\"https:\\\/\\\/saumaustarvike.fi\\\/verkkokauppa\\\/#organization\"},\"potentialAction\":[{\"@type\":\"SearchAction\",\"target\":{\"@type\":\"EntryPoint\",\"urlTemplate\":\"https:\\\/\\\/saumaustarvike.fi\\\/verkkokauppa\\\/?s={search_term_string}\"},\"query-input\":{\"@type\":\"PropertyValueSpecification\",\"valueRequired\":true,\"valueName\":\"search_term_string\"}}],\"inLanguage\":\"fi\"},{\"@type\":\"Organization\",\"@id\":\"https:\\\/\\\/saumaustarvike.fi\\\/verkkokauppa\\\/#organization\",\"name\":\"Saumaustarvike.fi\",\"url\":\"https:\\\/\\\/saumaustarvike.fi\\\/verkkokauppa\\\/\",\"logo\":{\"@type\":\"ImageObject\",\"inLanguage\":\"fi\",\"@id\":\"https:\\\/\\\/saumaustarvike.fi\\\/verkkokauppa\\\/#\\\/schema\\\/logo\\\/image\\\/\",\"url\":\"https:\\\/\\\/saumaustarvike.fi\\\/verkkokauppa\\\/wp-content\\\/uploads\\\/2019\\\/02\\\/logo.png\",\"contentUrl\":\"https:\\\/\\\/saumaustarvike.fi\\\/verkkokauppa\\\/wp-content\\\/uploads\\\/2019\\\/02\\\/logo.png\",\"width\":806,\"height\":150,\"caption\":\"Saumaustarvike.fi\"},\"image\":{\"@id\":\"https:\\\/\\\/saumaustarvike.fi\\\/verkkokauppa\\\/#\\\/schema\\\/logo\\\/image\\\/\"},\"sameAs\":[\"https:\\\/\\\/www.facebook.com\\\/Saumalaakso\"]}]}<\/script>\n<!-- \/ Yoast SEO plugin. -->","yoast_head_json":{"title":"Sikacryl-S+ Akryylipohjainen massa 600ml - Saumaustarvike.fi","description":"Sikacryl-S+ tiivistysmassa sis\u00e4puolisiin ikkuna- ja ovipuitteiden tiivistyksiin. K\u00e4ytet\u00e4\u00e4n tiivistyksiin rappujen ja sein\u00e4n, katon ja sein\u00e4n v\u00e4lille.","robots":{"index":"index","follow":"follow","max-snippet":"max-snippet:-1","max-image-preview":"max-image-preview:large","max-video-preview":"max-video-preview:-1"},"canonical":"https:\/\/saumaustarvike.fi\/verkkokauppa\/kauppa\/tuotemerkit\/sika-tuotemerkit\/sikacryl-akryylimassat\/sikacryl-s-akryylipohjainen-tiivistysmassa-600ml-valkoinen\/","og_locale":"fi_FI","og_type":"article","og_title":"Sikacryl-S+ Akryylipohjainen massa 600ml - Saumaustarvike.fi","og_description":"Sikacryl-S+ tiivistysmassa sis\u00e4puolisiin ikkuna- ja ovipuitteiden tiivistyksiin. K\u00e4ytet\u00e4\u00e4n tiivistyksiin rappujen ja sein\u00e4n, katon ja sein\u00e4n v\u00e4lille.","og_url":"https:\/\/saumaustarvike.fi\/verkkokauppa\/kauppa\/tuotemerkit\/sika-tuotemerkit\/sikacryl-akryylimassat\/sikacryl-s-akryylipohjainen-tiivistysmassa-600ml-valkoinen\/","og_site_name":"Saumaustarvike.fi","article_publisher":"https:\/\/www.facebook.com\/Saumalaakso","article_modified_time":"2024-09-02T07:09:11+00:00","og_image":[{"width":1000,"height":1000,"url":"https:\/\/saumaustarvike.fi\/verkkokauppa\/content\/uploads\/2014\/11\/saumaustarvike-Sikacryl-SAkryylipohjainen-massa-600ml.jpg","type":"image\/jpeg"}],"twitter_misc":{"Arvioitu lukuaika":"2 minuuttia"},"schema":{"@context":"https:\/\/schema.org","@graph":[{"@type":"WebPage","@id":"https:\/\/saumaustarvike.fi\/verkkokauppa\/kauppa\/tuotemerkit\/sika-tuotemerkit\/sikacryl-akryylimassat\/sikacryl-s-akryylipohjainen-tiivistysmassa-600ml-valkoinen\/","url":"https:\/\/saumaustarvike.fi\/verkkokauppa\/kauppa\/tuotemerkit\/sika-tuotemerkit\/sikacryl-akryylimassat\/sikacryl-s-akryylipohjainen-tiivistysmassa-600ml-valkoinen\/","name":"Sikacryl-S+ Akryylipohjainen massa 600ml - Saumaustarvike.fi","isPartOf":{"@id":"https:\/\/saumaustarvike.fi\/verkkokauppa\/#website"},"primaryImageOfPage":{"@id":"https:\/\/saumaustarvike.fi\/verkkokauppa\/kauppa\/tuotemerkit\/sika-tuotemerkit\/sikacryl-akryylimassat\/sikacryl-s-akryylipohjainen-tiivistysmassa-600ml-valkoinen\/#primaryimage"},"image":{"@id":"https:\/\/saumaustarvike.fi\/verkkokauppa\/kauppa\/tuotemerkit\/sika-tuotemerkit\/sikacryl-akryylimassat\/sikacryl-s-akryylipohjainen-tiivistysmassa-600ml-valkoinen\/#primaryimage"},"thumbnailUrl":"https:\/\/saumaustarvike.fi\/verkkokauppa\/wp-content\/uploads\/2014\/11\/saumaustarvike-Sikacryl-SAkryylipohjainen-massa-600ml.jpg","datePublished":"2014-11-30T09:48:07+00:00","dateModified":"2024-09-02T07:09:11+00:00","description":"Sikacryl-S+ tiivistysmassa sis\u00e4puolisiin ikkuna- ja ovipuitteiden tiivistyksiin. K\u00e4ytet\u00e4\u00e4n tiivistyksiin rappujen ja sein\u00e4n, katon ja sein\u00e4n v\u00e4lille.","breadcrumb":{"@id":"https:\/\/saumaustarvike.fi\/verkkokauppa\/kauppa\/tuotemerkit\/sika-tuotemerkit\/sikacryl-akryylimassat\/sikacryl-s-akryylipohjainen-tiivistysmassa-600ml-valkoinen\/#breadcrumb"},"inLanguage":"fi","potentialAction":[{"@type":"ReadAction","target":["https:\/\/saumaustarvike.fi\/verkkokauppa\/kauppa\/tuotemerkit\/sika-tuotemerkit\/sikacryl-akryylimassat\/sikacryl-s-akryylipohjainen-tiivistysmassa-600ml-valkoinen\/"]}]},{"@type":"ImageObject","inLanguage":"fi","@id":"https:\/\/saumaustarvike.fi\/verkkokauppa\/kauppa\/tuotemerkit\/sika-tuotemerkit\/sikacryl-akryylimassat\/sikacryl-s-akryylipohjainen-tiivistysmassa-600ml-valkoinen\/#primaryimage","url":"https:\/\/saumaustarvike.fi\/verkkokauppa\/wp-content\/uploads\/2014\/11\/saumaustarvike-Sikacryl-SAkryylipohjainen-massa-600ml.jpg","contentUrl":"https:\/\/saumaustarvike.fi\/verkkokauppa\/wp-content\/uploads\/2014\/11\/saumaustarvike-Sikacryl-SAkryylipohjainen-massa-600ml.jpg","width":1000,"height":1000},{"@type":"BreadcrumbList","@id":"https:\/\/saumaustarvike.fi\/verkkokauppa\/kauppa\/tuotemerkit\/sika-tuotemerkit\/sikacryl-akryylimassat\/sikacryl-s-akryylipohjainen-tiivistysmassa-600ml-valkoinen\/#breadcrumb","itemListElement":[{"@type":"ListItem","position":1,"name":"Home","item":"https:\/\/saumaustarvike.fi\/verkkokauppa\/"},{"@type":"ListItem","position":2,"name":"Saumausmassat, tarvikkeet ja ty\u00f6kalut","item":"https:\/\/saumaustarvike.fi\/verkkokauppa\/kauppa\/"},{"@type":"ListItem","position":3,"name":"Sikacryl-S+ Akryylipohjainen massa 600ml"}]},{"@type":"WebSite","@id":"https:\/\/saumaustarvike.fi\/verkkokauppa\/#website","url":"https:\/\/saumaustarvike.fi\/verkkokauppa\/","name":"Saumaustarvike.fi","description":"Saumausmassat, tarvikkeet ja ty&ouml;kalut","publisher":{"@id":"https:\/\/saumaustarvike.fi\/verkkokauppa\/#organization"},"potentialAction":[{"@type":"SearchAction","target":{"@type":"EntryPoint","urlTemplate":"https:\/\/saumaustarvike.fi\/verkkokauppa\/?s={search_term_string}"},"query-input":{"@type":"PropertyValueSpecification","valueRequired":true,"valueName":"search_term_string"}}],"inLanguage":"fi"},{"@type":"Organization","@id":"https:\/\/saumaustarvike.fi\/verkkokauppa\/#organization","name":"Saumaustarvike.fi","url":"https:\/\/saumaustarvike.fi\/verkkokauppa\/","logo":{"@type":"ImageObject","inLanguage":"fi","@id":"https:\/\/saumaustarvike.fi\/verkkokauppa\/#\/schema\/logo\/image\/","url":"https:\/\/saumaustarvike.fi\/verkkokauppa\/wp-content\/uploads\/2019\/02\/logo.png","contentUrl":"https:\/\/saumaustarvike.fi\/verkkokauppa\/wp-content\/uploads\/2019\/02\/logo.png","width":806,"height":150,"caption":"Saumaustarvike.fi"},"image":{"@id":"https:\/\/saumaustarvike.fi\/verkkokauppa\/#\/schema\/logo\/image\/"},"sameAs":["https:\/\/www.facebook.com\/Saumalaakso"]}]}},"jetpack_sharing_enabled":true,"_links":{"self":[{"href":"https:\/\/saumaustarvike.fi\/verkkokauppa\/wp-json\/wp\/v2\/product\/5707","targetHints":{"allow":["GET"]}}],"collection":[{"href":"https:\/\/saumaustarvike.fi\/verkkokauppa\/wp-json\/wp\/v2\/product"}],"about":[{"href":"https:\/\/saumaustarvike.fi\/verkkokauppa\/wp-json\/wp\/v2\/types\/product"}],"replies":[{"embeddable":true,"href":"https:\/\/saumaustarvike.fi\/verkkokauppa\/wp-json\/wp\/v2\/comments?post=5707"}],"wp:featuredmedia":[{"embeddable":true,"href":"https:\/\/saumaustarvike.fi\/verkkokauppa\/wp-json\/wp\/v2\/media\/16355"}],"wp:attachment":[{"href":"https:\/\/saumaustarvike.fi\/verkkokauppa\/wp-json\/wp\/v2\/media?parent=5707"}],"wp:term":[{"taxonomy":"product_cat","embeddable":true,"href":"https:\/\/saumaustarvike.fi\/verkkokauppa\/wp-json\/wp\/v2\/product_cat?post=5707"},{"taxonomy":"product_tag","embeddable":true,"href":"https:\/\/saumaustarvike.fi\/verkkokauppa\/wp-json\/wp\/v2\/product_tag?post=5707"}],"curies":[{"name":"wp","href":"https:\/\/api.w.org\/{rel}","templated":true}]}}