{"id":6030,"date":"2014-11-30T23:01:38","date_gmt":"2014-11-30T21:01:38","guid":{"rendered":"https:\/\/saumaustarvike.fi\/verkkokauppa\/kauppa\/julkisivumassat\/sikaflex-11fc-icure-liimamassa-300ml\/"},"modified":"2025-11-04T11:53:19","modified_gmt":"2025-11-04T09:53:19","slug":"sikaflex-11fc-purfom-liimamassa-300ml","status":"publish","type":"product","link":"https:\/\/saumaustarvike.fi\/verkkokauppa\/kauppa\/tuotemerkit\/sika-tuotemerkit\/sikaflex-sikahyflex-saumausmassat-ja-liimat-sika-tuotemerkit\/sikaflex-11fc-purfom-liimamassa-300ml\/","title":{"rendered":"Sikaflex 11FC Purfom liimamassa 300ml"},"content":{"rendered":"<h1>Sikaflex 11FC Purfom liimamassa 300ml<\/h1>\n<p>Sikaflex\u00ae-11 FC Purform\u00ae on 1-osainen kosteuskovettuva elastinen liima- ja tiivistemassa. Sit\u00e4 k\u00e4ytet\u00e4\u00e4n sis\u00e4- ja ulkotilojen monik\u00e4ytt\u00f6iseen liimaukseen ja liitosten tiivist\u00e4miseen\/saumaamiseen. Sill\u00e4 on hyv\u00e4 ja kest\u00e4v\u00e4 tarttuvuus useimpiin rakennusmateriaaleihin<\/p>\n<h3>K\u00e4ytt\u00f6<\/h3>\n<p>Tuote soveltuu sis\u00e4- ja ulkok\u00e4ytt\u00f6\u00f6n ja on monipuolinen tuote k\u00e4ytett\u00e4v\u00e4ksi kaikkialla rakentamisessa, kun tarvitaan kulutusta kest\u00e4v\u00e4\u00e4 ja elastista saumausta tai liimausta. Se soveltuu pysty- ja vaakasuoriin saumauksiin ja tiivistyksiin. L\u00e4pivientien tiivistyksiin ja saumauksiin, puun ja metallien saumauksiin, ilmastointiputkistoihin jne. Liimana sit\u00e4 k\u00e4ytet\u00e4\u00e4n mm. vesipeltien, kynnysten, askelmien, jalkalistojen, laattojen, potkupeltien ja esivalmistettujen tuotteiden liimaukseen.<\/p>\n<p>Soveltuu moneen eri tartuntapintaan, kuten:<br \/>\n\u25aa Betoni<br \/>\n\u25aa Muuraukset<br \/>\n\u25aa Luonnonkiviharkko tai betonikivi<br \/>\n\u25aa Keramiikka<br \/>\n\u25aa Puu<br \/>\n\u25aa Metalli<br \/>\n\u25aa Lasi<\/p>\n<h3>Edut\/Ominaisuudet<\/h3>\n<ul>\n<li>Liikkumiskyky \u00b1 25 %<\/li>\n<li>Helppo ty\u00f6st\u00e4\u00e4 ja valumaton <\/li>\n<li>Tarttuu hyvin useimpiin rakennusmateriaalihin <\/li>\n<li>Hyv\u00e4 mekaaninen ja s\u00e4\u00e4nkest\u00e4vyys <\/li>\n<li>Hyvin matala monomeeripitoisuus <\/li>\n<li>Ei vaadi koulutusta di-isosanaattien turvallisesta k\u00e4yt\u00f6st\u00e4 (REACH) <\/li>\n<li>Liima-tiiviste CE-merkill\u00e4<\/li>\n<\/ul>\n<h3>V\u00e4ri<\/h3>\n<p>valkoinen<br \/>\nharmaa<br \/>\nmusta<br \/>\nruskea<br \/>\nbeige<\/p>\n<h3>Pakkaus<\/h3>\n<p>300 ml patruuna<\/p>\n","protected":false},"excerpt":{"rendered":"<p> Sikaflex\u00ae-11 FC Purform\u00ae on 1-osainen kosteuskovettuva elastinen liima- ja tiivistemassa. Sit\u00e4 k\u00e4ytet\u00e4\u00e4n sis\u00e4- ja ulkotilojen monik\u00e4ytt\u00f6iseen liimaukseen ja liitosten tiivist\u00e4miseen\/saumaamiseen.<\/p>\n","protected":false},"featured_media":16363,"comment_status":"open","ping_status":"closed","template":"","meta":{"_acf_changed":false},"product_cat":[1776,1907,1961,1840,1796,1856,1939,1824,1857,1940,1825,1777,1814,1999,1908,1962,1841,1797,1858,1941,1963,1964,1826,1778,1859,1942,1909,1842,1798,1910,1843,1799,1965,1827,1779,1860,1943,1861,1944,1911,1844,1800,1828,1780,1829,1781,1862,1945,1912,1966,1845,1801,1830,1782,1863,1946,1913,1967,1846,1802,1803,1804,1831,1817,1783,1864,1947,2002,1914,1969,1847,1915,1848,1805,1832,1784,1865,1948,1785,1866,1949,1970,1916,1849,1818,1806,1833,2003,1834,1971,1850,1917,1807,1808,1787,1868,1951,1835,1972,1851,1918,1791,1548,1869,1952,1852,1919,1809,1836,1870,1953,1973,1810,1788,1598,1853,1920,1837,1974,1792,1854,1921,1790,1811,1871,1954,1838,1812,1872,1955,1839,1975,1794,1855,1922,1553],"product_tag":[133,121,110,76,31,81,73,79],"class_list":{"0":"post-6030","1":"product","2":"type-product","3":"status-publish","4":"has-post-thumbnail","6":"product_brand-sika","7":"product_cat-pvp-alumiini","8":"product_cat-hlr-alumiini","9":"product_cat-hil-alumiini","10":"product_cat-ksk-alumiini","11":"product_cat-kkt-alumiini","12":"product_cat-klv-alumiini","13":"product_cat-hlv-alumiini","14":"product_cat-klr-alumiini","15":"product_cat-klv-betoni","16":"product_cat-hlv-betoni","17":"product_cat-klr-betoni","18":"product_cat-pvp-betoni","19":"product_cat-kta-betoni","20":"product_cat-khla-betoni","21":"product_cat-hlr-betoni","22":"product_cat-hil-betoni","23":"product_cat-ksk-betoni","24":"product_cat-kkt-betoni","25":"product_cat-klv-eristelevy","26":"product_cat-hlv-eristelevy","27":"product_cat-hil-eristelevy","28":"product_cat-hil-harkko","29":"product_cat-klr-harkko","30":"product_cat-pvp-harkko","31":"product_cat-klv-harkko","32":"product_cat-hlv-harkko","33":"product_cat-hlr-harkko","34":"product_cat-ksk-harkko","35":"product_cat-kkt-harkko","36":"product_cat-hlr-kevytbetoni","37":"product_cat-ksk-kevytbetoni","38":"product_cat-kkt-kevytbetoni","39":"product_cat-hil-kevytbetoni","40":"product_cat-klr-kevytbetoni","41":"product_cat-pvp-kevytbetoni","42":"product_cat-klv-kevytbetoni","43":"product_cat-hlv-kevytbetoni","44":"product_cat-klv-kipsilevy","45":"product_cat-hlv-kipsilevy","46":"product_cat-hlr-kipsilevy","47":"product_cat-ksk-kipsilevy","48":"product_cat-kkt-kipsilevy","49":"product_cat-klr-kipsilevy","50":"product_cat-pvp-kipsilevy","51":"product_cat-klr-komposiitti","52":"product_cat-pvp-komposiitti","53":"product_cat-klv-komposiitti","54":"product_cat-hlv-komposiitti","55":"product_cat-hlr-komposiitti","56":"product_cat-hil-komposiitti","57":"product_cat-ksk-komposiitti","58":"product_cat-kkt-komposiitti","59":"product_cat-klr-laatta","60":"product_cat-pvp-laatta","61":"product_cat-klv-laatta","62":"product_cat-hlv-laatta","63":"product_cat-hlr-laatta","64":"product_cat-hil-laatta","65":"product_cat-ksk-laatta","66":"product_cat-kkt-laatta","67":"product_cat-kkt-lasi","68":"product_cat-kkt-luonnonkivi","69":"product_cat-klr-luonnonkivi","70":"product_cat-kta-luonnonkivi","71":"product_cat-pvp-luonnonkivi","72":"product_cat-klv-luonnonkivi","73":"product_cat-hlv-luonnonkivi","74":"product_cat-khla-luonnonkivi","75":"product_cat-hlr-luonnonkivi","76":"product_cat-hil-luonnonkivi","77":"product_cat-ksk-luonnonkivi","78":"product_cat-hlr-maalattu-pinta","79":"product_cat-ksk-maalattu-pinta","80":"product_cat-kkt-maalattu-pinta","81":"product_cat-klr-maalattu-pinta","82":"product_cat-pvp-maalattu-pinta","83":"product_cat-klv-maalattu-pinta","84":"product_cat-hlv-maalattu-pinta","85":"product_cat-pvp-marmori","86":"product_cat-klv-marmori","87":"product_cat-hlv-marmori","88":"product_cat-hil-marmori","89":"product_cat-hlr-marmori","90":"product_cat-ksk-marmori","91":"product_cat-kta-marmori","92":"product_cat-kkt-marmori","93":"product_cat-klr-marmori","94":"product_cat-khla-marmori","95":"product_cat-klr-muovi","96":"product_cat-hil-muovi","97":"product_cat-ksk-muovi","98":"product_cat-hlr-muovi","99":"product_cat-kkt-muovi","100":"product_cat-kkt-pelti","101":"product_cat-pvp-pelti","102":"product_cat-klv-pelti","103":"product_cat-hlv-pelti","104":"product_cat-klr-pelti","105":"product_cat-hil-pelti","106":"product_cat-ksk-pelti","107":"product_cat-hlr-pelti","108":"product_cat-kk-pelti","109":"product_cat-polyuretaanipohjaiset","110":"product_cat-klv-putkieriste","111":"product_cat-hlv-putkieriste","112":"product_cat-ksk-puu","113":"product_cat-hlr-puu","114":"product_cat-kkt-puu","115":"product_cat-klr-puu","116":"product_cat-klv-puu","117":"product_cat-hlv-puu","118":"product_cat-hil-puu","119":"product_cat-kkt-rosteri","120":"product_cat-pvp-sementtirappaus","121":"product_cat-sikaflex-sikahyflex-saumausmassat-ja-liimat-sika-tuotemerkit","122":"product_cat-ksk-stryrox","123":"product_cat-hlr-stryrox","124":"product_cat-klr-stryrox","125":"product_cat-hil-teras","126":"product_cat-kk-teras","127":"product_cat-ksk-teras","128":"product_cat-hlr-teras","129":"product_cat-pvp-teras","130":"product_cat-kkt-teras","131":"product_cat-klv-teras","132":"product_cat-hlv-teras","133":"product_cat-klr-teras","134":"product_cat-kkt-tiili","135":"product_cat-klv-tiili","136":"product_cat-hlv-tiili","137":"product_cat-klr-tiili","138":"product_cat-hil-tiili","139":"product_cat-kk-tiili","140":"product_cat-ksk-tiili","141":"product_cat-hlr-tiili","142":"product_cat-tiivistys-tuotteet","143":"product_tag-julkisivumassa","144":"product_tag-liima","145":"product_tag-liimamassa-2","146":"product_tag-saumaus","147":"product_tag-saumausmassat","148":"product_tag-sika-2","149":"product_tag-sikaflex","150":"product_tag-tiiviste","151":"pa_vari-beige","152":"pa_vari-musta","153":"pa_vari-ruskea","154":"pa_vari-vaaleanharmaa","155":"pa_vari-valkoinen","157":"first","158":"onbackorder","159":"taxable","160":"shipping-taxable","161":"purchasable","162":"product-type-variable"},"acf":[],"yoast_head":"<!-- This site is optimized with the Yoast SEO plugin v27.3 - https:\/\/yoast.com\/product\/yoast-seo-wordpress\/ -->\n<title>Sikaflex 11FC Purfom liimamassa 300ml - Saumaustarvike.fi<\/title>\n<meta name=\"description\" content=\"Sikaflex\u00ae-11 FC Purform\u00ae on 1-osainen kosteuskovettuva elastinen liima- ja tiivistemassa. Sit\u00e4 k\u00e4ytet\u00e4\u00e4n sis\u00e4- ja ulkotilojen monik\u00e4ytt\u00f6iseen liimaukseen ja liitosten tiivist\u00e4miseen\/saumaamiseen. Sill\u00e4 on hyv\u00e4 ja kest\u00e4v\u00e4 tarttuvuus useimpiin rakennusmateriaaleihin.\" \/>\n<meta name=\"robots\" content=\"index, follow, max-snippet:-1, max-image-preview:large, max-video-preview:-1\" \/>\n<link rel=\"canonical\" href=\"https:\/\/saumaustarvike.fi\/verkkokauppa\/kauppa\/tuotemerkit\/sika-tuotemerkit\/sikaflex-sikahyflex-saumausmassat-ja-liimat-sika-tuotemerkit\/sikaflex-11fc-purfom-liimamassa-300ml\/\" \/>\n<meta property=\"og:locale\" content=\"fi_FI\" \/>\n<meta property=\"og:type\" content=\"article\" \/>\n<meta property=\"og:title\" content=\"Sikaflex 11FC Purfom liimamassa 300ml - Saumaustarvike.fi\" \/>\n<meta property=\"og:description\" content=\"Sikaflex\u00ae-11 FC Purform\u00ae on 1-osainen kosteuskovettuva elastinen liima- ja tiivistemassa. Sit\u00e4 k\u00e4ytet\u00e4\u00e4n sis\u00e4- ja ulkotilojen monik\u00e4ytt\u00f6iseen liimaukseen ja liitosten tiivist\u00e4miseen\/saumaamiseen. Sill\u00e4 on hyv\u00e4 ja kest\u00e4v\u00e4 tarttuvuus useimpiin rakennusmateriaaleihin.\" \/>\n<meta property=\"og:url\" content=\"https:\/\/saumaustarvike.fi\/verkkokauppa\/kauppa\/tuotemerkit\/sika-tuotemerkit\/sikaflex-sikahyflex-saumausmassat-ja-liimat-sika-tuotemerkit\/sikaflex-11fc-purfom-liimamassa-300ml\/\" \/>\n<meta property=\"og:site_name\" content=\"Saumaustarvike.fi\" \/>\n<meta property=\"article:publisher\" content=\"https:\/\/www.facebook.com\/Saumalaakso\" \/>\n<meta property=\"article:modified_time\" content=\"2025-11-04T09:53:19+00:00\" \/>\n<meta property=\"og:image\" content=\"https:\/\/saumaustarvike.fi\/verkkokauppa\/wp-content\/uploads\/2014\/11\/saumaustarvike-Sikaflex-11FCiCure-liimamassa-300ml-.jpg\" \/>\n\t<meta property=\"og:image:width\" content=\"1000\" \/>\n\t<meta property=\"og:image:height\" content=\"1000\" \/>\n\t<meta property=\"og:image:type\" content=\"image\/jpeg\" \/>\n<meta name=\"twitter:label1\" content=\"Arvioitu lukuaika\" \/>\n\t<meta name=\"twitter:data1\" content=\"2 minuuttia\" \/>\n<script type=\"application\/ld+json\" class=\"yoast-schema-graph\">{\"@context\":\"https:\\\/\\\/schema.org\",\"@graph\":[{\"@type\":\"WebPage\",\"@id\":\"https:\\\/\\\/saumaustarvike.fi\\\/verkkokauppa\\\/kauppa\\\/tuotemerkit\\\/sika-tuotemerkit\\\/sikaflex-sikahyflex-saumausmassat-ja-liimat-sika-tuotemerkit\\\/sikaflex-11fc-purfom-liimamassa-300ml\\\/\",\"url\":\"https:\\\/\\\/saumaustarvike.fi\\\/verkkokauppa\\\/kauppa\\\/tuotemerkit\\\/sika-tuotemerkit\\\/sikaflex-sikahyflex-saumausmassat-ja-liimat-sika-tuotemerkit\\\/sikaflex-11fc-purfom-liimamassa-300ml\\\/\",\"name\":\"Sikaflex 11FC Purfom liimamassa 300ml - Saumaustarvike.fi\",\"isPartOf\":{\"@id\":\"https:\\\/\\\/saumaustarvike.fi\\\/verkkokauppa\\\/#website\"},\"primaryImageOfPage\":{\"@id\":\"https:\\\/\\\/saumaustarvike.fi\\\/verkkokauppa\\\/kauppa\\\/tuotemerkit\\\/sika-tuotemerkit\\\/sikaflex-sikahyflex-saumausmassat-ja-liimat-sika-tuotemerkit\\\/sikaflex-11fc-purfom-liimamassa-300ml\\\/#primaryimage\"},\"image\":{\"@id\":\"https:\\\/\\\/saumaustarvike.fi\\\/verkkokauppa\\\/kauppa\\\/tuotemerkit\\\/sika-tuotemerkit\\\/sikaflex-sikahyflex-saumausmassat-ja-liimat-sika-tuotemerkit\\\/sikaflex-11fc-purfom-liimamassa-300ml\\\/#primaryimage\"},\"thumbnailUrl\":\"https:\\\/\\\/saumaustarvike.fi\\\/verkkokauppa\\\/wp-content\\\/uploads\\\/2014\\\/11\\\/saumaustarvike-Sikaflex-11FCiCure-liimamassa-300ml-.jpg\",\"datePublished\":\"2014-11-30T21:01:38+00:00\",\"dateModified\":\"2025-11-04T09:53:19+00:00\",\"description\":\"Sikaflex\u00ae-11 FC Purform\u00ae on 1-osainen kosteuskovettuva elastinen liima- ja tiivistemassa. Sit\u00e4 k\u00e4ytet\u00e4\u00e4n sis\u00e4- ja ulkotilojen monik\u00e4ytt\u00f6iseen liimaukseen ja liitosten tiivist\u00e4miseen\\\/saumaamiseen. Sill\u00e4 on hyv\u00e4 ja kest\u00e4v\u00e4 tarttuvuus useimpiin rakennusmateriaaleihin.\",\"breadcrumb\":{\"@id\":\"https:\\\/\\\/saumaustarvike.fi\\\/verkkokauppa\\\/kauppa\\\/tuotemerkit\\\/sika-tuotemerkit\\\/sikaflex-sikahyflex-saumausmassat-ja-liimat-sika-tuotemerkit\\\/sikaflex-11fc-purfom-liimamassa-300ml\\\/#breadcrumb\"},\"inLanguage\":\"fi\",\"potentialAction\":[{\"@type\":\"ReadAction\",\"target\":[\"https:\\\/\\\/saumaustarvike.fi\\\/verkkokauppa\\\/kauppa\\\/tuotemerkit\\\/sika-tuotemerkit\\\/sikaflex-sikahyflex-saumausmassat-ja-liimat-sika-tuotemerkit\\\/sikaflex-11fc-purfom-liimamassa-300ml\\\/\"]}]},{\"@type\":\"ImageObject\",\"inLanguage\":\"fi\",\"@id\":\"https:\\\/\\\/saumaustarvike.fi\\\/verkkokauppa\\\/kauppa\\\/tuotemerkit\\\/sika-tuotemerkit\\\/sikaflex-sikahyflex-saumausmassat-ja-liimat-sika-tuotemerkit\\\/sikaflex-11fc-purfom-liimamassa-300ml\\\/#primaryimage\",\"url\":\"https:\\\/\\\/saumaustarvike.fi\\\/verkkokauppa\\\/wp-content\\\/uploads\\\/2014\\\/11\\\/saumaustarvike-Sikaflex-11FCiCure-liimamassa-300ml-.jpg\",\"contentUrl\":\"https:\\\/\\\/saumaustarvike.fi\\\/verkkokauppa\\\/wp-content\\\/uploads\\\/2014\\\/11\\\/saumaustarvike-Sikaflex-11FCiCure-liimamassa-300ml-.jpg\",\"width\":1000,\"height\":1000},{\"@type\":\"BreadcrumbList\",\"@id\":\"https:\\\/\\\/saumaustarvike.fi\\\/verkkokauppa\\\/kauppa\\\/tuotemerkit\\\/sika-tuotemerkit\\\/sikaflex-sikahyflex-saumausmassat-ja-liimat-sika-tuotemerkit\\\/sikaflex-11fc-purfom-liimamassa-300ml\\\/#breadcrumb\",\"itemListElement\":[{\"@type\":\"ListItem\",\"position\":1,\"name\":\"Home\",\"item\":\"https:\\\/\\\/saumaustarvike.fi\\\/verkkokauppa\\\/\"},{\"@type\":\"ListItem\",\"position\":2,\"name\":\"Saumausmassat, tarvikkeet ja ty\u00f6kalut\",\"item\":\"https:\\\/\\\/saumaustarvike.fi\\\/verkkokauppa\\\/kauppa\\\/\"},{\"@type\":\"ListItem\",\"position\":3,\"name\":\"Sikaflex 11FC Purfom liimamassa 300ml\"}]},{\"@type\":\"WebSite\",\"@id\":\"https:\\\/\\\/saumaustarvike.fi\\\/verkkokauppa\\\/#website\",\"url\":\"https:\\\/\\\/saumaustarvike.fi\\\/verkkokauppa\\\/\",\"name\":\"Saumaustarvike.fi\",\"description\":\"Saumausmassat, tarvikkeet ja ty&ouml;kalut\",\"publisher\":{\"@id\":\"https:\\\/\\\/saumaustarvike.fi\\\/verkkokauppa\\\/#organization\"},\"potentialAction\":[{\"@type\":\"SearchAction\",\"target\":{\"@type\":\"EntryPoint\",\"urlTemplate\":\"https:\\\/\\\/saumaustarvike.fi\\\/verkkokauppa\\\/?s={search_term_string}\"},\"query-input\":{\"@type\":\"PropertyValueSpecification\",\"valueRequired\":true,\"valueName\":\"search_term_string\"}}],\"inLanguage\":\"fi\"},{\"@type\":\"Organization\",\"@id\":\"https:\\\/\\\/saumaustarvike.fi\\\/verkkokauppa\\\/#organization\",\"name\":\"Saumaustarvike.fi\",\"url\":\"https:\\\/\\\/saumaustarvike.fi\\\/verkkokauppa\\\/\",\"logo\":{\"@type\":\"ImageObject\",\"inLanguage\":\"fi\",\"@id\":\"https:\\\/\\\/saumaustarvike.fi\\\/verkkokauppa\\\/#\\\/schema\\\/logo\\\/image\\\/\",\"url\":\"https:\\\/\\\/saumaustarvike.fi\\\/verkkokauppa\\\/wp-content\\\/uploads\\\/2019\\\/02\\\/logo.png\",\"contentUrl\":\"https:\\\/\\\/saumaustarvike.fi\\\/verkkokauppa\\\/wp-content\\\/uploads\\\/2019\\\/02\\\/logo.png\",\"width\":806,\"height\":150,\"caption\":\"Saumaustarvike.fi\"},\"image\":{\"@id\":\"https:\\\/\\\/saumaustarvike.fi\\\/verkkokauppa\\\/#\\\/schema\\\/logo\\\/image\\\/\"},\"sameAs\":[\"https:\\\/\\\/www.facebook.com\\\/Saumalaakso\"]}]}<\/script>\n<!-- \/ Yoast SEO plugin. -->","yoast_head_json":{"title":"Sikaflex 11FC Purfom liimamassa 300ml - Saumaustarvike.fi","description":"Sikaflex\u00ae-11 FC Purform\u00ae on 1-osainen kosteuskovettuva elastinen liima- ja tiivistemassa. Sit\u00e4 k\u00e4ytet\u00e4\u00e4n sis\u00e4- ja ulkotilojen monik\u00e4ytt\u00f6iseen liimaukseen ja liitosten tiivist\u00e4miseen\/saumaamiseen. Sill\u00e4 on hyv\u00e4 ja kest\u00e4v\u00e4 tarttuvuus useimpiin rakennusmateriaaleihin.","robots":{"index":"index","follow":"follow","max-snippet":"max-snippet:-1","max-image-preview":"max-image-preview:large","max-video-preview":"max-video-preview:-1"},"canonical":"https:\/\/saumaustarvike.fi\/verkkokauppa\/kauppa\/tuotemerkit\/sika-tuotemerkit\/sikaflex-sikahyflex-saumausmassat-ja-liimat-sika-tuotemerkit\/sikaflex-11fc-purfom-liimamassa-300ml\/","og_locale":"fi_FI","og_type":"article","og_title":"Sikaflex 11FC Purfom liimamassa 300ml - Saumaustarvike.fi","og_description":"Sikaflex\u00ae-11 FC Purform\u00ae on 1-osainen kosteuskovettuva elastinen liima- ja tiivistemassa. Sit\u00e4 k\u00e4ytet\u00e4\u00e4n sis\u00e4- ja ulkotilojen monik\u00e4ytt\u00f6iseen liimaukseen ja liitosten tiivist\u00e4miseen\/saumaamiseen. Sill\u00e4 on hyv\u00e4 ja kest\u00e4v\u00e4 tarttuvuus useimpiin rakennusmateriaaleihin.","og_url":"https:\/\/saumaustarvike.fi\/verkkokauppa\/kauppa\/tuotemerkit\/sika-tuotemerkit\/sikaflex-sikahyflex-saumausmassat-ja-liimat-sika-tuotemerkit\/sikaflex-11fc-purfom-liimamassa-300ml\/","og_site_name":"Saumaustarvike.fi","article_publisher":"https:\/\/www.facebook.com\/Saumalaakso","article_modified_time":"2025-11-04T09:53:19+00:00","og_image":[{"width":1000,"height":1000,"url":"https:\/\/saumaustarvike.fi\/verkkokauppa\/wp-content\/uploads\/2014\/11\/saumaustarvike-Sikaflex-11FCiCure-liimamassa-300ml-.jpg","type":"image\/jpeg"}],"twitter_misc":{"Arvioitu lukuaika":"2 minuuttia"},"schema":{"@context":"https:\/\/schema.org","@graph":[{"@type":"WebPage","@id":"https:\/\/saumaustarvike.fi\/verkkokauppa\/kauppa\/tuotemerkit\/sika-tuotemerkit\/sikaflex-sikahyflex-saumausmassat-ja-liimat-sika-tuotemerkit\/sikaflex-11fc-purfom-liimamassa-300ml\/","url":"https:\/\/saumaustarvike.fi\/verkkokauppa\/kauppa\/tuotemerkit\/sika-tuotemerkit\/sikaflex-sikahyflex-saumausmassat-ja-liimat-sika-tuotemerkit\/sikaflex-11fc-purfom-liimamassa-300ml\/","name":"Sikaflex 11FC Purfom liimamassa 300ml - Saumaustarvike.fi","isPartOf":{"@id":"https:\/\/saumaustarvike.fi\/verkkokauppa\/#website"},"primaryImageOfPage":{"@id":"https:\/\/saumaustarvike.fi\/verkkokauppa\/kauppa\/tuotemerkit\/sika-tuotemerkit\/sikaflex-sikahyflex-saumausmassat-ja-liimat-sika-tuotemerkit\/sikaflex-11fc-purfom-liimamassa-300ml\/#primaryimage"},"image":{"@id":"https:\/\/saumaustarvike.fi\/verkkokauppa\/kauppa\/tuotemerkit\/sika-tuotemerkit\/sikaflex-sikahyflex-saumausmassat-ja-liimat-sika-tuotemerkit\/sikaflex-11fc-purfom-liimamassa-300ml\/#primaryimage"},"thumbnailUrl":"https:\/\/saumaustarvike.fi\/verkkokauppa\/wp-content\/uploads\/2014\/11\/saumaustarvike-Sikaflex-11FCiCure-liimamassa-300ml-.jpg","datePublished":"2014-11-30T21:01:38+00:00","dateModified":"2025-11-04T09:53:19+00:00","description":"Sikaflex\u00ae-11 FC Purform\u00ae on 1-osainen kosteuskovettuva elastinen liima- ja tiivistemassa. Sit\u00e4 k\u00e4ytet\u00e4\u00e4n sis\u00e4- ja ulkotilojen monik\u00e4ytt\u00f6iseen liimaukseen ja liitosten tiivist\u00e4miseen\/saumaamiseen. Sill\u00e4 on hyv\u00e4 ja kest\u00e4v\u00e4 tarttuvuus useimpiin rakennusmateriaaleihin.","breadcrumb":{"@id":"https:\/\/saumaustarvike.fi\/verkkokauppa\/kauppa\/tuotemerkit\/sika-tuotemerkit\/sikaflex-sikahyflex-saumausmassat-ja-liimat-sika-tuotemerkit\/sikaflex-11fc-purfom-liimamassa-300ml\/#breadcrumb"},"inLanguage":"fi","potentialAction":[{"@type":"ReadAction","target":["https:\/\/saumaustarvike.fi\/verkkokauppa\/kauppa\/tuotemerkit\/sika-tuotemerkit\/sikaflex-sikahyflex-saumausmassat-ja-liimat-sika-tuotemerkit\/sikaflex-11fc-purfom-liimamassa-300ml\/"]}]},{"@type":"ImageObject","inLanguage":"fi","@id":"https:\/\/saumaustarvike.fi\/verkkokauppa\/kauppa\/tuotemerkit\/sika-tuotemerkit\/sikaflex-sikahyflex-saumausmassat-ja-liimat-sika-tuotemerkit\/sikaflex-11fc-purfom-liimamassa-300ml\/#primaryimage","url":"https:\/\/saumaustarvike.fi\/verkkokauppa\/wp-content\/uploads\/2014\/11\/saumaustarvike-Sikaflex-11FCiCure-liimamassa-300ml-.jpg","contentUrl":"https:\/\/saumaustarvike.fi\/verkkokauppa\/wp-content\/uploads\/2014\/11\/saumaustarvike-Sikaflex-11FCiCure-liimamassa-300ml-.jpg","width":1000,"height":1000},{"@type":"BreadcrumbList","@id":"https:\/\/saumaustarvike.fi\/verkkokauppa\/kauppa\/tuotemerkit\/sika-tuotemerkit\/sikaflex-sikahyflex-saumausmassat-ja-liimat-sika-tuotemerkit\/sikaflex-11fc-purfom-liimamassa-300ml\/#breadcrumb","itemListElement":[{"@type":"ListItem","position":1,"name":"Home","item":"https:\/\/saumaustarvike.fi\/verkkokauppa\/"},{"@type":"ListItem","position":2,"name":"Saumausmassat, tarvikkeet ja ty\u00f6kalut","item":"https:\/\/saumaustarvike.fi\/verkkokauppa\/kauppa\/"},{"@type":"ListItem","position":3,"name":"Sikaflex 11FC Purfom liimamassa 300ml"}]},{"@type":"WebSite","@id":"https:\/\/saumaustarvike.fi\/verkkokauppa\/#website","url":"https:\/\/saumaustarvike.fi\/verkkokauppa\/","name":"Saumaustarvike.fi","description":"Saumausmassat, tarvikkeet ja ty&ouml;kalut","publisher":{"@id":"https:\/\/saumaustarvike.fi\/verkkokauppa\/#organization"},"potentialAction":[{"@type":"SearchAction","target":{"@type":"EntryPoint","urlTemplate":"https:\/\/saumaustarvike.fi\/verkkokauppa\/?s={search_term_string}"},"query-input":{"@type":"PropertyValueSpecification","valueRequired":true,"valueName":"search_term_string"}}],"inLanguage":"fi"},{"@type":"Organization","@id":"https:\/\/saumaustarvike.fi\/verkkokauppa\/#organization","name":"Saumaustarvike.fi","url":"https:\/\/saumaustarvike.fi\/verkkokauppa\/","logo":{"@type":"ImageObject","inLanguage":"fi","@id":"https:\/\/saumaustarvike.fi\/verkkokauppa\/#\/schema\/logo\/image\/","url":"https:\/\/saumaustarvike.fi\/verkkokauppa\/wp-content\/uploads\/2019\/02\/logo.png","contentUrl":"https:\/\/saumaustarvike.fi\/verkkokauppa\/wp-content\/uploads\/2019\/02\/logo.png","width":806,"height":150,"caption":"Saumaustarvike.fi"},"image":{"@id":"https:\/\/saumaustarvike.fi\/verkkokauppa\/#\/schema\/logo\/image\/"},"sameAs":["https:\/\/www.facebook.com\/Saumalaakso"]}]}},"jetpack_sharing_enabled":true,"_links":{"self":[{"href":"https:\/\/saumaustarvike.fi\/verkkokauppa\/wp-json\/wp\/v2\/product\/6030","targetHints":{"allow":["GET"]}}],"collection":[{"href":"https:\/\/saumaustarvike.fi\/verkkokauppa\/wp-json\/wp\/v2\/product"}],"about":[{"href":"https:\/\/saumaustarvike.fi\/verkkokauppa\/wp-json\/wp\/v2\/types\/product"}],"replies":[{"embeddable":true,"href":"https:\/\/saumaustarvike.fi\/verkkokauppa\/wp-json\/wp\/v2\/comments?post=6030"}],"wp:featuredmedia":[{"embeddable":true,"href":"https:\/\/saumaustarvike.fi\/verkkokauppa\/wp-json\/wp\/v2\/media\/16363"}],"wp:attachment":[{"href":"https:\/\/saumaustarvike.fi\/verkkokauppa\/wp-json\/wp\/v2\/media?parent=6030"}],"wp:term":[{"taxonomy":"product_cat","embeddable":true,"href":"https:\/\/saumaustarvike.fi\/verkkokauppa\/wp-json\/wp\/v2\/product_cat?post=6030"},{"taxonomy":"product_tag","embeddable":true,"href":"https:\/\/saumaustarvike.fi\/verkkokauppa\/wp-json\/wp\/v2\/product_tag?post=6030"}],"curies":[{"name":"wp","href":"https:\/\/api.w.org\/{rel}","templated":true}]}}