{"id":6393,"date":"2015-01-16T21:53:03","date_gmt":"2015-01-16T19:53:03","guid":{"rendered":"https:\/\/saumaustarvike.fi\/verkkokauppa\/kauppa\/cleanerit-primerit\/illbruck-aa290-pu-vaahdon-puhdistusaine-500ml\/"},"modified":"2026-03-02T09:26:30","modified_gmt":"2026-03-02T07:26:30","slug":"illbruck-aa290-pu-vaahdon-puhdistusaine-500ml","status":"publish","type":"product","link":"https:\/\/saumaustarvike.fi\/verkkokauppa\/kauppa\/tuotemerkit\/illbruck\/illbruck-cleanerit-primerit-ja-viimeistelyaineet\/illbruck-aa290-pu-vaahdon-puhdistusaine-500ml\/","title":{"rendered":"illbruck AA290 PU-vaahdon puhdistusaine"},"content":{"rendered":"<h1>illbruck AA290 PU-vaahdon puhdistusaine 500ml<\/h1>\n<p>PU-vaahdon puhdistusaine<\/p>\n<h2>K\u00e4ytt\u00f6tarkoitus<\/h2>\n<p>Tehokas liuotinainepohjainen puhdistusairosoli, kovettumattoman PUvaahdon poistamiseen. Kaksik\u00e4ytt\u00f6isen pullon mukana tulee my\u00f6s adapteri, jolla tarvittaessa pulloon voidaan liitt\u00e4\u00e4 PUvaahtopistooli. Puhdistusaine on suunniteltu puhdistamaan PUvaahtosuuttimet ja -pistoolit, sek\u00e4 muut ty\u00f6- ja apuv\u00e4lineet. Poistaa kovettumattoman vaahdon pinnoilta jotka kest\u00e4v\u00e4t liuotinaineita<\/p>\n<h2>Yhteenveto eduista<\/h2>\n<p>\u2022 Tehokas puhdistusaine kovettumattoman illbruck polyuretaanivaahdon poistamiseen ja ty\u00f6kalujen puhdistamiseen<br \/>\n\u2022 Ideaalinen my\u00f6s PU-vaahtopistoolien puhdistamiseen ja pistoolin k\u00e4ytt\u00f6i\u00e4n pident\u00e4miseen<br \/>\n\u2022 Voidaan k\u00e4ytt\u00e4\u00e4 kahdella eri tapaa; Voidaan liitt\u00e4\u00e4 pistooliin, tai k\u00e4ytt\u00e4\u00e4 suoraan pullon suuttimesta roiskeiden ja mm. ty\u00f6kalujen puhdistamiseen<\/p>\n<h2>V\u00e4ri<\/h2>\n<p>v\u00e4rit\u00f6n<\/p>\n<h2>Pakkaus<\/h2>\n<p>500ml pullo<\/p>\n","protected":false},"excerpt":{"rendered":"<p>Tehokas liuotinainepohjainen puhdistusairosoli, kovettumattoman PUvaahdon poistamiseen. Kaksik\u00e4ytt\u00f6isen pullon mukana tulee my\u00f6s adapteri, jolla tarvittaessa pulloon voidaan liitt\u00e4\u00e4 PU-vaahtopistooli.<\/p>\n","protected":false},"featured_media":6397,"comment_status":"open","ping_status":"closed","template":"","meta":{"_acf_changed":false},"product_cat":[1546,1606],"product_tag":[186,511,78,148,88],"class_list":{"0":"post-6393","1":"product","2":"type-product","3":"status-publish","4":"has-post-thumbnail","6":"product_brand-illbruck","7":"product_cat-cleanerit-primerit-puhdistusaineet-viimeistelyaineet","8":"product_cat-illbruck-cleanerit-primerit-ja-viimeistelyaineet","9":"product_tag-cleaner","10":"product_tag-illbruck","11":"product_tag-tremco","12":"product_tag-tremco-illbruck","13":"product_tag-vaahto","14":"product_shipping_class-vak","15":"pa_vari-harmaa","16":"pa_vari-musta","17":"pa_vari-valkoinen","19":"first","20":"instock","21":"taxable","22":"shipping-taxable","23":"purchasable","24":"product-type-simple"},"acf":[],"yoast_head":"<!-- This site is optimized with the Yoast SEO plugin v27.3 - https:\/\/yoast.com\/product\/yoast-seo-wordpress\/ -->\n<title>illbruck AA290 PU-vaahdon puhdistusaine - Saumaustarvike.fi<\/title>\n<meta name=\"description\" content=\"Tehokas liuotinainepohjainen puhdistusairosoli, kovettumattoman PUvaahdon poistamiseen. Kaksik\u00e4ytt\u00f6isen pullon mukana tulee my\u00f6s adapteri.\" \/>\n<meta name=\"robots\" content=\"index, follow, max-snippet:-1, max-image-preview:large, max-video-preview:-1\" \/>\n<link rel=\"canonical\" href=\"https:\/\/saumaustarvike.fi\/verkkokauppa\/kauppa\/tuotemerkit\/illbruck\/illbruck-cleanerit-primerit-ja-viimeistelyaineet\/illbruck-aa290-pu-vaahdon-puhdistusaine-500ml\/\" \/>\n<meta property=\"og:locale\" content=\"fi_FI\" \/>\n<meta property=\"og:type\" content=\"article\" \/>\n<meta property=\"og:title\" content=\"illbruck AA290 PU-vaahdon puhdistusaine - Saumaustarvike.fi\" \/>\n<meta property=\"og:description\" content=\"Tehokas liuotinainepohjainen puhdistusairosoli, kovettumattoman PUvaahdon poistamiseen. Kaksik\u00e4ytt\u00f6isen pullon mukana tulee my\u00f6s adapteri.\" \/>\n<meta property=\"og:url\" content=\"https:\/\/saumaustarvike.fi\/verkkokauppa\/kauppa\/tuotemerkit\/illbruck\/illbruck-cleanerit-primerit-ja-viimeistelyaineet\/illbruck-aa290-pu-vaahdon-puhdistusaine-500ml\/\" \/>\n<meta property=\"og:site_name\" content=\"Saumaustarvike.fi\" \/>\n<meta property=\"article:publisher\" content=\"https:\/\/www.facebook.com\/Saumalaakso\" \/>\n<meta property=\"article:modified_time\" content=\"2026-03-02T07:26:30+00:00\" \/>\n<meta property=\"og:image\" content=\"https:\/\/saumaustarvike.fi\/verkkokauppa\/wp-content\/uploads\/2015\/01\/illbruck-aa290.jpg\" \/>\n\t<meta property=\"og:image:width\" content=\"904\" \/>\n\t<meta property=\"og:image:height\" content=\"904\" \/>\n\t<meta property=\"og:image:type\" content=\"image\/jpeg\" \/>\n<meta name=\"twitter:label1\" content=\"Arvioitu lukuaika\" \/>\n\t<meta name=\"twitter:data1\" content=\"1 minuutti\" \/>\n<script type=\"application\/ld+json\" class=\"yoast-schema-graph\">{\"@context\":\"https:\\\/\\\/schema.org\",\"@graph\":[{\"@type\":\"WebPage\",\"@id\":\"https:\\\/\\\/saumaustarvike.fi\\\/verkkokauppa\\\/kauppa\\\/tuotemerkit\\\/illbruck\\\/illbruck-cleanerit-primerit-ja-viimeistelyaineet\\\/illbruck-aa290-pu-vaahdon-puhdistusaine-500ml\\\/\",\"url\":\"https:\\\/\\\/saumaustarvike.fi\\\/verkkokauppa\\\/kauppa\\\/tuotemerkit\\\/illbruck\\\/illbruck-cleanerit-primerit-ja-viimeistelyaineet\\\/illbruck-aa290-pu-vaahdon-puhdistusaine-500ml\\\/\",\"name\":\"illbruck AA290 PU-vaahdon puhdistusaine - Saumaustarvike.fi\",\"isPartOf\":{\"@id\":\"https:\\\/\\\/saumaustarvike.fi\\\/verkkokauppa\\\/#website\"},\"primaryImageOfPage\":{\"@id\":\"https:\\\/\\\/saumaustarvike.fi\\\/verkkokauppa\\\/kauppa\\\/tuotemerkit\\\/illbruck\\\/illbruck-cleanerit-primerit-ja-viimeistelyaineet\\\/illbruck-aa290-pu-vaahdon-puhdistusaine-500ml\\\/#primaryimage\"},\"image\":{\"@id\":\"https:\\\/\\\/saumaustarvike.fi\\\/verkkokauppa\\\/kauppa\\\/tuotemerkit\\\/illbruck\\\/illbruck-cleanerit-primerit-ja-viimeistelyaineet\\\/illbruck-aa290-pu-vaahdon-puhdistusaine-500ml\\\/#primaryimage\"},\"thumbnailUrl\":\"https:\\\/\\\/saumaustarvike.fi\\\/verkkokauppa\\\/wp-content\\\/uploads\\\/2015\\\/01\\\/illbruck-aa290.jpg\",\"datePublished\":\"2015-01-16T19:53:03+00:00\",\"dateModified\":\"2026-03-02T07:26:30+00:00\",\"description\":\"Tehokas liuotinainepohjainen puhdistusairosoli, kovettumattoman PUvaahdon poistamiseen. Kaksik\u00e4ytt\u00f6isen pullon mukana tulee my\u00f6s adapteri.\",\"breadcrumb\":{\"@id\":\"https:\\\/\\\/saumaustarvike.fi\\\/verkkokauppa\\\/kauppa\\\/tuotemerkit\\\/illbruck\\\/illbruck-cleanerit-primerit-ja-viimeistelyaineet\\\/illbruck-aa290-pu-vaahdon-puhdistusaine-500ml\\\/#breadcrumb\"},\"inLanguage\":\"fi\",\"potentialAction\":[{\"@type\":\"ReadAction\",\"target\":[\"https:\\\/\\\/saumaustarvike.fi\\\/verkkokauppa\\\/kauppa\\\/tuotemerkit\\\/illbruck\\\/illbruck-cleanerit-primerit-ja-viimeistelyaineet\\\/illbruck-aa290-pu-vaahdon-puhdistusaine-500ml\\\/\"]}]},{\"@type\":\"ImageObject\",\"inLanguage\":\"fi\",\"@id\":\"https:\\\/\\\/saumaustarvike.fi\\\/verkkokauppa\\\/kauppa\\\/tuotemerkit\\\/illbruck\\\/illbruck-cleanerit-primerit-ja-viimeistelyaineet\\\/illbruck-aa290-pu-vaahdon-puhdistusaine-500ml\\\/#primaryimage\",\"url\":\"https:\\\/\\\/saumaustarvike.fi\\\/verkkokauppa\\\/wp-content\\\/uploads\\\/2015\\\/01\\\/illbruck-aa290.jpg\",\"contentUrl\":\"https:\\\/\\\/saumaustarvike.fi\\\/verkkokauppa\\\/wp-content\\\/uploads\\\/2015\\\/01\\\/illbruck-aa290.jpg\",\"width\":904,\"height\":904},{\"@type\":\"BreadcrumbList\",\"@id\":\"https:\\\/\\\/saumaustarvike.fi\\\/verkkokauppa\\\/kauppa\\\/tuotemerkit\\\/illbruck\\\/illbruck-cleanerit-primerit-ja-viimeistelyaineet\\\/illbruck-aa290-pu-vaahdon-puhdistusaine-500ml\\\/#breadcrumb\",\"itemListElement\":[{\"@type\":\"ListItem\",\"position\":1,\"name\":\"Home\",\"item\":\"https:\\\/\\\/saumaustarvike.fi\\\/verkkokauppa\\\/\"},{\"@type\":\"ListItem\",\"position\":2,\"name\":\"Saumausmassat, tarvikkeet ja ty\u00f6kalut\",\"item\":\"https:\\\/\\\/saumaustarvike.fi\\\/verkkokauppa\\\/kauppa\\\/\"},{\"@type\":\"ListItem\",\"position\":3,\"name\":\"illbruck AA290 PU-vaahdon puhdistusaine\"}]},{\"@type\":\"WebSite\",\"@id\":\"https:\\\/\\\/saumaustarvike.fi\\\/verkkokauppa\\\/#website\",\"url\":\"https:\\\/\\\/saumaustarvike.fi\\\/verkkokauppa\\\/\",\"name\":\"Saumaustarvike.fi\",\"description\":\"Saumausmassat, tarvikkeet ja ty&ouml;kalut\",\"publisher\":{\"@id\":\"https:\\\/\\\/saumaustarvike.fi\\\/verkkokauppa\\\/#organization\"},\"potentialAction\":[{\"@type\":\"SearchAction\",\"target\":{\"@type\":\"EntryPoint\",\"urlTemplate\":\"https:\\\/\\\/saumaustarvike.fi\\\/verkkokauppa\\\/?s={search_term_string}\"},\"query-input\":{\"@type\":\"PropertyValueSpecification\",\"valueRequired\":true,\"valueName\":\"search_term_string\"}}],\"inLanguage\":\"fi\"},{\"@type\":\"Organization\",\"@id\":\"https:\\\/\\\/saumaustarvike.fi\\\/verkkokauppa\\\/#organization\",\"name\":\"Saumaustarvike.fi\",\"url\":\"https:\\\/\\\/saumaustarvike.fi\\\/verkkokauppa\\\/\",\"logo\":{\"@type\":\"ImageObject\",\"inLanguage\":\"fi\",\"@id\":\"https:\\\/\\\/saumaustarvike.fi\\\/verkkokauppa\\\/#\\\/schema\\\/logo\\\/image\\\/\",\"url\":\"https:\\\/\\\/saumaustarvike.fi\\\/verkkokauppa\\\/wp-content\\\/uploads\\\/2019\\\/02\\\/logo.png\",\"contentUrl\":\"https:\\\/\\\/saumaustarvike.fi\\\/verkkokauppa\\\/wp-content\\\/uploads\\\/2019\\\/02\\\/logo.png\",\"width\":806,\"height\":150,\"caption\":\"Saumaustarvike.fi\"},\"image\":{\"@id\":\"https:\\\/\\\/saumaustarvike.fi\\\/verkkokauppa\\\/#\\\/schema\\\/logo\\\/image\\\/\"},\"sameAs\":[\"https:\\\/\\\/www.facebook.com\\\/Saumalaakso\"]}]}<\/script>\n<!-- \/ Yoast SEO plugin. -->","yoast_head_json":{"title":"illbruck AA290 PU-vaahdon puhdistusaine - Saumaustarvike.fi","description":"Tehokas liuotinainepohjainen puhdistusairosoli, kovettumattoman PUvaahdon poistamiseen. Kaksik\u00e4ytt\u00f6isen pullon mukana tulee my\u00f6s adapteri.","robots":{"index":"index","follow":"follow","max-snippet":"max-snippet:-1","max-image-preview":"max-image-preview:large","max-video-preview":"max-video-preview:-1"},"canonical":"https:\/\/saumaustarvike.fi\/verkkokauppa\/kauppa\/tuotemerkit\/illbruck\/illbruck-cleanerit-primerit-ja-viimeistelyaineet\/illbruck-aa290-pu-vaahdon-puhdistusaine-500ml\/","og_locale":"fi_FI","og_type":"article","og_title":"illbruck AA290 PU-vaahdon puhdistusaine - Saumaustarvike.fi","og_description":"Tehokas liuotinainepohjainen puhdistusairosoli, kovettumattoman PUvaahdon poistamiseen. Kaksik\u00e4ytt\u00f6isen pullon mukana tulee my\u00f6s adapteri.","og_url":"https:\/\/saumaustarvike.fi\/verkkokauppa\/kauppa\/tuotemerkit\/illbruck\/illbruck-cleanerit-primerit-ja-viimeistelyaineet\/illbruck-aa290-pu-vaahdon-puhdistusaine-500ml\/","og_site_name":"Saumaustarvike.fi","article_publisher":"https:\/\/www.facebook.com\/Saumalaakso","article_modified_time":"2026-03-02T07:26:30+00:00","og_image":[{"width":904,"height":904,"url":"https:\/\/saumaustarvike.fi\/verkkokauppa\/wp-content\/uploads\/2015\/01\/illbruck-aa290.jpg","type":"image\/jpeg"}],"twitter_misc":{"Arvioitu lukuaika":"1 minuutti"},"schema":{"@context":"https:\/\/schema.org","@graph":[{"@type":"WebPage","@id":"https:\/\/saumaustarvike.fi\/verkkokauppa\/kauppa\/tuotemerkit\/illbruck\/illbruck-cleanerit-primerit-ja-viimeistelyaineet\/illbruck-aa290-pu-vaahdon-puhdistusaine-500ml\/","url":"https:\/\/saumaustarvike.fi\/verkkokauppa\/kauppa\/tuotemerkit\/illbruck\/illbruck-cleanerit-primerit-ja-viimeistelyaineet\/illbruck-aa290-pu-vaahdon-puhdistusaine-500ml\/","name":"illbruck AA290 PU-vaahdon puhdistusaine - Saumaustarvike.fi","isPartOf":{"@id":"https:\/\/saumaustarvike.fi\/verkkokauppa\/#website"},"primaryImageOfPage":{"@id":"https:\/\/saumaustarvike.fi\/verkkokauppa\/kauppa\/tuotemerkit\/illbruck\/illbruck-cleanerit-primerit-ja-viimeistelyaineet\/illbruck-aa290-pu-vaahdon-puhdistusaine-500ml\/#primaryimage"},"image":{"@id":"https:\/\/saumaustarvike.fi\/verkkokauppa\/kauppa\/tuotemerkit\/illbruck\/illbruck-cleanerit-primerit-ja-viimeistelyaineet\/illbruck-aa290-pu-vaahdon-puhdistusaine-500ml\/#primaryimage"},"thumbnailUrl":"https:\/\/saumaustarvike.fi\/verkkokauppa\/wp-content\/uploads\/2015\/01\/illbruck-aa290.jpg","datePublished":"2015-01-16T19:53:03+00:00","dateModified":"2026-03-02T07:26:30+00:00","description":"Tehokas liuotinainepohjainen puhdistusairosoli, kovettumattoman PUvaahdon poistamiseen. Kaksik\u00e4ytt\u00f6isen pullon mukana tulee my\u00f6s adapteri.","breadcrumb":{"@id":"https:\/\/saumaustarvike.fi\/verkkokauppa\/kauppa\/tuotemerkit\/illbruck\/illbruck-cleanerit-primerit-ja-viimeistelyaineet\/illbruck-aa290-pu-vaahdon-puhdistusaine-500ml\/#breadcrumb"},"inLanguage":"fi","potentialAction":[{"@type":"ReadAction","target":["https:\/\/saumaustarvike.fi\/verkkokauppa\/kauppa\/tuotemerkit\/illbruck\/illbruck-cleanerit-primerit-ja-viimeistelyaineet\/illbruck-aa290-pu-vaahdon-puhdistusaine-500ml\/"]}]},{"@type":"ImageObject","inLanguage":"fi","@id":"https:\/\/saumaustarvike.fi\/verkkokauppa\/kauppa\/tuotemerkit\/illbruck\/illbruck-cleanerit-primerit-ja-viimeistelyaineet\/illbruck-aa290-pu-vaahdon-puhdistusaine-500ml\/#primaryimage","url":"https:\/\/saumaustarvike.fi\/verkkokauppa\/wp-content\/uploads\/2015\/01\/illbruck-aa290.jpg","contentUrl":"https:\/\/saumaustarvike.fi\/verkkokauppa\/wp-content\/uploads\/2015\/01\/illbruck-aa290.jpg","width":904,"height":904},{"@type":"BreadcrumbList","@id":"https:\/\/saumaustarvike.fi\/verkkokauppa\/kauppa\/tuotemerkit\/illbruck\/illbruck-cleanerit-primerit-ja-viimeistelyaineet\/illbruck-aa290-pu-vaahdon-puhdistusaine-500ml\/#breadcrumb","itemListElement":[{"@type":"ListItem","position":1,"name":"Home","item":"https:\/\/saumaustarvike.fi\/verkkokauppa\/"},{"@type":"ListItem","position":2,"name":"Saumausmassat, tarvikkeet ja ty\u00f6kalut","item":"https:\/\/saumaustarvike.fi\/verkkokauppa\/kauppa\/"},{"@type":"ListItem","position":3,"name":"illbruck AA290 PU-vaahdon puhdistusaine"}]},{"@type":"WebSite","@id":"https:\/\/saumaustarvike.fi\/verkkokauppa\/#website","url":"https:\/\/saumaustarvike.fi\/verkkokauppa\/","name":"Saumaustarvike.fi","description":"Saumausmassat, tarvikkeet ja ty&ouml;kalut","publisher":{"@id":"https:\/\/saumaustarvike.fi\/verkkokauppa\/#organization"},"potentialAction":[{"@type":"SearchAction","target":{"@type":"EntryPoint","urlTemplate":"https:\/\/saumaustarvike.fi\/verkkokauppa\/?s={search_term_string}"},"query-input":{"@type":"PropertyValueSpecification","valueRequired":true,"valueName":"search_term_string"}}],"inLanguage":"fi"},{"@type":"Organization","@id":"https:\/\/saumaustarvike.fi\/verkkokauppa\/#organization","name":"Saumaustarvike.fi","url":"https:\/\/saumaustarvike.fi\/verkkokauppa\/","logo":{"@type":"ImageObject","inLanguage":"fi","@id":"https:\/\/saumaustarvike.fi\/verkkokauppa\/#\/schema\/logo\/image\/","url":"https:\/\/saumaustarvike.fi\/verkkokauppa\/wp-content\/uploads\/2019\/02\/logo.png","contentUrl":"https:\/\/saumaustarvike.fi\/verkkokauppa\/wp-content\/uploads\/2019\/02\/logo.png","width":806,"height":150,"caption":"Saumaustarvike.fi"},"image":{"@id":"https:\/\/saumaustarvike.fi\/verkkokauppa\/#\/schema\/logo\/image\/"},"sameAs":["https:\/\/www.facebook.com\/Saumalaakso"]}]}},"jetpack_sharing_enabled":true,"_links":{"self":[{"href":"https:\/\/saumaustarvike.fi\/verkkokauppa\/wp-json\/wp\/v2\/product\/6393","targetHints":{"allow":["GET"]}}],"collection":[{"href":"https:\/\/saumaustarvike.fi\/verkkokauppa\/wp-json\/wp\/v2\/product"}],"about":[{"href":"https:\/\/saumaustarvike.fi\/verkkokauppa\/wp-json\/wp\/v2\/types\/product"}],"replies":[{"embeddable":true,"href":"https:\/\/saumaustarvike.fi\/verkkokauppa\/wp-json\/wp\/v2\/comments?post=6393"}],"wp:featuredmedia":[{"embeddable":true,"href":"https:\/\/saumaustarvike.fi\/verkkokauppa\/wp-json\/wp\/v2\/media\/6397"}],"wp:attachment":[{"href":"https:\/\/saumaustarvike.fi\/verkkokauppa\/wp-json\/wp\/v2\/media?parent=6393"}],"wp:term":[{"taxonomy":"product_cat","embeddable":true,"href":"https:\/\/saumaustarvike.fi\/verkkokauppa\/wp-json\/wp\/v2\/product_cat?post=6393"},{"taxonomy":"product_tag","embeddable":true,"href":"https:\/\/saumaustarvike.fi\/verkkokauppa\/wp-json\/wp\/v2\/product_tag?post=6393"}],"curies":[{"name":"wp","href":"https:\/\/api.w.org\/{rel}","templated":true}]}}