{"id":6565,"date":"2015-04-02T15:33:45","date_gmt":"2015-04-02T12:33:45","guid":{"rendered":"https:\/\/saumaustarvike.fi\/verkkokauppa\/kauppa\/nullifire\/nullifire-fs703-palokatkosilikoni-310ml\/"},"modified":"2025-09-11T15:06:13","modified_gmt":"2025-09-11T12:06:13","slug":"nullifire-fs703-palokatkosilikoni-310ml","status":"publish","type":"product","link":"https:\/\/saumaustarvike.fi\/verkkokauppa\/kauppa\/tuotemerkit\/nullifire\/nullifire-palokatkosilikonit\/nullifire-fs703-palokatkosilikoni-310ml\/","title":{"rendered":"Nullifire FS703 Palokatkosilikoni 310ml"},"content":{"rendered":"<h1>Nullifire FS703\u00a0Palokatkosilikoni<\/h1>\n<div class=\"product\">\n<p>Keskikimmoisa palokatkosilikoni saumauksiin ja tiivistyksiin sis\u00e4- ja ulkotiloissa. Sopii liikuntasaumoihin joiden liikevara on enint\u00e4\u00e4n 25% sek\u00e4 k\u00e4ytett\u00e4v\u00e4ksi sis\u00e4ll\u00e4 ja ulkona.<\/p>\n<h2>Tuotekuvaus<\/h2>\n<p>Elastinen silikoni, paloluokiteltujen osastoivien rakenteiden saumaukseen ja tiivist\u00e4miseen. Paloluokka EI240, sis\u00e4ll\u00e4 ja ulkona esim. lasitetut parvekkeet, osastoivat ikkunat ja palo-ovet.<br \/>\nSauman maksimileveys 50 mm, maksimiliikevara 50 %.<\/p>\n<\/div>\n<div class=\"twocolumnlist\">\n<h2>edut<\/h2>\n<ul class=\"col-left\">\n<li>Jopa 4 tunnin palonkest\u00e4vyys, testattu standardin EN 1366-4 mukaan.<\/li>\n<li>25% liikevara<\/li>\n<li>Sauman leveys 50 mm asti<\/li>\n<li>Turvallinen, pitk\u00e4 k\u00e4ytt\u00f6ik\u00e4\/kest\u00e4vyys<\/li>\n<\/ul>\n<ul class=\"col-right\">\n<li>Tiivistys suhde 2:1 (10 mm leveys x 5 mm syvyys)<\/li>\n<li>Ei kutistu<\/li>\n<li>Antaa my\u00f6s suojan hometta ja sienikasvustoja vastaan<\/li>\n<\/ul>\n<p>&nbsp;<\/p>\n<\/div>\n<h3>V\u00e4ri<\/h3>\n<p>Valkoinen<\/p>\n<h3>Pakkaus<\/h3>\n<p>310 ml patruuna<\/p>\n","protected":false},"excerpt":{"rendered":"<p>Elastinen silikoni, paloluokiteltujen osastoivien rakenteiden saumaukseen ja tiivist\u00e4miseen. Paloluokka EI240, sis\u00e4ll\u00e4 ja ulkona esim. lasitetut parvekkeet, osastoivat ikkunat ja palo-ovet.\u00a0310 ml patruuna.<\/p>\n","protected":false},"featured_media":16383,"comment_status":"open","ping_status":"closed","template":"","meta":{"_acf_changed":false},"product_cat":[2145,1556,1627,1549,1553],"product_tag":[866,2397,205,756,317,318,143,79,80],"class_list":{"0":"post-6565","1":"product","2":"type-product","3":"status-publish","4":"has-post-thumbnail","6":"product_brand-nullifire","7":"product_cat-nullifire-palokatkosilikonit","8":"product_cat-palokatkotuotteet-tuotteet","9":"product_cat-saumaus","10":"product_cat-silikonipohjaiset","11":"product_cat-tiivistys-tuotteet","12":"product_tag-nullifire","13":"product_tag-palo","14":"product_tag-palokatko","15":"product_tag-palokatkomassa","16":"product_tag-paloluokka","17":"product_tag-palosilikoni","18":"product_tag-sisakayttoon","19":"product_tag-tiiviste","20":"product_tag-tiivistys-2","21":"pa_vari-valkoinen","23":"first","24":"onbackorder","25":"taxable","26":"shipping-taxable","27":"purchasable","28":"product-type-variable"},"acf":[],"yoast_head":"<!-- This site is optimized with the Yoast SEO plugin v27.3 - https:\/\/yoast.com\/product\/yoast-seo-wordpress\/ -->\n<title>Nullifire FS703 Palokatkosilikoni 310ml - Saumaustarvike.fi<\/title>\n<meta name=\"description\" content=\"Nullifire FS703 Palokatkosilikoni Elastinen silikoni, paloluokiteltujen osastoivien rakenteiden saumaukseen ja tiivist\u00e4miseen. Sis\u00e4ll\u00e4 ja ulkona.\" \/>\n<meta name=\"robots\" content=\"index, follow, max-snippet:-1, max-image-preview:large, max-video-preview:-1\" \/>\n<link rel=\"canonical\" href=\"https:\/\/saumaustarvike.fi\/verkkokauppa\/kauppa\/tuotemerkit\/nullifire\/nullifire-palokatkosilikonit\/nullifire-fs703-palokatkosilikoni-310ml\/\" \/>\n<meta property=\"og:locale\" content=\"fi_FI\" \/>\n<meta property=\"og:type\" content=\"article\" \/>\n<meta property=\"og:title\" content=\"Nullifire FS703 Palokatkosilikoni 310ml - Saumaustarvike.fi\" \/>\n<meta property=\"og:description\" content=\"Nullifire FS703 Palokatkosilikoni Elastinen silikoni, paloluokiteltujen osastoivien rakenteiden saumaukseen ja tiivist\u00e4miseen. Sis\u00e4ll\u00e4 ja ulkona.\" \/>\n<meta property=\"og:url\" content=\"https:\/\/saumaustarvike.fi\/verkkokauppa\/kauppa\/tuotemerkit\/nullifire\/nullifire-palokatkosilikonit\/nullifire-fs703-palokatkosilikoni-310ml\/\" \/>\n<meta property=\"og:site_name\" content=\"Saumaustarvike.fi\" \/>\n<meta property=\"article:publisher\" content=\"https:\/\/www.facebook.com\/Saumalaakso\" \/>\n<meta property=\"article:modified_time\" content=\"2025-09-11T12:06:13+00:00\" \/>\n<meta property=\"og:image\" content=\"https:\/\/saumaustarvike.fi\/verkkokauppa\/wp-content\/uploads\/2015\/04\/saumaustarvike-Nullifire-FS703-Palokatkosilikoni-310ml.jpg\" \/>\n\t<meta property=\"og:image:width\" content=\"1000\" \/>\n\t<meta property=\"og:image:height\" content=\"1000\" \/>\n\t<meta property=\"og:image:type\" content=\"image\/jpeg\" \/>\n<meta name=\"twitter:label1\" content=\"Arvioitu lukuaika\" \/>\n\t<meta name=\"twitter:data1\" content=\"1 minuutti\" \/>\n<script type=\"application\/ld+json\" class=\"yoast-schema-graph\">{\"@context\":\"https:\\\/\\\/schema.org\",\"@graph\":[{\"@type\":\"WebPage\",\"@id\":\"https:\\\/\\\/saumaustarvike.fi\\\/verkkokauppa\\\/kauppa\\\/tuotemerkit\\\/nullifire\\\/nullifire-palokatkosilikonit\\\/nullifire-fs703-palokatkosilikoni-310ml\\\/\",\"url\":\"https:\\\/\\\/saumaustarvike.fi\\\/verkkokauppa\\\/kauppa\\\/tuotemerkit\\\/nullifire\\\/nullifire-palokatkosilikonit\\\/nullifire-fs703-palokatkosilikoni-310ml\\\/\",\"name\":\"Nullifire FS703 Palokatkosilikoni 310ml - Saumaustarvike.fi\",\"isPartOf\":{\"@id\":\"https:\\\/\\\/saumaustarvike.fi\\\/verkkokauppa\\\/#website\"},\"primaryImageOfPage\":{\"@id\":\"https:\\\/\\\/saumaustarvike.fi\\\/verkkokauppa\\\/kauppa\\\/tuotemerkit\\\/nullifire\\\/nullifire-palokatkosilikonit\\\/nullifire-fs703-palokatkosilikoni-310ml\\\/#primaryimage\"},\"image\":{\"@id\":\"https:\\\/\\\/saumaustarvike.fi\\\/verkkokauppa\\\/kauppa\\\/tuotemerkit\\\/nullifire\\\/nullifire-palokatkosilikonit\\\/nullifire-fs703-palokatkosilikoni-310ml\\\/#primaryimage\"},\"thumbnailUrl\":\"https:\\\/\\\/saumaustarvike.fi\\\/verkkokauppa\\\/wp-content\\\/uploads\\\/2015\\\/04\\\/saumaustarvike-Nullifire-FS703-Palokatkosilikoni-310ml.jpg\",\"datePublished\":\"2015-04-02T12:33:45+00:00\",\"dateModified\":\"2025-09-11T12:06:13+00:00\",\"description\":\"Nullifire FS703 Palokatkosilikoni Elastinen silikoni, paloluokiteltujen osastoivien rakenteiden saumaukseen ja tiivist\u00e4miseen. Sis\u00e4ll\u00e4 ja ulkona.\",\"breadcrumb\":{\"@id\":\"https:\\\/\\\/saumaustarvike.fi\\\/verkkokauppa\\\/kauppa\\\/tuotemerkit\\\/nullifire\\\/nullifire-palokatkosilikonit\\\/nullifire-fs703-palokatkosilikoni-310ml\\\/#breadcrumb\"},\"inLanguage\":\"fi\",\"potentialAction\":[{\"@type\":\"ReadAction\",\"target\":[\"https:\\\/\\\/saumaustarvike.fi\\\/verkkokauppa\\\/kauppa\\\/tuotemerkit\\\/nullifire\\\/nullifire-palokatkosilikonit\\\/nullifire-fs703-palokatkosilikoni-310ml\\\/\"]}]},{\"@type\":\"ImageObject\",\"inLanguage\":\"fi\",\"@id\":\"https:\\\/\\\/saumaustarvike.fi\\\/verkkokauppa\\\/kauppa\\\/tuotemerkit\\\/nullifire\\\/nullifire-palokatkosilikonit\\\/nullifire-fs703-palokatkosilikoni-310ml\\\/#primaryimage\",\"url\":\"https:\\\/\\\/saumaustarvike.fi\\\/verkkokauppa\\\/wp-content\\\/uploads\\\/2015\\\/04\\\/saumaustarvike-Nullifire-FS703-Palokatkosilikoni-310ml.jpg\",\"contentUrl\":\"https:\\\/\\\/saumaustarvike.fi\\\/verkkokauppa\\\/wp-content\\\/uploads\\\/2015\\\/04\\\/saumaustarvike-Nullifire-FS703-Palokatkosilikoni-310ml.jpg\",\"width\":1000,\"height\":1000},{\"@type\":\"BreadcrumbList\",\"@id\":\"https:\\\/\\\/saumaustarvike.fi\\\/verkkokauppa\\\/kauppa\\\/tuotemerkit\\\/nullifire\\\/nullifire-palokatkosilikonit\\\/nullifire-fs703-palokatkosilikoni-310ml\\\/#breadcrumb\",\"itemListElement\":[{\"@type\":\"ListItem\",\"position\":1,\"name\":\"Home\",\"item\":\"https:\\\/\\\/saumaustarvike.fi\\\/verkkokauppa\\\/\"},{\"@type\":\"ListItem\",\"position\":2,\"name\":\"Saumausmassat, tarvikkeet ja ty\u00f6kalut\",\"item\":\"https:\\\/\\\/saumaustarvike.fi\\\/verkkokauppa\\\/kauppa\\\/\"},{\"@type\":\"ListItem\",\"position\":3,\"name\":\"Nullifire FS703 Palokatkosilikoni 310ml\"}]},{\"@type\":\"WebSite\",\"@id\":\"https:\\\/\\\/saumaustarvike.fi\\\/verkkokauppa\\\/#website\",\"url\":\"https:\\\/\\\/saumaustarvike.fi\\\/verkkokauppa\\\/\",\"name\":\"Saumaustarvike.fi\",\"description\":\"Saumausmassat, tarvikkeet ja ty&ouml;kalut\",\"publisher\":{\"@id\":\"https:\\\/\\\/saumaustarvike.fi\\\/verkkokauppa\\\/#organization\"},\"potentialAction\":[{\"@type\":\"SearchAction\",\"target\":{\"@type\":\"EntryPoint\",\"urlTemplate\":\"https:\\\/\\\/saumaustarvike.fi\\\/verkkokauppa\\\/?s={search_term_string}\"},\"query-input\":{\"@type\":\"PropertyValueSpecification\",\"valueRequired\":true,\"valueName\":\"search_term_string\"}}],\"inLanguage\":\"fi\"},{\"@type\":\"Organization\",\"@id\":\"https:\\\/\\\/saumaustarvike.fi\\\/verkkokauppa\\\/#organization\",\"name\":\"Saumaustarvike.fi\",\"url\":\"https:\\\/\\\/saumaustarvike.fi\\\/verkkokauppa\\\/\",\"logo\":{\"@type\":\"ImageObject\",\"inLanguage\":\"fi\",\"@id\":\"https:\\\/\\\/saumaustarvike.fi\\\/verkkokauppa\\\/#\\\/schema\\\/logo\\\/image\\\/\",\"url\":\"https:\\\/\\\/saumaustarvike.fi\\\/verkkokauppa\\\/wp-content\\\/uploads\\\/2019\\\/02\\\/logo.png\",\"contentUrl\":\"https:\\\/\\\/saumaustarvike.fi\\\/verkkokauppa\\\/wp-content\\\/uploads\\\/2019\\\/02\\\/logo.png\",\"width\":806,\"height\":150,\"caption\":\"Saumaustarvike.fi\"},\"image\":{\"@id\":\"https:\\\/\\\/saumaustarvike.fi\\\/verkkokauppa\\\/#\\\/schema\\\/logo\\\/image\\\/\"},\"sameAs\":[\"https:\\\/\\\/www.facebook.com\\\/Saumalaakso\"]}]}<\/script>\n<!-- \/ Yoast SEO plugin. -->","yoast_head_json":{"title":"Nullifire FS703 Palokatkosilikoni 310ml - Saumaustarvike.fi","description":"Nullifire FS703 Palokatkosilikoni Elastinen silikoni, paloluokiteltujen osastoivien rakenteiden saumaukseen ja tiivist\u00e4miseen. Sis\u00e4ll\u00e4 ja ulkona.","robots":{"index":"index","follow":"follow","max-snippet":"max-snippet:-1","max-image-preview":"max-image-preview:large","max-video-preview":"max-video-preview:-1"},"canonical":"https:\/\/saumaustarvike.fi\/verkkokauppa\/kauppa\/tuotemerkit\/nullifire\/nullifire-palokatkosilikonit\/nullifire-fs703-palokatkosilikoni-310ml\/","og_locale":"fi_FI","og_type":"article","og_title":"Nullifire FS703 Palokatkosilikoni 310ml - Saumaustarvike.fi","og_description":"Nullifire FS703 Palokatkosilikoni Elastinen silikoni, paloluokiteltujen osastoivien rakenteiden saumaukseen ja tiivist\u00e4miseen. Sis\u00e4ll\u00e4 ja ulkona.","og_url":"https:\/\/saumaustarvike.fi\/verkkokauppa\/kauppa\/tuotemerkit\/nullifire\/nullifire-palokatkosilikonit\/nullifire-fs703-palokatkosilikoni-310ml\/","og_site_name":"Saumaustarvike.fi","article_publisher":"https:\/\/www.facebook.com\/Saumalaakso","article_modified_time":"2025-09-11T12:06:13+00:00","og_image":[{"width":1000,"height":1000,"url":"https:\/\/saumaustarvike.fi\/verkkokauppa\/wp-content\/uploads\/2015\/04\/saumaustarvike-Nullifire-FS703-Palokatkosilikoni-310ml.jpg","type":"image\/jpeg"}],"twitter_misc":{"Arvioitu lukuaika":"1 minuutti"},"schema":{"@context":"https:\/\/schema.org","@graph":[{"@type":"WebPage","@id":"https:\/\/saumaustarvike.fi\/verkkokauppa\/kauppa\/tuotemerkit\/nullifire\/nullifire-palokatkosilikonit\/nullifire-fs703-palokatkosilikoni-310ml\/","url":"https:\/\/saumaustarvike.fi\/verkkokauppa\/kauppa\/tuotemerkit\/nullifire\/nullifire-palokatkosilikonit\/nullifire-fs703-palokatkosilikoni-310ml\/","name":"Nullifire FS703 Palokatkosilikoni 310ml - Saumaustarvike.fi","isPartOf":{"@id":"https:\/\/saumaustarvike.fi\/verkkokauppa\/#website"},"primaryImageOfPage":{"@id":"https:\/\/saumaustarvike.fi\/verkkokauppa\/kauppa\/tuotemerkit\/nullifire\/nullifire-palokatkosilikonit\/nullifire-fs703-palokatkosilikoni-310ml\/#primaryimage"},"image":{"@id":"https:\/\/saumaustarvike.fi\/verkkokauppa\/kauppa\/tuotemerkit\/nullifire\/nullifire-palokatkosilikonit\/nullifire-fs703-palokatkosilikoni-310ml\/#primaryimage"},"thumbnailUrl":"https:\/\/saumaustarvike.fi\/verkkokauppa\/wp-content\/uploads\/2015\/04\/saumaustarvike-Nullifire-FS703-Palokatkosilikoni-310ml.jpg","datePublished":"2015-04-02T12:33:45+00:00","dateModified":"2025-09-11T12:06:13+00:00","description":"Nullifire FS703 Palokatkosilikoni Elastinen silikoni, paloluokiteltujen osastoivien rakenteiden saumaukseen ja tiivist\u00e4miseen. Sis\u00e4ll\u00e4 ja ulkona.","breadcrumb":{"@id":"https:\/\/saumaustarvike.fi\/verkkokauppa\/kauppa\/tuotemerkit\/nullifire\/nullifire-palokatkosilikonit\/nullifire-fs703-palokatkosilikoni-310ml\/#breadcrumb"},"inLanguage":"fi","potentialAction":[{"@type":"ReadAction","target":["https:\/\/saumaustarvike.fi\/verkkokauppa\/kauppa\/tuotemerkit\/nullifire\/nullifire-palokatkosilikonit\/nullifire-fs703-palokatkosilikoni-310ml\/"]}]},{"@type":"ImageObject","inLanguage":"fi","@id":"https:\/\/saumaustarvike.fi\/verkkokauppa\/kauppa\/tuotemerkit\/nullifire\/nullifire-palokatkosilikonit\/nullifire-fs703-palokatkosilikoni-310ml\/#primaryimage","url":"https:\/\/saumaustarvike.fi\/verkkokauppa\/wp-content\/uploads\/2015\/04\/saumaustarvike-Nullifire-FS703-Palokatkosilikoni-310ml.jpg","contentUrl":"https:\/\/saumaustarvike.fi\/verkkokauppa\/wp-content\/uploads\/2015\/04\/saumaustarvike-Nullifire-FS703-Palokatkosilikoni-310ml.jpg","width":1000,"height":1000},{"@type":"BreadcrumbList","@id":"https:\/\/saumaustarvike.fi\/verkkokauppa\/kauppa\/tuotemerkit\/nullifire\/nullifire-palokatkosilikonit\/nullifire-fs703-palokatkosilikoni-310ml\/#breadcrumb","itemListElement":[{"@type":"ListItem","position":1,"name":"Home","item":"https:\/\/saumaustarvike.fi\/verkkokauppa\/"},{"@type":"ListItem","position":2,"name":"Saumausmassat, tarvikkeet ja ty\u00f6kalut","item":"https:\/\/saumaustarvike.fi\/verkkokauppa\/kauppa\/"},{"@type":"ListItem","position":3,"name":"Nullifire FS703 Palokatkosilikoni 310ml"}]},{"@type":"WebSite","@id":"https:\/\/saumaustarvike.fi\/verkkokauppa\/#website","url":"https:\/\/saumaustarvike.fi\/verkkokauppa\/","name":"Saumaustarvike.fi","description":"Saumausmassat, tarvikkeet ja ty&ouml;kalut","publisher":{"@id":"https:\/\/saumaustarvike.fi\/verkkokauppa\/#organization"},"potentialAction":[{"@type":"SearchAction","target":{"@type":"EntryPoint","urlTemplate":"https:\/\/saumaustarvike.fi\/verkkokauppa\/?s={search_term_string}"},"query-input":{"@type":"PropertyValueSpecification","valueRequired":true,"valueName":"search_term_string"}}],"inLanguage":"fi"},{"@type":"Organization","@id":"https:\/\/saumaustarvike.fi\/verkkokauppa\/#organization","name":"Saumaustarvike.fi","url":"https:\/\/saumaustarvike.fi\/verkkokauppa\/","logo":{"@type":"ImageObject","inLanguage":"fi","@id":"https:\/\/saumaustarvike.fi\/verkkokauppa\/#\/schema\/logo\/image\/","url":"https:\/\/saumaustarvike.fi\/verkkokauppa\/wp-content\/uploads\/2019\/02\/logo.png","contentUrl":"https:\/\/saumaustarvike.fi\/verkkokauppa\/wp-content\/uploads\/2019\/02\/logo.png","width":806,"height":150,"caption":"Saumaustarvike.fi"},"image":{"@id":"https:\/\/saumaustarvike.fi\/verkkokauppa\/#\/schema\/logo\/image\/"},"sameAs":["https:\/\/www.facebook.com\/Saumalaakso"]}]}},"jetpack_sharing_enabled":true,"_links":{"self":[{"href":"https:\/\/saumaustarvike.fi\/verkkokauppa\/wp-json\/wp\/v2\/product\/6565","targetHints":{"allow":["GET"]}}],"collection":[{"href":"https:\/\/saumaustarvike.fi\/verkkokauppa\/wp-json\/wp\/v2\/product"}],"about":[{"href":"https:\/\/saumaustarvike.fi\/verkkokauppa\/wp-json\/wp\/v2\/types\/product"}],"replies":[{"embeddable":true,"href":"https:\/\/saumaustarvike.fi\/verkkokauppa\/wp-json\/wp\/v2\/comments?post=6565"}],"wp:featuredmedia":[{"embeddable":true,"href":"https:\/\/saumaustarvike.fi\/verkkokauppa\/wp-json\/wp\/v2\/media\/16383"}],"wp:attachment":[{"href":"https:\/\/saumaustarvike.fi\/verkkokauppa\/wp-json\/wp\/v2\/media?parent=6565"}],"wp:term":[{"taxonomy":"product_cat","embeddable":true,"href":"https:\/\/saumaustarvike.fi\/verkkokauppa\/wp-json\/wp\/v2\/product_cat?post=6565"},{"taxonomy":"product_tag","embeddable":true,"href":"https:\/\/saumaustarvike.fi\/verkkokauppa\/wp-json\/wp\/v2\/product_tag?post=6565"}],"curies":[{"name":"wp","href":"https:\/\/api.w.org\/{rel}","templated":true}]}}