{"id":6766,"date":"2015-04-28T18:58:54","date_gmt":"2015-04-28T15:58:54","guid":{"rendered":"https:\/\/saumaustarvike.fi\/verkkokauppa\/kauppa\/silikonit\/soudal-silirub-n-neutraali-silikonimassa\/"},"modified":"2024-09-13T18:21:15","modified_gmt":"2024-09-13T15:21:15","slug":"soudal-silirub-n-neutraali-silikonimassa","status":"publish","type":"product","link":"https:\/\/saumaustarvike.fi\/verkkokauppa\/kauppa\/tuotemerkit\/soudal-tuotemerkit\/soudal-silikonipohjaiset-massat\/soudal-silirub-n-neutraali-silikonimassa\/","title":{"rendered":"Soudal Silirub N &#8211; Neutraali silikonimassa"},"content":{"rendered":"<table width=\"100%\">\n<tbody>\n<tr>\n<td class=\"product_row\" colspan=\"2\">\n<h1>Silirub N &#8211; Neutraali, nopealevitteinen silikonimassa<\/h1>\n<table class=\"contentpaneopen\">\n<tbody>\n<tr>\n<td class=\"contentheading\" width=\"100%\"><\/td>\n<td class=\"buttonheading\" align=\"right\" width=\"100%\"><\/td>\n<td class=\"buttonheading\" align=\"right\" width=\"100%\"><\/td>\n<\/tr>\n<\/tbody>\n<\/table>\n<p>&nbsp;<\/p>\n<ul>\n<li>\n<div>Neutraali ja hajuton silikonimassa.<\/div>\n<\/li>\n<li>\n<div>Hyv\u00e4 tartunta useimpiin\u00a0rakennusmateriaaleihin kuten esim. lasi, alumiini, rauta, PVC puu ja\u00a0maalatut pinnat.<\/div>\n<\/li>\n<li>\n<div>Pysyv\u00e4sti elastinen kuivuttuaan.<\/div>\n<\/li>\n<li>\n<div>V\u00e4ri: kirkas ja valkoinen.<\/div>\n<\/li>\n<\/ul>\n<table border=\"0\" cellspacing=\"0\" cellpadding=\"4\">\n<tbody>\n<tr>\n<td>\n<hr \/>\n<h2><strong>TUOTEKUVAUS:<\/strong><\/h2>\n<ul>\n<li>Neutraali silikonimassa.<\/li>\n<\/ul>\n<hr \/>\n<h2><strong>OMINAISUUDET:<\/strong><\/h2>\n<ul>\n<li>Pysyv\u00e4sti elastinen kuivuttuaan.<\/li>\n<li>Ei vanhene eik\u00e4 kutistu.<\/li>\n<li>Pit\u00e4\u00e4 v\u00e4rins\u00e4 ja on vedenkest\u00e4v\u00e4.<\/li>\n<li>Myrkyt\u00f6n kuivuttuaan.<\/li>\n<li>Kest\u00e4\u00e4 useimpia liuottimia ja kemikaaleja.<\/li>\n<li>Kemiallisesti t\u00e4ysin neutraali (ph = 7).<\/li>\n<\/ul>\n<h2><strong>K\u00c4YTT\u00d6KOHTEET:<\/strong><\/h2>\n<ul>\n<li>SILIRUB N sopii kaikentyyppiseen lasitukseen.<\/li>\n<li>Kaikkiin yleisimpiin rakennussaumoihin.<\/li>\n<li>Eritt\u00e4in hyv\u00e4 tartunta ilman primeri\u00e4 lasiin, alumiiniin, rautaan, PVC:hen, puuhun, sinkkiin ja synteettisiin materiaaleihin.<\/li>\n<\/ul>\n<hr \/>\n<\/td>\n<td><\/td>\n<\/tr>\n<tr>\n<td colspan=\"2\">\n<h2><strong>PAKKAUS:<\/strong><\/h2>\n<ul>\n<li>310 ml patruuna.<\/li>\n<\/ul>\n<hr \/>\n<h2><strong>V\u00c4RI:<\/strong><\/h2>\n<ul>\n<li>Kirkas, valkoinen<\/li>\n<\/ul>\n<hr \/>\n<h2><strong>S\u00c4ILYVYYS:<\/strong><\/h2>\n<ul>\n<li>12 kk avaamattomana viile\u00e4ss\u00e4 ja kuivassa paikassa +5\u00b0C &#8211; +25\u00b0C l\u00e4mp\u00f6tilassa.<\/li>\n<\/ul>\n<hr \/>\n<h2><strong>TEKNISET TIEDOT:<\/strong><\/h2>\n<ul>\n<li>Perusaine: polysiloksaani<\/li>\n<li>Koostumus: helppolevitteinen tahna<\/li>\n<li>Kuivumistapa: ilmankosteuden vaikutuksesta<\/li>\n<li>Nahkoittuminen: noin 10 min (20\u00b0C \/ 65 % RH)<\/li>\n<li>Kuivumisnopeus: 1 mm\/24 h (20\u00b0C \/ 65 % RH)<\/li>\n<li>Kovuus (Shore A): 28 \u00b1 5<\/li>\n<li>Murtovenym\u00e4: 800 %<\/li>\n<li>Vetolujuus: 1.50 N\/mm\u00b2<\/li>\n<li>E-modulus 100%: 0.40 N\/mm\u00b2<\/li>\n<li>Elastinen palautuminen: &gt; 80 %<\/li>\n<li>Kutistuminen: ei kutistu<\/li>\n<li>Ominaispaino: noin 1.03-1.36 g\/cm\u00b3<\/li>\n<li>L\u00e4mp\u00f6tilan kesto: -50\u00b0C &#8211; +120\u00baC<\/li>\n<li>Sauman max. liike: 25 %.<\/li>\n<\/ul>\n<hr \/>\n<h2><strong>PINTA:<\/strong><\/h2>\n<ul>\n<li>Kaikki tyypillisimm\u00e4t rakennusmateriaalit.<\/li>\n<li>Pinnan tulee olla kuiva, puhdas, p\u00f6lyt\u00f6n ja rasvaton.<\/li>\n<li>Esivalmistelu: huokoiset pinnat tulee k\u00e4sitell\u00e4 Primer 100 esik\u00e4sittelyaineella.<\/li>\n<\/ul>\n<hr \/>\n<h2><strong>K\u00c4YTT\u00d6OHJEET:<\/strong><\/h2>\n<ul>\n<li>Levit\u00e4 k\u00e4si- tai paineilmak\u00e4ytt\u00f6isell\u00e4 saumauspistoolilla.<\/li>\n<li>K\u00e4ytt\u00f6l\u00e4mp\u00f6tila: +1\u00baC &#8211; +30\u00baC.<\/li>\n<li>Viimeistele saumat saippuavedell\u00e4 ennen nahkoittumista.<\/li>\n<li>Puhdistus: lakkabensiinill\u00e4 heti k\u00e4yt\u00f6n j\u00e4lkeen.<\/li>\n<li>Korjaus: Silirub N.<\/li>\n<\/ul>\n<h2><strong>Suositeltu sauman koko:<\/strong><\/h2>\n<ul>\n<li>Minimi leveys: 5 mm.<\/li>\n<li>Maksimi leveys: 30 mm<\/li>\n<li>Minimi syvyys: 5 mm<\/li>\n<li>Suositus: sauman leveys = 2 x sauman syvyys<\/li>\n<\/ul>\n<\/td>\n<\/tr>\n<\/tbody>\n<\/table>\n<\/td>\n<\/tr>\n<\/tbody>\n<\/table>\n","protected":false},"excerpt":{"rendered":"<p>Neutraali ja hajuton silikonimassa.\u00a0Hyv\u00e4 tartunta useimpiin\u00a0rakennusmateriaaleihin kuten esim. lasi, alumiini, rauta, PVC puu ja\u00a0maalatut pinnat.\u00a0Pysyv\u00e4sti elastinen kuivuttuaan.<\/p>\n","protected":false},"featured_media":16873,"comment_status":"open","ping_status":"closed","template":"","meta":{"_acf_changed":false},"product_cat":[1627,1549,2188,1553],"product_tag":[166,331,76,31,116,143,320,79,80],"class_list":{"0":"post-6766","1":"product","2":"type-product","3":"status-publish","4":"has-post-thumbnail","6":"product_brand-soudal","7":"product_cat-saumaus","8":"product_cat-silikonipohjaiset","9":"product_cat-soudal-silikonipohjaiset-massat","10":"product_cat-tiivistys-tuotteet","11":"product_tag-lasisilikoni","12":"product_tag-neutraali","13":"product_tag-saumaus","14":"product_tag-saumausmassat","15":"product_tag-silikoni","16":"product_tag-sisakayttoon","17":"product_tag-soudal","18":"product_tag-tiiviste","19":"product_tag-tiivistys-2","20":"pa_vari-kirkas","21":"pa_vari-valkoinen","23":"first","24":"onbackorder","25":"taxable","26":"shipping-taxable","27":"purchasable","28":"product-type-variable"},"acf":[],"yoast_head":"<!-- This site is optimized with the Yoast SEO plugin v27.5 - https:\/\/yoast.com\/product\/yoast-seo-wordpress\/ -->\n<title>Soudal Silirub N - Neutraali silikonimassa - Saumaustarvike.fi<\/title>\n<meta name=\"description\" content=\"Neutraali ja hajuton silikonimassa. Hyv\u00e4 tartunta useimpiin rakennusmateriaaleihin kuten esim. lasi, alumiini, rauta, PVC puu ja maalatut pinnat.\" \/>\n<meta name=\"robots\" content=\"index, follow, max-snippet:-1, max-image-preview:large, max-video-preview:-1\" \/>\n<link rel=\"canonical\" href=\"https:\/\/saumaustarvike.fi\/verkkokauppa\/kauppa\/tuotemerkit\/soudal-tuotemerkit\/soudal-silikonipohjaiset-massat\/soudal-silirub-n-neutraali-silikonimassa\/\" \/>\n<meta property=\"og:locale\" content=\"fi_FI\" \/>\n<meta property=\"og:type\" content=\"article\" \/>\n<meta property=\"og:title\" content=\"Soudal Silirub N - Neutraali silikonimassa - Saumaustarvike.fi\" \/>\n<meta property=\"og:description\" content=\"Neutraali ja hajuton silikonimassa. Hyv\u00e4 tartunta useimpiin rakennusmateriaaleihin kuten esim. lasi, alumiini, rauta, PVC puu ja maalatut pinnat.\" \/>\n<meta property=\"og:url\" content=\"https:\/\/saumaustarvike.fi\/verkkokauppa\/kauppa\/tuotemerkit\/soudal-tuotemerkit\/soudal-silikonipohjaiset-massat\/soudal-silirub-n-neutraali-silikonimassa\/\" \/>\n<meta property=\"og:site_name\" content=\"Saumaustarvike.fi\" \/>\n<meta property=\"article:publisher\" content=\"https:\/\/www.facebook.com\/Saumalaakso\" \/>\n<meta property=\"article:modified_time\" content=\"2024-09-13T15:21:15+00:00\" \/>\n<meta property=\"og:image\" content=\"https:\/\/saumaustarvike.fi\/verkkokauppa\/wp-content\/uploads\/2015\/04\/Silirub-N.jpg\" \/>\n\t<meta property=\"og:image:width\" content=\"700\" \/>\n\t<meta property=\"og:image:height\" content=\"525\" \/>\n\t<meta property=\"og:image:type\" content=\"image\/jpeg\" \/>\n<meta name=\"twitter:label1\" content=\"Arvioitu lukuaika\" \/>\n\t<meta name=\"twitter:data1\" content=\"2 minuuttia\" \/>\n<script type=\"application\/ld+json\" class=\"yoast-schema-graph\">{\"@context\":\"https:\\\/\\\/schema.org\",\"@graph\":[{\"@type\":\"WebPage\",\"@id\":\"https:\\\/\\\/saumaustarvike.fi\\\/verkkokauppa\\\/kauppa\\\/tuotemerkit\\\/soudal-tuotemerkit\\\/soudal-silikonipohjaiset-massat\\\/soudal-silirub-n-neutraali-silikonimassa\\\/\",\"url\":\"https:\\\/\\\/saumaustarvike.fi\\\/verkkokauppa\\\/kauppa\\\/tuotemerkit\\\/soudal-tuotemerkit\\\/soudal-silikonipohjaiset-massat\\\/soudal-silirub-n-neutraali-silikonimassa\\\/\",\"name\":\"Soudal Silirub N - Neutraali silikonimassa - Saumaustarvike.fi\",\"isPartOf\":{\"@id\":\"https:\\\/\\\/saumaustarvike.fi\\\/verkkokauppa\\\/#website\"},\"primaryImageOfPage\":{\"@id\":\"https:\\\/\\\/saumaustarvike.fi\\\/verkkokauppa\\\/kauppa\\\/tuotemerkit\\\/soudal-tuotemerkit\\\/soudal-silikonipohjaiset-massat\\\/soudal-silirub-n-neutraali-silikonimassa\\\/#primaryimage\"},\"image\":{\"@id\":\"https:\\\/\\\/saumaustarvike.fi\\\/verkkokauppa\\\/kauppa\\\/tuotemerkit\\\/soudal-tuotemerkit\\\/soudal-silikonipohjaiset-massat\\\/soudal-silirub-n-neutraali-silikonimassa\\\/#primaryimage\"},\"thumbnailUrl\":\"https:\\\/\\\/saumaustarvike.fi\\\/verkkokauppa\\\/wp-content\\\/uploads\\\/2015\\\/04\\\/Silirub-N.jpg\",\"datePublished\":\"2015-04-28T15:58:54+00:00\",\"dateModified\":\"2024-09-13T15:21:15+00:00\",\"description\":\"Neutraali ja hajuton silikonimassa. Hyv\u00e4 tartunta useimpiin rakennusmateriaaleihin kuten esim. lasi, alumiini, rauta, PVC puu ja maalatut pinnat.\",\"breadcrumb\":{\"@id\":\"https:\\\/\\\/saumaustarvike.fi\\\/verkkokauppa\\\/kauppa\\\/tuotemerkit\\\/soudal-tuotemerkit\\\/soudal-silikonipohjaiset-massat\\\/soudal-silirub-n-neutraali-silikonimassa\\\/#breadcrumb\"},\"inLanguage\":\"fi\",\"potentialAction\":[{\"@type\":\"ReadAction\",\"target\":[\"https:\\\/\\\/saumaustarvike.fi\\\/verkkokauppa\\\/kauppa\\\/tuotemerkit\\\/soudal-tuotemerkit\\\/soudal-silikonipohjaiset-massat\\\/soudal-silirub-n-neutraali-silikonimassa\\\/\"]}]},{\"@type\":\"ImageObject\",\"inLanguage\":\"fi\",\"@id\":\"https:\\\/\\\/saumaustarvike.fi\\\/verkkokauppa\\\/kauppa\\\/tuotemerkit\\\/soudal-tuotemerkit\\\/soudal-silikonipohjaiset-massat\\\/soudal-silirub-n-neutraali-silikonimassa\\\/#primaryimage\",\"url\":\"https:\\\/\\\/saumaustarvike.fi\\\/verkkokauppa\\\/wp-content\\\/uploads\\\/2015\\\/04\\\/Silirub-N.jpg\",\"contentUrl\":\"https:\\\/\\\/saumaustarvike.fi\\\/verkkokauppa\\\/wp-content\\\/uploads\\\/2015\\\/04\\\/Silirub-N.jpg\",\"width\":700,\"height\":525},{\"@type\":\"BreadcrumbList\",\"@id\":\"https:\\\/\\\/saumaustarvike.fi\\\/verkkokauppa\\\/kauppa\\\/tuotemerkit\\\/soudal-tuotemerkit\\\/soudal-silikonipohjaiset-massat\\\/soudal-silirub-n-neutraali-silikonimassa\\\/#breadcrumb\",\"itemListElement\":[{\"@type\":\"ListItem\",\"position\":1,\"name\":\"Home\",\"item\":\"https:\\\/\\\/saumaustarvike.fi\\\/verkkokauppa\\\/\"},{\"@type\":\"ListItem\",\"position\":2,\"name\":\"Saumausmassat, tarvikkeet ja ty\u00f6kalut\",\"item\":\"https:\\\/\\\/saumaustarvike.fi\\\/verkkokauppa\\\/kauppa\\\/\"},{\"@type\":\"ListItem\",\"position\":3,\"name\":\"Soudal Silirub N &#8211; Neutraali silikonimassa\"}]},{\"@type\":\"WebSite\",\"@id\":\"https:\\\/\\\/saumaustarvike.fi\\\/verkkokauppa\\\/#website\",\"url\":\"https:\\\/\\\/saumaustarvike.fi\\\/verkkokauppa\\\/\",\"name\":\"Saumaustarvike.fi\",\"description\":\"Saumausmassat, tarvikkeet ja ty&ouml;kalut\",\"publisher\":{\"@id\":\"https:\\\/\\\/saumaustarvike.fi\\\/verkkokauppa\\\/#organization\"},\"potentialAction\":[{\"@type\":\"SearchAction\",\"target\":{\"@type\":\"EntryPoint\",\"urlTemplate\":\"https:\\\/\\\/saumaustarvike.fi\\\/verkkokauppa\\\/?s={search_term_string}\"},\"query-input\":{\"@type\":\"PropertyValueSpecification\",\"valueRequired\":true,\"valueName\":\"search_term_string\"}}],\"inLanguage\":\"fi\"},{\"@type\":\"Organization\",\"@id\":\"https:\\\/\\\/saumaustarvike.fi\\\/verkkokauppa\\\/#organization\",\"name\":\"Saumaustarvike.fi\",\"url\":\"https:\\\/\\\/saumaustarvike.fi\\\/verkkokauppa\\\/\",\"logo\":{\"@type\":\"ImageObject\",\"inLanguage\":\"fi\",\"@id\":\"https:\\\/\\\/saumaustarvike.fi\\\/verkkokauppa\\\/#\\\/schema\\\/logo\\\/image\\\/\",\"url\":\"https:\\\/\\\/saumaustarvike.fi\\\/verkkokauppa\\\/wp-content\\\/uploads\\\/2019\\\/02\\\/logo.png\",\"contentUrl\":\"https:\\\/\\\/saumaustarvike.fi\\\/verkkokauppa\\\/wp-content\\\/uploads\\\/2019\\\/02\\\/logo.png\",\"width\":806,\"height\":150,\"caption\":\"Saumaustarvike.fi\"},\"image\":{\"@id\":\"https:\\\/\\\/saumaustarvike.fi\\\/verkkokauppa\\\/#\\\/schema\\\/logo\\\/image\\\/\"},\"sameAs\":[\"https:\\\/\\\/www.facebook.com\\\/Saumalaakso\"]}]}<\/script>\n<!-- \/ Yoast SEO plugin. -->","yoast_head_json":{"title":"Soudal Silirub N - Neutraali silikonimassa - Saumaustarvike.fi","description":"Neutraali ja hajuton silikonimassa. Hyv\u00e4 tartunta useimpiin rakennusmateriaaleihin kuten esim. lasi, alumiini, rauta, PVC puu ja maalatut pinnat.","robots":{"index":"index","follow":"follow","max-snippet":"max-snippet:-1","max-image-preview":"max-image-preview:large","max-video-preview":"max-video-preview:-1"},"canonical":"https:\/\/saumaustarvike.fi\/verkkokauppa\/kauppa\/tuotemerkit\/soudal-tuotemerkit\/soudal-silikonipohjaiset-massat\/soudal-silirub-n-neutraali-silikonimassa\/","og_locale":"fi_FI","og_type":"article","og_title":"Soudal Silirub N - Neutraali silikonimassa - Saumaustarvike.fi","og_description":"Neutraali ja hajuton silikonimassa. Hyv\u00e4 tartunta useimpiin rakennusmateriaaleihin kuten esim. lasi, alumiini, rauta, PVC puu ja maalatut pinnat.","og_url":"https:\/\/saumaustarvike.fi\/verkkokauppa\/kauppa\/tuotemerkit\/soudal-tuotemerkit\/soudal-silikonipohjaiset-massat\/soudal-silirub-n-neutraali-silikonimassa\/","og_site_name":"Saumaustarvike.fi","article_publisher":"https:\/\/www.facebook.com\/Saumalaakso","article_modified_time":"2024-09-13T15:21:15+00:00","og_image":[{"width":700,"height":525,"url":"https:\/\/saumaustarvike.fi\/verkkokauppa\/wp-content\/uploads\/2015\/04\/Silirub-N.jpg","type":"image\/jpeg"}],"twitter_misc":{"Arvioitu lukuaika":"2 minuuttia"},"schema":{"@context":"https:\/\/schema.org","@graph":[{"@type":"WebPage","@id":"https:\/\/saumaustarvike.fi\/verkkokauppa\/kauppa\/tuotemerkit\/soudal-tuotemerkit\/soudal-silikonipohjaiset-massat\/soudal-silirub-n-neutraali-silikonimassa\/","url":"https:\/\/saumaustarvike.fi\/verkkokauppa\/kauppa\/tuotemerkit\/soudal-tuotemerkit\/soudal-silikonipohjaiset-massat\/soudal-silirub-n-neutraali-silikonimassa\/","name":"Soudal Silirub N - Neutraali silikonimassa - Saumaustarvike.fi","isPartOf":{"@id":"https:\/\/saumaustarvike.fi\/verkkokauppa\/#website"},"primaryImageOfPage":{"@id":"https:\/\/saumaustarvike.fi\/verkkokauppa\/kauppa\/tuotemerkit\/soudal-tuotemerkit\/soudal-silikonipohjaiset-massat\/soudal-silirub-n-neutraali-silikonimassa\/#primaryimage"},"image":{"@id":"https:\/\/saumaustarvike.fi\/verkkokauppa\/kauppa\/tuotemerkit\/soudal-tuotemerkit\/soudal-silikonipohjaiset-massat\/soudal-silirub-n-neutraali-silikonimassa\/#primaryimage"},"thumbnailUrl":"https:\/\/saumaustarvike.fi\/verkkokauppa\/wp-content\/uploads\/2015\/04\/Silirub-N.jpg","datePublished":"2015-04-28T15:58:54+00:00","dateModified":"2024-09-13T15:21:15+00:00","description":"Neutraali ja hajuton silikonimassa. Hyv\u00e4 tartunta useimpiin rakennusmateriaaleihin kuten esim. lasi, alumiini, rauta, PVC puu ja maalatut pinnat.","breadcrumb":{"@id":"https:\/\/saumaustarvike.fi\/verkkokauppa\/kauppa\/tuotemerkit\/soudal-tuotemerkit\/soudal-silikonipohjaiset-massat\/soudal-silirub-n-neutraali-silikonimassa\/#breadcrumb"},"inLanguage":"fi","potentialAction":[{"@type":"ReadAction","target":["https:\/\/saumaustarvike.fi\/verkkokauppa\/kauppa\/tuotemerkit\/soudal-tuotemerkit\/soudal-silikonipohjaiset-massat\/soudal-silirub-n-neutraali-silikonimassa\/"]}]},{"@type":"ImageObject","inLanguage":"fi","@id":"https:\/\/saumaustarvike.fi\/verkkokauppa\/kauppa\/tuotemerkit\/soudal-tuotemerkit\/soudal-silikonipohjaiset-massat\/soudal-silirub-n-neutraali-silikonimassa\/#primaryimage","url":"https:\/\/saumaustarvike.fi\/verkkokauppa\/wp-content\/uploads\/2015\/04\/Silirub-N.jpg","contentUrl":"https:\/\/saumaustarvike.fi\/verkkokauppa\/wp-content\/uploads\/2015\/04\/Silirub-N.jpg","width":700,"height":525},{"@type":"BreadcrumbList","@id":"https:\/\/saumaustarvike.fi\/verkkokauppa\/kauppa\/tuotemerkit\/soudal-tuotemerkit\/soudal-silikonipohjaiset-massat\/soudal-silirub-n-neutraali-silikonimassa\/#breadcrumb","itemListElement":[{"@type":"ListItem","position":1,"name":"Home","item":"https:\/\/saumaustarvike.fi\/verkkokauppa\/"},{"@type":"ListItem","position":2,"name":"Saumausmassat, tarvikkeet ja ty\u00f6kalut","item":"https:\/\/saumaustarvike.fi\/verkkokauppa\/kauppa\/"},{"@type":"ListItem","position":3,"name":"Soudal Silirub N &#8211; Neutraali silikonimassa"}]},{"@type":"WebSite","@id":"https:\/\/saumaustarvike.fi\/verkkokauppa\/#website","url":"https:\/\/saumaustarvike.fi\/verkkokauppa\/","name":"Saumaustarvike.fi","description":"Saumausmassat, tarvikkeet ja ty&ouml;kalut","publisher":{"@id":"https:\/\/saumaustarvike.fi\/verkkokauppa\/#organization"},"potentialAction":[{"@type":"SearchAction","target":{"@type":"EntryPoint","urlTemplate":"https:\/\/saumaustarvike.fi\/verkkokauppa\/?s={search_term_string}"},"query-input":{"@type":"PropertyValueSpecification","valueRequired":true,"valueName":"search_term_string"}}],"inLanguage":"fi"},{"@type":"Organization","@id":"https:\/\/saumaustarvike.fi\/verkkokauppa\/#organization","name":"Saumaustarvike.fi","url":"https:\/\/saumaustarvike.fi\/verkkokauppa\/","logo":{"@type":"ImageObject","inLanguage":"fi","@id":"https:\/\/saumaustarvike.fi\/verkkokauppa\/#\/schema\/logo\/image\/","url":"https:\/\/saumaustarvike.fi\/verkkokauppa\/wp-content\/uploads\/2019\/02\/logo.png","contentUrl":"https:\/\/saumaustarvike.fi\/verkkokauppa\/wp-content\/uploads\/2019\/02\/logo.png","width":806,"height":150,"caption":"Saumaustarvike.fi"},"image":{"@id":"https:\/\/saumaustarvike.fi\/verkkokauppa\/#\/schema\/logo\/image\/"},"sameAs":["https:\/\/www.facebook.com\/Saumalaakso"]}]}},"jetpack_sharing_enabled":true,"_links":{"self":[{"href":"https:\/\/saumaustarvike.fi\/verkkokauppa\/wp-json\/wp\/v2\/product\/6766","targetHints":{"allow":["GET"]}}],"collection":[{"href":"https:\/\/saumaustarvike.fi\/verkkokauppa\/wp-json\/wp\/v2\/product"}],"about":[{"href":"https:\/\/saumaustarvike.fi\/verkkokauppa\/wp-json\/wp\/v2\/types\/product"}],"replies":[{"embeddable":true,"href":"https:\/\/saumaustarvike.fi\/verkkokauppa\/wp-json\/wp\/v2\/comments?post=6766"}],"wp:featuredmedia":[{"embeddable":true,"href":"https:\/\/saumaustarvike.fi\/verkkokauppa\/wp-json\/wp\/v2\/media\/16873"}],"wp:attachment":[{"href":"https:\/\/saumaustarvike.fi\/verkkokauppa\/wp-json\/wp\/v2\/media?parent=6766"}],"wp:term":[{"taxonomy":"product_cat","embeddable":true,"href":"https:\/\/saumaustarvike.fi\/verkkokauppa\/wp-json\/wp\/v2\/product_cat?post=6766"},{"taxonomy":"product_tag","embeddable":true,"href":"https:\/\/saumaustarvike.fi\/verkkokauppa\/wp-json\/wp\/v2\/product_tag?post=6766"}],"curies":[{"name":"wp","href":"https:\/\/api.w.org\/{rel}","templated":true}]}}