{"id":7269,"date":"2015-07-02T08:22:41","date_gmt":"2015-07-02T05:22:41","guid":{"rendered":"https:\/\/saumaustarvike.fi\/verkkokauppa\/kauppa\/silikonit\/soudal-silirub-cleanroom\/"},"modified":"2024-09-13T18:20:20","modified_gmt":"2024-09-13T15:20:20","slug":"soudal-silirub-cleanroom","status":"publish","type":"product","link":"https:\/\/saumaustarvike.fi\/verkkokauppa\/kauppa\/tuotemerkit\/soudal-tuotemerkit\/soudal-silikonipohjaiset-massat\/soudal-silirub-cleanroom\/","title":{"rendered":"Soudal Silirub Cleanroom"},"content":{"rendered":"<h1>Soudal Silirub Cleanroom &#8211;\u00a0Neutraali silikonimassa \u2013 Puhdastilat \/ leikkaussalit<\/h1>\n<p>Silirub Cleanroom on korkealaatuinen, 1-komponenttinen, kemiallisesti neutraali silikonimassa erityist\u00e4 puhtautta vaativien tilojen kuten sairaaloiden, leikkaussalien, laboratorioiden, l\u00e4\u00e4ke- ja elintarviketeollisuuden tilojen saumauksiin ja tiivistyksiin. Sis\u00e4lt\u00e4\u00e4 BethoguardTM antibaktee-riasuojauksen, joka on kehitetty yhdess\u00e4 Janssen Pharmaceutican kanssa.<\/p>\n<h2>Ominaisuudet:<\/h2>\n<p>&#8211; Helppo k\u00e4ytt\u00e4\u00e4 ja viimeistell\u00e4.<br \/>\n&#8211; Pysyv\u00e4sti elastinen kuivuttuaan.<br \/>\n&#8211; Kest\u00e4\u00e4 auringon uv-s\u00e4teily\u00e4 ja kaikkia s\u00e4\u00e4-olosuhteita muuttamatta v\u00e4ri\u00e4\u00e4n.<br \/>\n&#8211; Eritt\u00e4in hyv\u00e4 tartuntakyky useimpiin raken-nusmateriaaleihin.<br \/>\n&#8211; Pitk\u00e4 nahkoittumisaika antaa lis\u00e4aikaa sau-mausten viimeistelyyn.<br \/>\n&#8211; Elintarvikekelpoinen (FDA hyv\u00e4ksynt\u00e4).<\/p>\n<h2>K\u00e4ytt\u00f6kohteet:<\/h2>\n<p>&#8211; Puhdastilojen tiivistykset ja saumaukset.<br \/>\n&#8211; Sairaalatilojen kuten erityisesti leikkaussalien, laboratorioiden ja muiden \u00e4\u00e4rimm\u00e4ist\u00e4 puhta-utta vaativien tilojen saumaukset.<br \/>\n&#8211; Elintarviketeollisuustilojen saumaukset ja tiivistykset.<br \/>\n&#8211; Elintarvikkeiden kuljetuskaluston saumaukset ja tiivistykset.<br \/>\n&#8211; Liikuntasaumaukset puhdastiloissa.<\/p>\n<h2>Testit ja hyv\u00e4ksynn\u00e4t:<\/h2>\n<p>&#8211; IKI (Institut f\u00fcr Krankenhaushygiene und In-fektionskontrolle, Giessen, Saksa) \u2013 desinfi-ointi ja mikro-organismisuoja<br \/>\no Testattu Trespa Virtuon levyjen liitos- ja yhtym\u00e4saumoissa.<br \/>\n&#8211; FDA 21 \u00a7 177.2600 (e) ja (f) (IANESCO, Ranska) &#8211; elintarvikekelpoisuus<\/p>\n<h2>Pakkaus:<\/h2>\n<p>310 ml patruuna<\/p>\n<h2>V\u00e4ri:<\/h2>\n<p>valkoinen<\/p>\n","protected":false},"excerpt":{"rendered":"<p>Silirub Cleanroom on korkealaatuinen, 1-komponenttinen, kemiallisesti neutraali silikonimassa erityist\u00e4 puhtautta vaativien tilojen kuten sairaaloiden, leikkaussalien, laboratorioiden, l\u00e4\u00e4ke- ja elintarviketeollisuuden tilojen saumauksiin ja tiivistyksiin.<\/p>\n","protected":false},"featured_media":16397,"comment_status":"open","ping_status":"closed","template":"","meta":{"_acf_changed":false},"product_cat":[1627,1549,2188,1553],"product_tag":[367,331,76,31,116,143,320,79,80],"class_list":{"0":"post-7269","1":"product","2":"type-product","3":"status-publish","4":"has-post-thumbnail","6":"product_brand-soudal","7":"product_cat-saumaus","8":"product_cat-silikonipohjaiset","9":"product_cat-soudal-silikonipohjaiset-massat","10":"product_cat-tiivistys-tuotteet","11":"product_tag-cleanroom","12":"product_tag-neutraali","13":"product_tag-saumaus","14":"product_tag-saumausmassat","15":"product_tag-silikoni","16":"product_tag-sisakayttoon","17":"product_tag-soudal","18":"product_tag-tiiviste","19":"product_tag-tiivistys-2","20":"pa_vari-kirkas","21":"pa_vari-valkoinen","23":"first","24":"instock","25":"taxable","26":"shipping-taxable","27":"purchasable","28":"product-type-simple"},"acf":[],"yoast_head":"<!-- This site is optimized with the Yoast SEO plugin v27.3 - https:\/\/yoast.com\/product\/yoast-seo-wordpress\/ -->\n<title>Soudal Silirub Cleanroom - Saumaustarvike.fi<\/title>\n<meta name=\"description\" content=\"Neutraali silikonimassa puhtautta vaativien tilojen kuten sairaaloiden, laboratorioiden ja elintarviketeollisuuden tilojen saumauksiin ja tiivistyksiin.\" \/>\n<meta name=\"robots\" content=\"index, follow, max-snippet:-1, max-image-preview:large, max-video-preview:-1\" \/>\n<link rel=\"canonical\" href=\"https:\/\/saumaustarvike.fi\/verkkokauppa\/kauppa\/tuotemerkit\/soudal-tuotemerkit\/soudal-silikonipohjaiset-massat\/soudal-silirub-cleanroom\/\" \/>\n<meta property=\"og:locale\" content=\"fi_FI\" \/>\n<meta property=\"og:type\" content=\"article\" \/>\n<meta property=\"og:title\" content=\"Soudal Silirub Cleanroom - Saumaustarvike.fi\" \/>\n<meta property=\"og:description\" content=\"Neutraali silikonimassa puhtautta vaativien tilojen kuten sairaaloiden, laboratorioiden ja elintarviketeollisuuden tilojen saumauksiin ja tiivistyksiin.\" \/>\n<meta property=\"og:url\" content=\"https:\/\/saumaustarvike.fi\/verkkokauppa\/kauppa\/tuotemerkit\/soudal-tuotemerkit\/soudal-silikonipohjaiset-massat\/soudal-silirub-cleanroom\/\" \/>\n<meta property=\"og:site_name\" content=\"Saumaustarvike.fi\" \/>\n<meta property=\"article:publisher\" content=\"https:\/\/www.facebook.com\/Saumalaakso\" \/>\n<meta property=\"article:modified_time\" content=\"2024-09-13T15:20:20+00:00\" \/>\n<meta property=\"og:image\" content=\"https:\/\/saumaustarvike.fi\/verkkokauppa\/content\/uploads\/2015\/07\/saumaustarvike-Soudal-Silirub-Cleanroom.jpg\" \/>\n\t<meta property=\"og:image:width\" content=\"1000\" \/>\n\t<meta property=\"og:image:height\" content=\"1000\" \/>\n\t<meta property=\"og:image:type\" content=\"image\/jpeg\" \/>\n<meta name=\"twitter:label1\" content=\"Arvioitu lukuaika\" \/>\n\t<meta name=\"twitter:data1\" content=\"1 minuutti\" \/>\n<script type=\"application\/ld+json\" class=\"yoast-schema-graph\">{\"@context\":\"https:\\\/\\\/schema.org\",\"@graph\":[{\"@type\":\"WebPage\",\"@id\":\"https:\\\/\\\/saumaustarvike.fi\\\/verkkokauppa\\\/kauppa\\\/tuotemerkit\\\/soudal-tuotemerkit\\\/soudal-silikonipohjaiset-massat\\\/soudal-silirub-cleanroom\\\/\",\"url\":\"https:\\\/\\\/saumaustarvike.fi\\\/verkkokauppa\\\/kauppa\\\/tuotemerkit\\\/soudal-tuotemerkit\\\/soudal-silikonipohjaiset-massat\\\/soudal-silirub-cleanroom\\\/\",\"name\":\"Soudal Silirub Cleanroom - Saumaustarvike.fi\",\"isPartOf\":{\"@id\":\"https:\\\/\\\/saumaustarvike.fi\\\/verkkokauppa\\\/#website\"},\"primaryImageOfPage\":{\"@id\":\"https:\\\/\\\/saumaustarvike.fi\\\/verkkokauppa\\\/kauppa\\\/tuotemerkit\\\/soudal-tuotemerkit\\\/soudal-silikonipohjaiset-massat\\\/soudal-silirub-cleanroom\\\/#primaryimage\"},\"image\":{\"@id\":\"https:\\\/\\\/saumaustarvike.fi\\\/verkkokauppa\\\/kauppa\\\/tuotemerkit\\\/soudal-tuotemerkit\\\/soudal-silikonipohjaiset-massat\\\/soudal-silirub-cleanroom\\\/#primaryimage\"},\"thumbnailUrl\":\"https:\\\/\\\/saumaustarvike.fi\\\/verkkokauppa\\\/wp-content\\\/uploads\\\/2015\\\/07\\\/saumaustarvike-Soudal-Silirub-Cleanroom.jpg\",\"datePublished\":\"2015-07-02T05:22:41+00:00\",\"dateModified\":\"2024-09-13T15:20:20+00:00\",\"description\":\"Neutraali silikonimassa puhtautta vaativien tilojen kuten sairaaloiden, laboratorioiden ja elintarviketeollisuuden tilojen saumauksiin ja tiivistyksiin.\",\"breadcrumb\":{\"@id\":\"https:\\\/\\\/saumaustarvike.fi\\\/verkkokauppa\\\/kauppa\\\/tuotemerkit\\\/soudal-tuotemerkit\\\/soudal-silikonipohjaiset-massat\\\/soudal-silirub-cleanroom\\\/#breadcrumb\"},\"inLanguage\":\"fi\",\"potentialAction\":[{\"@type\":\"ReadAction\",\"target\":[\"https:\\\/\\\/saumaustarvike.fi\\\/verkkokauppa\\\/kauppa\\\/tuotemerkit\\\/soudal-tuotemerkit\\\/soudal-silikonipohjaiset-massat\\\/soudal-silirub-cleanroom\\\/\"]}]},{\"@type\":\"ImageObject\",\"inLanguage\":\"fi\",\"@id\":\"https:\\\/\\\/saumaustarvike.fi\\\/verkkokauppa\\\/kauppa\\\/tuotemerkit\\\/soudal-tuotemerkit\\\/soudal-silikonipohjaiset-massat\\\/soudal-silirub-cleanroom\\\/#primaryimage\",\"url\":\"https:\\\/\\\/saumaustarvike.fi\\\/verkkokauppa\\\/wp-content\\\/uploads\\\/2015\\\/07\\\/saumaustarvike-Soudal-Silirub-Cleanroom.jpg\",\"contentUrl\":\"https:\\\/\\\/saumaustarvike.fi\\\/verkkokauppa\\\/wp-content\\\/uploads\\\/2015\\\/07\\\/saumaustarvike-Soudal-Silirub-Cleanroom.jpg\",\"width\":1000,\"height\":1000},{\"@type\":\"BreadcrumbList\",\"@id\":\"https:\\\/\\\/saumaustarvike.fi\\\/verkkokauppa\\\/kauppa\\\/tuotemerkit\\\/soudal-tuotemerkit\\\/soudal-silikonipohjaiset-massat\\\/soudal-silirub-cleanroom\\\/#breadcrumb\",\"itemListElement\":[{\"@type\":\"ListItem\",\"position\":1,\"name\":\"Home\",\"item\":\"https:\\\/\\\/saumaustarvike.fi\\\/verkkokauppa\\\/\"},{\"@type\":\"ListItem\",\"position\":2,\"name\":\"Saumausmassat, tarvikkeet ja ty\u00f6kalut\",\"item\":\"https:\\\/\\\/saumaustarvike.fi\\\/verkkokauppa\\\/kauppa\\\/\"},{\"@type\":\"ListItem\",\"position\":3,\"name\":\"Soudal Silirub Cleanroom\"}]},{\"@type\":\"WebSite\",\"@id\":\"https:\\\/\\\/saumaustarvike.fi\\\/verkkokauppa\\\/#website\",\"url\":\"https:\\\/\\\/saumaustarvike.fi\\\/verkkokauppa\\\/\",\"name\":\"Saumaustarvike.fi\",\"description\":\"Saumausmassat, tarvikkeet ja ty&ouml;kalut\",\"publisher\":{\"@id\":\"https:\\\/\\\/saumaustarvike.fi\\\/verkkokauppa\\\/#organization\"},\"potentialAction\":[{\"@type\":\"SearchAction\",\"target\":{\"@type\":\"EntryPoint\",\"urlTemplate\":\"https:\\\/\\\/saumaustarvike.fi\\\/verkkokauppa\\\/?s={search_term_string}\"},\"query-input\":{\"@type\":\"PropertyValueSpecification\",\"valueRequired\":true,\"valueName\":\"search_term_string\"}}],\"inLanguage\":\"fi\"},{\"@type\":\"Organization\",\"@id\":\"https:\\\/\\\/saumaustarvike.fi\\\/verkkokauppa\\\/#organization\",\"name\":\"Saumaustarvike.fi\",\"url\":\"https:\\\/\\\/saumaustarvike.fi\\\/verkkokauppa\\\/\",\"logo\":{\"@type\":\"ImageObject\",\"inLanguage\":\"fi\",\"@id\":\"https:\\\/\\\/saumaustarvike.fi\\\/verkkokauppa\\\/#\\\/schema\\\/logo\\\/image\\\/\",\"url\":\"https:\\\/\\\/saumaustarvike.fi\\\/verkkokauppa\\\/wp-content\\\/uploads\\\/2019\\\/02\\\/logo.png\",\"contentUrl\":\"https:\\\/\\\/saumaustarvike.fi\\\/verkkokauppa\\\/wp-content\\\/uploads\\\/2019\\\/02\\\/logo.png\",\"width\":806,\"height\":150,\"caption\":\"Saumaustarvike.fi\"},\"image\":{\"@id\":\"https:\\\/\\\/saumaustarvike.fi\\\/verkkokauppa\\\/#\\\/schema\\\/logo\\\/image\\\/\"},\"sameAs\":[\"https:\\\/\\\/www.facebook.com\\\/Saumalaakso\"]}]}<\/script>\n<!-- \/ Yoast SEO plugin. -->","yoast_head_json":{"title":"Soudal Silirub Cleanroom - Saumaustarvike.fi","description":"Neutraali silikonimassa puhtautta vaativien tilojen kuten sairaaloiden, laboratorioiden ja elintarviketeollisuuden tilojen saumauksiin ja tiivistyksiin.","robots":{"index":"index","follow":"follow","max-snippet":"max-snippet:-1","max-image-preview":"max-image-preview:large","max-video-preview":"max-video-preview:-1"},"canonical":"https:\/\/saumaustarvike.fi\/verkkokauppa\/kauppa\/tuotemerkit\/soudal-tuotemerkit\/soudal-silikonipohjaiset-massat\/soudal-silirub-cleanroom\/","og_locale":"fi_FI","og_type":"article","og_title":"Soudal Silirub Cleanroom - Saumaustarvike.fi","og_description":"Neutraali silikonimassa puhtautta vaativien tilojen kuten sairaaloiden, laboratorioiden ja elintarviketeollisuuden tilojen saumauksiin ja tiivistyksiin.","og_url":"https:\/\/saumaustarvike.fi\/verkkokauppa\/kauppa\/tuotemerkit\/soudal-tuotemerkit\/soudal-silikonipohjaiset-massat\/soudal-silirub-cleanroom\/","og_site_name":"Saumaustarvike.fi","article_publisher":"https:\/\/www.facebook.com\/Saumalaakso","article_modified_time":"2024-09-13T15:20:20+00:00","og_image":[{"width":1000,"height":1000,"url":"https:\/\/saumaustarvike.fi\/verkkokauppa\/content\/uploads\/2015\/07\/saumaustarvike-Soudal-Silirub-Cleanroom.jpg","type":"image\/jpeg"}],"twitter_misc":{"Arvioitu lukuaika":"1 minuutti"},"schema":{"@context":"https:\/\/schema.org","@graph":[{"@type":"WebPage","@id":"https:\/\/saumaustarvike.fi\/verkkokauppa\/kauppa\/tuotemerkit\/soudal-tuotemerkit\/soudal-silikonipohjaiset-massat\/soudal-silirub-cleanroom\/","url":"https:\/\/saumaustarvike.fi\/verkkokauppa\/kauppa\/tuotemerkit\/soudal-tuotemerkit\/soudal-silikonipohjaiset-massat\/soudal-silirub-cleanroom\/","name":"Soudal Silirub Cleanroom - Saumaustarvike.fi","isPartOf":{"@id":"https:\/\/saumaustarvike.fi\/verkkokauppa\/#website"},"primaryImageOfPage":{"@id":"https:\/\/saumaustarvike.fi\/verkkokauppa\/kauppa\/tuotemerkit\/soudal-tuotemerkit\/soudal-silikonipohjaiset-massat\/soudal-silirub-cleanroom\/#primaryimage"},"image":{"@id":"https:\/\/saumaustarvike.fi\/verkkokauppa\/kauppa\/tuotemerkit\/soudal-tuotemerkit\/soudal-silikonipohjaiset-massat\/soudal-silirub-cleanroom\/#primaryimage"},"thumbnailUrl":"https:\/\/saumaustarvike.fi\/verkkokauppa\/wp-content\/uploads\/2015\/07\/saumaustarvike-Soudal-Silirub-Cleanroom.jpg","datePublished":"2015-07-02T05:22:41+00:00","dateModified":"2024-09-13T15:20:20+00:00","description":"Neutraali silikonimassa puhtautta vaativien tilojen kuten sairaaloiden, laboratorioiden ja elintarviketeollisuuden tilojen saumauksiin ja tiivistyksiin.","breadcrumb":{"@id":"https:\/\/saumaustarvike.fi\/verkkokauppa\/kauppa\/tuotemerkit\/soudal-tuotemerkit\/soudal-silikonipohjaiset-massat\/soudal-silirub-cleanroom\/#breadcrumb"},"inLanguage":"fi","potentialAction":[{"@type":"ReadAction","target":["https:\/\/saumaustarvike.fi\/verkkokauppa\/kauppa\/tuotemerkit\/soudal-tuotemerkit\/soudal-silikonipohjaiset-massat\/soudal-silirub-cleanroom\/"]}]},{"@type":"ImageObject","inLanguage":"fi","@id":"https:\/\/saumaustarvike.fi\/verkkokauppa\/kauppa\/tuotemerkit\/soudal-tuotemerkit\/soudal-silikonipohjaiset-massat\/soudal-silirub-cleanroom\/#primaryimage","url":"https:\/\/saumaustarvike.fi\/verkkokauppa\/wp-content\/uploads\/2015\/07\/saumaustarvike-Soudal-Silirub-Cleanroom.jpg","contentUrl":"https:\/\/saumaustarvike.fi\/verkkokauppa\/wp-content\/uploads\/2015\/07\/saumaustarvike-Soudal-Silirub-Cleanroom.jpg","width":1000,"height":1000},{"@type":"BreadcrumbList","@id":"https:\/\/saumaustarvike.fi\/verkkokauppa\/kauppa\/tuotemerkit\/soudal-tuotemerkit\/soudal-silikonipohjaiset-massat\/soudal-silirub-cleanroom\/#breadcrumb","itemListElement":[{"@type":"ListItem","position":1,"name":"Home","item":"https:\/\/saumaustarvike.fi\/verkkokauppa\/"},{"@type":"ListItem","position":2,"name":"Saumausmassat, tarvikkeet ja ty\u00f6kalut","item":"https:\/\/saumaustarvike.fi\/verkkokauppa\/kauppa\/"},{"@type":"ListItem","position":3,"name":"Soudal Silirub Cleanroom"}]},{"@type":"WebSite","@id":"https:\/\/saumaustarvike.fi\/verkkokauppa\/#website","url":"https:\/\/saumaustarvike.fi\/verkkokauppa\/","name":"Saumaustarvike.fi","description":"Saumausmassat, tarvikkeet ja ty&ouml;kalut","publisher":{"@id":"https:\/\/saumaustarvike.fi\/verkkokauppa\/#organization"},"potentialAction":[{"@type":"SearchAction","target":{"@type":"EntryPoint","urlTemplate":"https:\/\/saumaustarvike.fi\/verkkokauppa\/?s={search_term_string}"},"query-input":{"@type":"PropertyValueSpecification","valueRequired":true,"valueName":"search_term_string"}}],"inLanguage":"fi"},{"@type":"Organization","@id":"https:\/\/saumaustarvike.fi\/verkkokauppa\/#organization","name":"Saumaustarvike.fi","url":"https:\/\/saumaustarvike.fi\/verkkokauppa\/","logo":{"@type":"ImageObject","inLanguage":"fi","@id":"https:\/\/saumaustarvike.fi\/verkkokauppa\/#\/schema\/logo\/image\/","url":"https:\/\/saumaustarvike.fi\/verkkokauppa\/wp-content\/uploads\/2019\/02\/logo.png","contentUrl":"https:\/\/saumaustarvike.fi\/verkkokauppa\/wp-content\/uploads\/2019\/02\/logo.png","width":806,"height":150,"caption":"Saumaustarvike.fi"},"image":{"@id":"https:\/\/saumaustarvike.fi\/verkkokauppa\/#\/schema\/logo\/image\/"},"sameAs":["https:\/\/www.facebook.com\/Saumalaakso"]}]}},"jetpack_sharing_enabled":true,"_links":{"self":[{"href":"https:\/\/saumaustarvike.fi\/verkkokauppa\/wp-json\/wp\/v2\/product\/7269","targetHints":{"allow":["GET"]}}],"collection":[{"href":"https:\/\/saumaustarvike.fi\/verkkokauppa\/wp-json\/wp\/v2\/product"}],"about":[{"href":"https:\/\/saumaustarvike.fi\/verkkokauppa\/wp-json\/wp\/v2\/types\/product"}],"replies":[{"embeddable":true,"href":"https:\/\/saumaustarvike.fi\/verkkokauppa\/wp-json\/wp\/v2\/comments?post=7269"}],"wp:featuredmedia":[{"embeddable":true,"href":"https:\/\/saumaustarvike.fi\/verkkokauppa\/wp-json\/wp\/v2\/media\/16397"}],"wp:attachment":[{"href":"https:\/\/saumaustarvike.fi\/verkkokauppa\/wp-json\/wp\/v2\/media?parent=7269"}],"wp:term":[{"taxonomy":"product_cat","embeddable":true,"href":"https:\/\/saumaustarvike.fi\/verkkokauppa\/wp-json\/wp\/v2\/product_cat?post=7269"},{"taxonomy":"product_tag","embeddable":true,"href":"https:\/\/saumaustarvike.fi\/verkkokauppa\/wp-json\/wp\/v2\/product_tag?post=7269"}],"curies":[{"name":"wp","href":"https:\/\/api.w.org\/{rel}","templated":true}]}}