{"id":7326,"date":"2015-07-12T00:47:06","date_gmt":"2015-07-11T21:47:06","guid":{"rendered":"https:\/\/saumaustarvike.fi\/verkkokauppa\/kauppa\/akryylisaumamassat\/toimitukset-alkaen-600e\/"},"modified":"2022-09-23T12:12:20","modified_gmt":"2022-09-23T09:12:20","slug":"toimitukset-alkaen-690e","status":"publish","type":"product","link":"https:\/\/saumaustarvike.fi\/verkkokauppa\/kauppa\/tarjoukset\/tarjoukset-tarjoukset\/toimitukset-alkaen-690e\/","title":{"rendered":"Nouto 0 \u20ac &#8211; Toimitukset alkaen 9,00 \u20ac"},"content":{"rendered":"<h1 style=\"text-align: center;\">Nouto 0 \u20ac &#8211; Toimitusmaksu alkaen 9,00 \u20ac<\/h1>\n<p>Nouto <span style=\"text-decoration: underline;\"><strong>0 \u20ac<\/strong><\/span> &#8211; Nouda tuotteet <a href=\"https:\/\/saumaustarvike.fi\/verkkokauppa\/myymala\/\">noutovarastostamme <\/a>osoitteesta: <a href=\"https:\/\/saumaustarvike.fi\/verkkokauppa\/yhteystiedot\/\">K\u00e4\u00e4p\u00e4tie 7, 00760 Helsinki<\/a>\u00a0tai <a href=\"https:\/\/saumaustarvike.fi\/verkkokauppa\/yhteystiedot\/\">Harmokatu 7, 20380 Turku<\/a>. Tilaa tuotteet etuk\u00e4teen, sill\u00e4 meill\u00e4 ei ole noutomyynti\u00e4.<\/p>\n<p>Toimitukset alkaen <span style=\"text-decoration: underline;\"><strong>9,00 \u20ac.<\/strong><\/span><\/p>\n<p><strong>UUTTA!<\/strong> L\u00e4hialue &#8211; <strong>AINA 19,50 \u20ac<\/strong>. Ei VAK\/ADR lisi\u00e4 tai m\u00e4\u00e4r\u00e4rajoitetteita. Varastotilanteen mukaan\u00a0toimitus jopa tunnissa! K\u00e4yt\u00e4n\u00f6ss\u00e4 24h* sis\u00e4ll\u00e4 tilauksesta. Toimitukset arkisin 07-15.<br \/>\n(* Toimitusnopeus riippuu varastotilanteesta. Tilauksen k\u00e4sittelyn yhteydess\u00e4 kerromme toimitusajan)<\/p>\n<p>Toimitus <span style=\"text-decoration: underline;\"><strong>0 \u20ac<\/strong><\/span>, kun kertaosto yli 1000 \u20ac<\/p>\n<div class=\"su-spoiler-title\"><strong>Voiko yksityishenkil\u00f6 ostaa teid\u00e4n tuotteita netiss\u00e4? Yritin mutta ohjelma halusi yrityksen nimen. Minulla ei ole yrityst\u00e4.<\/strong><\/div>\n<div class=\"su-spoiler-content\">\n<p>Suurin osa asiakkaistamme on yritysasiakkaita. Haluamme tarjota mahdollisimman edullisen rahdin asiakkaillemme. Valitettavasti Matkahuolto (Matkahuolto Jakelu) ja DB Schenker hinnoittelee yksityisasiakkaille korkeamman rahtihinnan kuin yritysosoitteisiin. Meid\u00e4n j\u00e4rjestelm\u00e4mme on viel\u00e4 toistaiseksi hiukan \u201ch\u00f6lm\u00f6\u201d ja emme pysty erittelem\u00e4\u00e4n hintaa yksityisille ja yrityksille, joten olemme joutuneet merkitsem\u00e4\u00e4n yrityksen pakollisiksi tiedoiksi. T\u00e4m\u00e4 vain sen takia, jotta asiakkaamme saisiva edullisimman mahdollisen hinnan.<\/p>\n<p>T\u00e4m\u00e4 ei kuitenkaan tarkoita ett\u00e4 emme toimita tai myy yksityisasiakkaille. Mik\u00e4li tarkoitus on noutaa, k\u00e4ytt\u00e4\u00e4 Postin toimitustapoja tai Matkahuollon Bussipakettia, voi yrityksen tietoihin voi kirjoittaa esim. \u201cYksityinen\u201d.<\/p>\n<p><strong>Katso alta tiedot:<\/strong><\/p>\n<p>HUOM! Kassalla pakollinen tieto on <strong>\u201cYritys\u201d<\/strong>. Katso alta ohjeet!<\/p>\n<ul id=\"shipping_method\">\n<li><label for=\"shipping_method_0_flat_rate2\">L\u00e4hialue toimitus (Vain P\u00e4\u00e4kaupunkiseutu)<\/label>\n<ul>\n<li>Toimitetaan my\u00f6s <strong>yksityisille!<\/strong> Yritys tiedoksi kelpaa: <strong>\u201cYksityinen\u201d<\/strong> tai yrityksen nimi<\/li>\n<\/ul>\n<\/li>\n<li><label for=\"shipping_method_0_local_pickup7\">Nouto 0 \u20ac \/ Helsingin varasto, K\u00e4\u00e4p\u00e4tie 7, 00760 Helsinki<\/label>\n<ul>\n<li>Toimitetaan my\u00f6s <strong>yksityisille!<\/strong> Yritys tiedoksi kelpaa: <strong>\u201cYksityinen\u201d<\/strong> tai yrityksen nimi<\/li>\n<\/ul>\n<\/li>\n<li><label for=\"shipping_method_0_local_pickup59\">Nouto 0 \u20ac \/ Turun varasto, Harmokatu 7, 20380 Turku<\/label>\n<ul>\n<li>Toimitetaan my\u00f6s <strong>yksityisille!<\/strong> Yritys tiedoksi kelpaa: <strong>\u201cYksityinen\u201d<\/strong> tai yrityksen nimi<\/li>\n<\/ul>\n<\/li>\n<li><label for=\"shipping_method_0_wb_bussipaketti_shipping_method_sz18\">Matkahuolto Bussipaketti<\/label>\n<ul>\n<li>Toimitetaan my\u00f6s <strong>yksityisille!<\/strong> Yritys tiedoksi kelpaa: <strong>\u201cYksityinen\u201d<\/strong> tai yrityksen nimi<\/li>\n<\/ul>\n<\/li>\n<li><label for=\"shipping_method_0_wb_jakopaketti_shipping_method_sz20\">Matkahuolto Jakopaketti<\/label>\n<ul>\n<li>Toimitetaan\u00a0vain yritysosoitteisiin. <strong>Yritystiedot pakolliset!<\/strong><\/li>\n<\/ul>\n<\/li>\n<li><label for=\"shipping_method_0_flat_rate22\">DB Schenker (lavatoimitus)<\/label>\n<ul>\n<li>Toimitetaan\u00a0vain yritysosoitteisiin. <strong>Yritystiedot pakolliset!<\/strong><\/li>\n<\/ul>\n<\/li>\n<li><label for=\"shipping_method_0_wbs_2b13fe72_db_schenker_jakopaketti\">DB Schenker (jakopaketti)<\/label>\n<ul>\n<li>Toimitetaan\u00a0vain yritysosoitteisiin. <strong>Yritystiedot pakolliset!<\/strong><\/li>\n<\/ul>\n<\/li>\n<li><label for=\"shipping_method_0_wbs_4137aea9_nouto_postista_paketti_postipaketti\">Nouto Postista-paketti (Postipaketti)<\/label>\n<ul>\n<li>Toimitetaan my\u00f6s <strong>yksityisille!<\/strong> Yritys tiedoksi kelpaa: <strong>\u201cYksityinen\u201d<\/strong> tai yrityksen nimi<\/li>\n<\/ul>\n<\/li>\n<li><label for=\"shipping_method_0_wbs_ce787e02_posti_jakopaketti_express_paketti\">Posti Jakopaketti (Express-paketti)<\/label>\n<ul>\n<li>Toimitetaan my\u00f6s <strong>yksityisille!<\/strong> Yritys tiedoksi kelpaa: <strong>\u201cYksityinen\u201d<\/strong> tai yrityksen nimi<\/li>\n<\/ul>\n<\/li>\n<\/ul>\n<\/div>\n<p>Varaamme oikeuden k\u00e4ytt\u00e4\u00e4 edullisinta toimitusmuotoa. Tilaus saatetaan toimittaa usealla eri toimitustavalla.<\/p>\n<h2><a href=\"https:\/\/www.google.fi\/maps\/place\/Saumaustarvike.fi\/@60.2701075,25.0739195,17z\/data=!4m12!1m6!3m5!1s0x46920624b7ae3fb1:0x93ba3efdfce22c0f!2sSaumaustarvike.fi!8m2!3d60.2701075!4d25.0761082!3m4!1s0x46920624b7ae3fb1:0x93ba3efdfce22c0f!8m2!3d60.2701075!4d25.0761082\">Helsinki, K\u00e4\u00e4p\u00e4tie 7<\/a> (<a href=\"tel:0102097500\">010 209 7500<\/a>)<br \/>\n<iframe loading=\"lazy\" src=\"https:\/\/www.google.com\/maps\/embed?pb=!1m18!1m12!1m3!1d1978.5979286577628!2d25.073919516110454!3d60.27010748199789!2m3!1f0!2f0!3f0!3m2!1i1024!2i768!4f13.1!3m3!1m2!1s0x46920624b7ae3fb1%3A0x93ba3efdfce22c0f!2sSaumaustarvike.fi!5e0!3m2!1sfi!2sfi!4v1490611804246\" width=\"600\" height=\"450\" frameborder=\"0\" allowfullscreen=\"allowfullscreen\" data-mce-fragment=\"1\"><\/iframe><\/h2>\n<h2><a href=\"https:\/\/www.google.fi\/maps\/place\/Saumaustarvike\/@60.4855652,22.3089021,15z\/data=!4m5!3m4!1s0x0:0xf7329e88594f2216!8m2!3d60.4855652!4d22.3089021\">Turku, Harmokatu 7<\/a> (<a href=\"tel:0102097500\">010 209 7500<\/a>)<br \/>\n<iframe loading=\"lazy\" src=\"https:\/\/www.google.com\/maps\/embed?pb=!1m14!1m8!1m3!1d7862.221352202928!2d22.3089021!3d60.4855652!3m2!1i1024!2i768!4f13.1!3m3!1m2!1s0x0%3A0xf7329e88594f2216!2sSaumaustarvike!5e0!3m2!1sfi!2sfi!4v1490612265724\" width=\"600\" height=\"450\" frameborder=\"0\" allowfullscreen=\"allowfullscreen\" data-mce-fragment=\"1\"><\/iframe><\/h2>\n","protected":false},"excerpt":{"rendered":"<p>Nouto 0 \u20ac &#8211; Toimitukset alkaen 9,00 \u20ac.<\/p>\n","protected":false},"featured_media":0,"comment_status":"open","ping_status":"closed","template":"","meta":{"_acf_changed":false},"product_cat":[1499],"product_tag":[],"class_list":{"0":"post-7326","1":"product","2":"type-product","3":"status-publish","5":"product_cat-tarjoukset-tarjoukset","7":"first","8":"instock","9":"taxable","10":"shipping-taxable","11":"product-type-simple"},"acf":[],"yoast_head":"<!-- This site is optimized with the Yoast SEO plugin v27.3 - https:\/\/yoast.com\/product\/yoast-seo-wordpress\/ -->\n<title>Nouto 0 \u20ac - Toimitukset alkaen 9,00 \u20ac - Saumaustarvike.fi<\/title>\n<meta name=\"robots\" content=\"index, follow, max-snippet:-1, max-image-preview:large, max-video-preview:-1\" \/>\n<link rel=\"canonical\" href=\"https:\/\/saumaustarvike.fi\/verkkokauppa\/kauppa\/tarjoukset\/tarjoukset-tarjoukset\/toimitukset-alkaen-690e\/\" \/>\n<meta property=\"og:locale\" content=\"fi_FI\" \/>\n<meta property=\"og:type\" content=\"article\" \/>\n<meta property=\"og:title\" content=\"Nouto 0 \u20ac - Toimitukset alkaen 9,00 \u20ac - Saumaustarvike.fi\" \/>\n<meta property=\"og:description\" content=\"Nouto 0 \u20ac - Toimitukset alkaen 9,00 \u20ac.\" \/>\n<meta property=\"og:url\" content=\"https:\/\/saumaustarvike.fi\/verkkokauppa\/kauppa\/tarjoukset\/tarjoukset-tarjoukset\/toimitukset-alkaen-690e\/\" \/>\n<meta property=\"og:site_name\" content=\"Saumaustarvike.fi\" \/>\n<meta property=\"article:publisher\" content=\"https:\/\/www.facebook.com\/Saumalaakso\" \/>\n<meta property=\"article:modified_time\" content=\"2022-09-23T09:12:20+00:00\" \/>\n<meta name=\"twitter:label1\" content=\"Arvioitu lukuaika\" \/>\n\t<meta name=\"twitter:data1\" content=\"3 minuuttia\" \/>\n<script type=\"application\/ld+json\" class=\"yoast-schema-graph\">{\"@context\":\"https:\\\/\\\/schema.org\",\"@graph\":[{\"@type\":\"WebPage\",\"@id\":\"https:\\\/\\\/saumaustarvike.fi\\\/verkkokauppa\\\/kauppa\\\/tarjoukset\\\/tarjoukset-tarjoukset\\\/toimitukset-alkaen-690e\\\/\",\"url\":\"https:\\\/\\\/saumaustarvike.fi\\\/verkkokauppa\\\/kauppa\\\/tarjoukset\\\/tarjoukset-tarjoukset\\\/toimitukset-alkaen-690e\\\/\",\"name\":\"Nouto 0 \u20ac - Toimitukset alkaen 9,00 \u20ac - Saumaustarvike.fi\",\"isPartOf\":{\"@id\":\"https:\\\/\\\/saumaustarvike.fi\\\/verkkokauppa\\\/#website\"},\"datePublished\":\"2015-07-11T21:47:06+00:00\",\"dateModified\":\"2022-09-23T09:12:20+00:00\",\"breadcrumb\":{\"@id\":\"https:\\\/\\\/saumaustarvike.fi\\\/verkkokauppa\\\/kauppa\\\/tarjoukset\\\/tarjoukset-tarjoukset\\\/toimitukset-alkaen-690e\\\/#breadcrumb\"},\"inLanguage\":\"fi\",\"potentialAction\":[{\"@type\":\"ReadAction\",\"target\":[\"https:\\\/\\\/saumaustarvike.fi\\\/verkkokauppa\\\/kauppa\\\/tarjoukset\\\/tarjoukset-tarjoukset\\\/toimitukset-alkaen-690e\\\/\"]}]},{\"@type\":\"BreadcrumbList\",\"@id\":\"https:\\\/\\\/saumaustarvike.fi\\\/verkkokauppa\\\/kauppa\\\/tarjoukset\\\/tarjoukset-tarjoukset\\\/toimitukset-alkaen-690e\\\/#breadcrumb\",\"itemListElement\":[{\"@type\":\"ListItem\",\"position\":1,\"name\":\"Home\",\"item\":\"https:\\\/\\\/saumaustarvike.fi\\\/verkkokauppa\\\/\"},{\"@type\":\"ListItem\",\"position\":2,\"name\":\"Saumausmassat, tarvikkeet ja ty\u00f6kalut\",\"item\":\"https:\\\/\\\/saumaustarvike.fi\\\/verkkokauppa\\\/kauppa\\\/\"},{\"@type\":\"ListItem\",\"position\":3,\"name\":\"Nouto 0 \u20ac &#8211; Toimitukset alkaen 9,00 \u20ac\"}]},{\"@type\":\"WebSite\",\"@id\":\"https:\\\/\\\/saumaustarvike.fi\\\/verkkokauppa\\\/#website\",\"url\":\"https:\\\/\\\/saumaustarvike.fi\\\/verkkokauppa\\\/\",\"name\":\"Saumaustarvike.fi\",\"description\":\"Saumausmassat, tarvikkeet ja ty&ouml;kalut\",\"publisher\":{\"@id\":\"https:\\\/\\\/saumaustarvike.fi\\\/verkkokauppa\\\/#organization\"},\"potentialAction\":[{\"@type\":\"SearchAction\",\"target\":{\"@type\":\"EntryPoint\",\"urlTemplate\":\"https:\\\/\\\/saumaustarvike.fi\\\/verkkokauppa\\\/?s={search_term_string}\"},\"query-input\":{\"@type\":\"PropertyValueSpecification\",\"valueRequired\":true,\"valueName\":\"search_term_string\"}}],\"inLanguage\":\"fi\"},{\"@type\":\"Organization\",\"@id\":\"https:\\\/\\\/saumaustarvike.fi\\\/verkkokauppa\\\/#organization\",\"name\":\"Saumaustarvike.fi\",\"url\":\"https:\\\/\\\/saumaustarvike.fi\\\/verkkokauppa\\\/\",\"logo\":{\"@type\":\"ImageObject\",\"inLanguage\":\"fi\",\"@id\":\"https:\\\/\\\/saumaustarvike.fi\\\/verkkokauppa\\\/#\\\/schema\\\/logo\\\/image\\\/\",\"url\":\"https:\\\/\\\/saumaustarvike.fi\\\/verkkokauppa\\\/wp-content\\\/uploads\\\/2019\\\/02\\\/logo.png\",\"contentUrl\":\"https:\\\/\\\/saumaustarvike.fi\\\/verkkokauppa\\\/wp-content\\\/uploads\\\/2019\\\/02\\\/logo.png\",\"width\":806,\"height\":150,\"caption\":\"Saumaustarvike.fi\"},\"image\":{\"@id\":\"https:\\\/\\\/saumaustarvike.fi\\\/verkkokauppa\\\/#\\\/schema\\\/logo\\\/image\\\/\"},\"sameAs\":[\"https:\\\/\\\/www.facebook.com\\\/Saumalaakso\"]}]}<\/script>\n<!-- \/ Yoast SEO plugin. -->","yoast_head_json":{"title":"Nouto 0 \u20ac - Toimitukset alkaen 9,00 \u20ac - Saumaustarvike.fi","robots":{"index":"index","follow":"follow","max-snippet":"max-snippet:-1","max-image-preview":"max-image-preview:large","max-video-preview":"max-video-preview:-1"},"canonical":"https:\/\/saumaustarvike.fi\/verkkokauppa\/kauppa\/tarjoukset\/tarjoukset-tarjoukset\/toimitukset-alkaen-690e\/","og_locale":"fi_FI","og_type":"article","og_title":"Nouto 0 \u20ac - Toimitukset alkaen 9,00 \u20ac - Saumaustarvike.fi","og_description":"Nouto 0 \u20ac - Toimitukset alkaen 9,00 \u20ac.","og_url":"https:\/\/saumaustarvike.fi\/verkkokauppa\/kauppa\/tarjoukset\/tarjoukset-tarjoukset\/toimitukset-alkaen-690e\/","og_site_name":"Saumaustarvike.fi","article_publisher":"https:\/\/www.facebook.com\/Saumalaakso","article_modified_time":"2022-09-23T09:12:20+00:00","twitter_misc":{"Arvioitu lukuaika":"3 minuuttia"},"schema":{"@context":"https:\/\/schema.org","@graph":[{"@type":"WebPage","@id":"https:\/\/saumaustarvike.fi\/verkkokauppa\/kauppa\/tarjoukset\/tarjoukset-tarjoukset\/toimitukset-alkaen-690e\/","url":"https:\/\/saumaustarvike.fi\/verkkokauppa\/kauppa\/tarjoukset\/tarjoukset-tarjoukset\/toimitukset-alkaen-690e\/","name":"Nouto 0 \u20ac - Toimitukset alkaen 9,00 \u20ac - Saumaustarvike.fi","isPartOf":{"@id":"https:\/\/saumaustarvike.fi\/verkkokauppa\/#website"},"datePublished":"2015-07-11T21:47:06+00:00","dateModified":"2022-09-23T09:12:20+00:00","breadcrumb":{"@id":"https:\/\/saumaustarvike.fi\/verkkokauppa\/kauppa\/tarjoukset\/tarjoukset-tarjoukset\/toimitukset-alkaen-690e\/#breadcrumb"},"inLanguage":"fi","potentialAction":[{"@type":"ReadAction","target":["https:\/\/saumaustarvike.fi\/verkkokauppa\/kauppa\/tarjoukset\/tarjoukset-tarjoukset\/toimitukset-alkaen-690e\/"]}]},{"@type":"BreadcrumbList","@id":"https:\/\/saumaustarvike.fi\/verkkokauppa\/kauppa\/tarjoukset\/tarjoukset-tarjoukset\/toimitukset-alkaen-690e\/#breadcrumb","itemListElement":[{"@type":"ListItem","position":1,"name":"Home","item":"https:\/\/saumaustarvike.fi\/verkkokauppa\/"},{"@type":"ListItem","position":2,"name":"Saumausmassat, tarvikkeet ja ty\u00f6kalut","item":"https:\/\/saumaustarvike.fi\/verkkokauppa\/kauppa\/"},{"@type":"ListItem","position":3,"name":"Nouto 0 \u20ac &#8211; Toimitukset alkaen 9,00 \u20ac"}]},{"@type":"WebSite","@id":"https:\/\/saumaustarvike.fi\/verkkokauppa\/#website","url":"https:\/\/saumaustarvike.fi\/verkkokauppa\/","name":"Saumaustarvike.fi","description":"Saumausmassat, tarvikkeet ja ty&ouml;kalut","publisher":{"@id":"https:\/\/saumaustarvike.fi\/verkkokauppa\/#organization"},"potentialAction":[{"@type":"SearchAction","target":{"@type":"EntryPoint","urlTemplate":"https:\/\/saumaustarvike.fi\/verkkokauppa\/?s={search_term_string}"},"query-input":{"@type":"PropertyValueSpecification","valueRequired":true,"valueName":"search_term_string"}}],"inLanguage":"fi"},{"@type":"Organization","@id":"https:\/\/saumaustarvike.fi\/verkkokauppa\/#organization","name":"Saumaustarvike.fi","url":"https:\/\/saumaustarvike.fi\/verkkokauppa\/","logo":{"@type":"ImageObject","inLanguage":"fi","@id":"https:\/\/saumaustarvike.fi\/verkkokauppa\/#\/schema\/logo\/image\/","url":"https:\/\/saumaustarvike.fi\/verkkokauppa\/wp-content\/uploads\/2019\/02\/logo.png","contentUrl":"https:\/\/saumaustarvike.fi\/verkkokauppa\/wp-content\/uploads\/2019\/02\/logo.png","width":806,"height":150,"caption":"Saumaustarvike.fi"},"image":{"@id":"https:\/\/saumaustarvike.fi\/verkkokauppa\/#\/schema\/logo\/image\/"},"sameAs":["https:\/\/www.facebook.com\/Saumalaakso"]}]}},"jetpack_sharing_enabled":true,"_links":{"self":[{"href":"https:\/\/saumaustarvike.fi\/verkkokauppa\/wp-json\/wp\/v2\/product\/7326","targetHints":{"allow":["GET"]}}],"collection":[{"href":"https:\/\/saumaustarvike.fi\/verkkokauppa\/wp-json\/wp\/v2\/product"}],"about":[{"href":"https:\/\/saumaustarvike.fi\/verkkokauppa\/wp-json\/wp\/v2\/types\/product"}],"replies":[{"embeddable":true,"href":"https:\/\/saumaustarvike.fi\/verkkokauppa\/wp-json\/wp\/v2\/comments?post=7326"}],"wp:attachment":[{"href":"https:\/\/saumaustarvike.fi\/verkkokauppa\/wp-json\/wp\/v2\/media?parent=7326"}],"wp:term":[{"taxonomy":"product_cat","embeddable":true,"href":"https:\/\/saumaustarvike.fi\/verkkokauppa\/wp-json\/wp\/v2\/product_cat?post=7326"},{"taxonomy":"product_tag","embeddable":true,"href":"https:\/\/saumaustarvike.fi\/verkkokauppa\/wp-json\/wp\/v2\/product_tag?post=7326"}],"curies":[{"name":"wp","href":"https:\/\/api.w.org\/{rel}","templated":true}]}}