{"id":7582,"date":"2015-08-14T22:14:50","date_gmt":"2015-08-14T19:14:50","guid":{"rendered":"https:\/\/saumaustarvike.fi\/verkkokauppa\/kauppa\/suojavalineet\/scott-pro2000-cf22a2b2e2k2-p3\/"},"modified":"2024-09-06T13:33:55","modified_gmt":"2024-09-06T10:33:55","slug":"scott-pro2000-cf22a2b2e2k2-p3","status":"publish","type":"product","link":"https:\/\/saumaustarvike.fi\/verkkokauppa\/kauppa\/tuotemerkit\/scott-safety-tuotemerkit\/scott-suodattimet\/scott-pro2000-cf22a2b2e2k2-p3\/","title":{"rendered":"Scott Pro2000 CF32 A2B2E2K2-P3"},"content":{"rendered":"<h1>Yhdistelm\u00e4suodatin Scott CF 32 A2B2E2K2-P3<\/h1>\n<p>Pro2000 yhdistetty suodatin vakiokierteell\u00e4. Luokka A2B2E2K2-P3. Suojaa orgaanisilta, ep\u00e4orgaanisilta sek\u00e4 happamilta kaasuilta h\u00f6yryilt\u00e4 sek\u00e4 ammoniakilta ja kiinteilt\u00e4 ja nestem\u00e4isilt\u00e4 hiukkasilta.<br \/>\nVakiokierteell\u00e4 varustettu yhdistetty suodatin.<\/p>\n<p>Suodatinluokka A2B2E2K2-P3. Suojaa<br \/>\n&#8211; orgaanisilta kaasuilta ja h\u00f6yryilt\u00e4 kuten maalien, liimojen, lakkojen ja torjunta-aineiden h\u00f6yryt,<br \/>\n&#8211; ep\u00e4orgaanisilta kaasuilta ja h\u00f6yryilt\u00e4 kuten kloori, kloorivety, rikkihiili, rikkivety,<br \/>\n&#8211; orgaanisilta hapoilta, happamilta kaasuilta ja kaasumaisilta hapoilta esim. rikkidioksidi, suolahappo, typpihappo, typpioksidi, fluorivety, muurahaishappo,<br \/>\n&#8211; ammoniakilta ja sen yhdisteilt\u00e4 sek\u00e4<br \/>\n&#8211; kiinteilt\u00e4 ja nestem\u00e4isilt\u00e4 hiukkasilta kuten myrkylliset hiukkaset, radioaktiiviset hiukkaset, mikro-organismit (esim. bakteerit, virukset, hiiva- ja homeiti\u00f6t) sek\u00e4 entsyymit.<\/p>\n<p>Sopii Scott Autoflow ja Proflow puhallinsuojaimiin sek\u00e4 kokonaamareihin, joissa on vakiokierre.<\/p>\n","protected":false},"excerpt":{"rendered":"<p>Luokka A2B2E2K2-P3. Suojaa orgaanisilta, ep\u00e4orgaanisilta sek\u00e4 happamilta kaasuilta h\u00f6yryilt\u00e4 sek\u00e4 ammoniakilta ja kiinteilt\u00e4 ja nestem\u00e4isilt\u00e4 hiukkasilta.<\/p>\n","protected":false},"featured_media":7583,"comment_status":"open","ping_status":"closed","template":"","meta":{"_acf_changed":false},"product_cat":[1574,2150],"product_tag":[492,496,203,495,491,494],"class_list":{"0":"post-7582","1":"product","2":"type-product","3":"status-publish","4":"has-post-thumbnail","6":"product_brand-scott-safety","7":"product_cat-kuulo-hengitys-silma-ym-suojaimet-ja-kyparat","8":"product_cat-scott-suodattimet","9":"product_tag-autoflow","10":"product_tag-lyijy","11":"product_tag-moottorimaski","12":"product_tag-pcb","13":"product_tag-scott","14":"product_tag-suodatin","16":"first","17":"instock","18":"taxable","19":"shipping-taxable","20":"purchasable","21":"product-type-simple"},"acf":[],"yoast_head":"<!-- This site is optimized with the Yoast SEO plugin v27.3 - https:\/\/yoast.com\/product\/yoast-seo-wordpress\/ -->\n<title>Scott Pro2000 CF32 A2B2E2K2-P3 - Saumaustarvike.fi<\/title>\n<meta name=\"description\" content=\"Luokka A2B2E2K2-P3. Suojaa orgaanisilta, ep\u00e4orgaanisilta sek\u00e4 happamilta kaasuilta h\u00f6yryilt\u00e4 sek\u00e4 ammoniakilta ja kiinteilt\u00e4 ja nestem\u00e4isilt\u00e4 hiukkasilta.\" \/>\n<meta name=\"robots\" content=\"index, follow, max-snippet:-1, max-image-preview:large, max-video-preview:-1\" \/>\n<link rel=\"canonical\" href=\"https:\/\/saumaustarvike.fi\/verkkokauppa\/kauppa\/tuotemerkit\/scott-safety-tuotemerkit\/scott-suodattimet\/scott-pro2000-cf22a2b2e2k2-p3\/\" \/>\n<meta property=\"og:locale\" content=\"fi_FI\" \/>\n<meta property=\"og:type\" content=\"article\" \/>\n<meta property=\"og:title\" content=\"Scott Pro2000 CF32 A2B2E2K2-P3 - Saumaustarvike.fi\" \/>\n<meta property=\"og:description\" content=\"Luokka A2B2E2K2-P3. Suojaa orgaanisilta, ep\u00e4orgaanisilta sek\u00e4 happamilta kaasuilta h\u00f6yryilt\u00e4 sek\u00e4 ammoniakilta ja kiinteilt\u00e4 ja nestem\u00e4isilt\u00e4 hiukkasilta.\" \/>\n<meta property=\"og:url\" content=\"https:\/\/saumaustarvike.fi\/verkkokauppa\/kauppa\/tuotemerkit\/scott-safety-tuotemerkit\/scott-suodattimet\/scott-pro2000-cf22a2b2e2k2-p3\/\" \/>\n<meta property=\"og:site_name\" content=\"Saumaustarvike.fi\" \/>\n<meta property=\"article:publisher\" content=\"https:\/\/www.facebook.com\/Saumalaakso\" \/>\n<meta property=\"article:modified_time\" content=\"2024-09-06T10:33:55+00:00\" \/>\n<meta property=\"og:image\" content=\"https:\/\/saumaustarvike.fi\/verkkokauppa\/content\/uploads\/2015\/08\/Scott-Pro2000-CF22A2B2E2K2-P3-1.jpg\" \/>\n\t<meta property=\"og:image:width\" content=\"1419\" \/>\n\t<meta property=\"og:image:height\" content=\"1434\" \/>\n\t<meta property=\"og:image:type\" content=\"image\/jpeg\" \/>\n<meta name=\"twitter:label1\" content=\"Arvioitu lukuaika\" \/>\n\t<meta name=\"twitter:data1\" content=\"1 minuutti\" \/>\n<script type=\"application\/ld+json\" class=\"yoast-schema-graph\">{\"@context\":\"https:\\\/\\\/schema.org\",\"@graph\":[{\"@type\":\"WebPage\",\"@id\":\"https:\\\/\\\/saumaustarvike.fi\\\/verkkokauppa\\\/kauppa\\\/tuotemerkit\\\/scott-safety-tuotemerkit\\\/scott-suodattimet\\\/scott-pro2000-cf22a2b2e2k2-p3\\\/\",\"url\":\"https:\\\/\\\/saumaustarvike.fi\\\/verkkokauppa\\\/kauppa\\\/tuotemerkit\\\/scott-safety-tuotemerkit\\\/scott-suodattimet\\\/scott-pro2000-cf22a2b2e2k2-p3\\\/\",\"name\":\"Scott Pro2000 CF32 A2B2E2K2-P3 - Saumaustarvike.fi\",\"isPartOf\":{\"@id\":\"https:\\\/\\\/saumaustarvike.fi\\\/verkkokauppa\\\/#website\"},\"primaryImageOfPage\":{\"@id\":\"https:\\\/\\\/saumaustarvike.fi\\\/verkkokauppa\\\/kauppa\\\/tuotemerkit\\\/scott-safety-tuotemerkit\\\/scott-suodattimet\\\/scott-pro2000-cf22a2b2e2k2-p3\\\/#primaryimage\"},\"image\":{\"@id\":\"https:\\\/\\\/saumaustarvike.fi\\\/verkkokauppa\\\/kauppa\\\/tuotemerkit\\\/scott-safety-tuotemerkit\\\/scott-suodattimet\\\/scott-pro2000-cf22a2b2e2k2-p3\\\/#primaryimage\"},\"thumbnailUrl\":\"https:\\\/\\\/saumaustarvike.fi\\\/verkkokauppa\\\/wp-content\\\/uploads\\\/2015\\\/08\\\/Scott-Pro2000-CF22A2B2E2K2-P3-1.jpg\",\"datePublished\":\"2015-08-14T19:14:50+00:00\",\"dateModified\":\"2024-09-06T10:33:55+00:00\",\"description\":\"Luokka A2B2E2K2-P3. Suojaa orgaanisilta, ep\u00e4orgaanisilta sek\u00e4 happamilta kaasuilta h\u00f6yryilt\u00e4 sek\u00e4 ammoniakilta ja kiinteilt\u00e4 ja nestem\u00e4isilt\u00e4 hiukkasilta.\",\"breadcrumb\":{\"@id\":\"https:\\\/\\\/saumaustarvike.fi\\\/verkkokauppa\\\/kauppa\\\/tuotemerkit\\\/scott-safety-tuotemerkit\\\/scott-suodattimet\\\/scott-pro2000-cf22a2b2e2k2-p3\\\/#breadcrumb\"},\"inLanguage\":\"fi\",\"potentialAction\":[{\"@type\":\"ReadAction\",\"target\":[\"https:\\\/\\\/saumaustarvike.fi\\\/verkkokauppa\\\/kauppa\\\/tuotemerkit\\\/scott-safety-tuotemerkit\\\/scott-suodattimet\\\/scott-pro2000-cf22a2b2e2k2-p3\\\/\"]}]},{\"@type\":\"ImageObject\",\"inLanguage\":\"fi\",\"@id\":\"https:\\\/\\\/saumaustarvike.fi\\\/verkkokauppa\\\/kauppa\\\/tuotemerkit\\\/scott-safety-tuotemerkit\\\/scott-suodattimet\\\/scott-pro2000-cf22a2b2e2k2-p3\\\/#primaryimage\",\"url\":\"https:\\\/\\\/saumaustarvike.fi\\\/verkkokauppa\\\/wp-content\\\/uploads\\\/2015\\\/08\\\/Scott-Pro2000-CF22A2B2E2K2-P3-1.jpg\",\"contentUrl\":\"https:\\\/\\\/saumaustarvike.fi\\\/verkkokauppa\\\/wp-content\\\/uploads\\\/2015\\\/08\\\/Scott-Pro2000-CF22A2B2E2K2-P3-1.jpg\",\"width\":1419,\"height\":1434},{\"@type\":\"BreadcrumbList\",\"@id\":\"https:\\\/\\\/saumaustarvike.fi\\\/verkkokauppa\\\/kauppa\\\/tuotemerkit\\\/scott-safety-tuotemerkit\\\/scott-suodattimet\\\/scott-pro2000-cf22a2b2e2k2-p3\\\/#breadcrumb\",\"itemListElement\":[{\"@type\":\"ListItem\",\"position\":1,\"name\":\"Home\",\"item\":\"https:\\\/\\\/saumaustarvike.fi\\\/verkkokauppa\\\/\"},{\"@type\":\"ListItem\",\"position\":2,\"name\":\"Saumausmassat, tarvikkeet ja ty\u00f6kalut\",\"item\":\"https:\\\/\\\/saumaustarvike.fi\\\/verkkokauppa\\\/kauppa\\\/\"},{\"@type\":\"ListItem\",\"position\":3,\"name\":\"Scott Pro2000 CF32 A2B2E2K2-P3\"}]},{\"@type\":\"WebSite\",\"@id\":\"https:\\\/\\\/saumaustarvike.fi\\\/verkkokauppa\\\/#website\",\"url\":\"https:\\\/\\\/saumaustarvike.fi\\\/verkkokauppa\\\/\",\"name\":\"Saumaustarvike.fi\",\"description\":\"Saumausmassat, tarvikkeet ja ty&ouml;kalut\",\"publisher\":{\"@id\":\"https:\\\/\\\/saumaustarvike.fi\\\/verkkokauppa\\\/#organization\"},\"potentialAction\":[{\"@type\":\"SearchAction\",\"target\":{\"@type\":\"EntryPoint\",\"urlTemplate\":\"https:\\\/\\\/saumaustarvike.fi\\\/verkkokauppa\\\/?s={search_term_string}\"},\"query-input\":{\"@type\":\"PropertyValueSpecification\",\"valueRequired\":true,\"valueName\":\"search_term_string\"}}],\"inLanguage\":\"fi\"},{\"@type\":\"Organization\",\"@id\":\"https:\\\/\\\/saumaustarvike.fi\\\/verkkokauppa\\\/#organization\",\"name\":\"Saumaustarvike.fi\",\"url\":\"https:\\\/\\\/saumaustarvike.fi\\\/verkkokauppa\\\/\",\"logo\":{\"@type\":\"ImageObject\",\"inLanguage\":\"fi\",\"@id\":\"https:\\\/\\\/saumaustarvike.fi\\\/verkkokauppa\\\/#\\\/schema\\\/logo\\\/image\\\/\",\"url\":\"https:\\\/\\\/saumaustarvike.fi\\\/verkkokauppa\\\/wp-content\\\/uploads\\\/2019\\\/02\\\/logo.png\",\"contentUrl\":\"https:\\\/\\\/saumaustarvike.fi\\\/verkkokauppa\\\/wp-content\\\/uploads\\\/2019\\\/02\\\/logo.png\",\"width\":806,\"height\":150,\"caption\":\"Saumaustarvike.fi\"},\"image\":{\"@id\":\"https:\\\/\\\/saumaustarvike.fi\\\/verkkokauppa\\\/#\\\/schema\\\/logo\\\/image\\\/\"},\"sameAs\":[\"https:\\\/\\\/www.facebook.com\\\/Saumalaakso\"]}]}<\/script>\n<!-- \/ Yoast SEO plugin. -->","yoast_head_json":{"title":"Scott Pro2000 CF32 A2B2E2K2-P3 - Saumaustarvike.fi","description":"Luokka A2B2E2K2-P3. Suojaa orgaanisilta, ep\u00e4orgaanisilta sek\u00e4 happamilta kaasuilta h\u00f6yryilt\u00e4 sek\u00e4 ammoniakilta ja kiinteilt\u00e4 ja nestem\u00e4isilt\u00e4 hiukkasilta.","robots":{"index":"index","follow":"follow","max-snippet":"max-snippet:-1","max-image-preview":"max-image-preview:large","max-video-preview":"max-video-preview:-1"},"canonical":"https:\/\/saumaustarvike.fi\/verkkokauppa\/kauppa\/tuotemerkit\/scott-safety-tuotemerkit\/scott-suodattimet\/scott-pro2000-cf22a2b2e2k2-p3\/","og_locale":"fi_FI","og_type":"article","og_title":"Scott Pro2000 CF32 A2B2E2K2-P3 - Saumaustarvike.fi","og_description":"Luokka A2B2E2K2-P3. Suojaa orgaanisilta, ep\u00e4orgaanisilta sek\u00e4 happamilta kaasuilta h\u00f6yryilt\u00e4 sek\u00e4 ammoniakilta ja kiinteilt\u00e4 ja nestem\u00e4isilt\u00e4 hiukkasilta.","og_url":"https:\/\/saumaustarvike.fi\/verkkokauppa\/kauppa\/tuotemerkit\/scott-safety-tuotemerkit\/scott-suodattimet\/scott-pro2000-cf22a2b2e2k2-p3\/","og_site_name":"Saumaustarvike.fi","article_publisher":"https:\/\/www.facebook.com\/Saumalaakso","article_modified_time":"2024-09-06T10:33:55+00:00","og_image":[{"width":1419,"height":1434,"url":"https:\/\/saumaustarvike.fi\/verkkokauppa\/content\/uploads\/2015\/08\/Scott-Pro2000-CF22A2B2E2K2-P3-1.jpg","type":"image\/jpeg"}],"twitter_misc":{"Arvioitu lukuaika":"1 minuutti"},"schema":{"@context":"https:\/\/schema.org","@graph":[{"@type":"WebPage","@id":"https:\/\/saumaustarvike.fi\/verkkokauppa\/kauppa\/tuotemerkit\/scott-safety-tuotemerkit\/scott-suodattimet\/scott-pro2000-cf22a2b2e2k2-p3\/","url":"https:\/\/saumaustarvike.fi\/verkkokauppa\/kauppa\/tuotemerkit\/scott-safety-tuotemerkit\/scott-suodattimet\/scott-pro2000-cf22a2b2e2k2-p3\/","name":"Scott Pro2000 CF32 A2B2E2K2-P3 - Saumaustarvike.fi","isPartOf":{"@id":"https:\/\/saumaustarvike.fi\/verkkokauppa\/#website"},"primaryImageOfPage":{"@id":"https:\/\/saumaustarvike.fi\/verkkokauppa\/kauppa\/tuotemerkit\/scott-safety-tuotemerkit\/scott-suodattimet\/scott-pro2000-cf22a2b2e2k2-p3\/#primaryimage"},"image":{"@id":"https:\/\/saumaustarvike.fi\/verkkokauppa\/kauppa\/tuotemerkit\/scott-safety-tuotemerkit\/scott-suodattimet\/scott-pro2000-cf22a2b2e2k2-p3\/#primaryimage"},"thumbnailUrl":"https:\/\/saumaustarvike.fi\/verkkokauppa\/wp-content\/uploads\/2015\/08\/Scott-Pro2000-CF22A2B2E2K2-P3-1.jpg","datePublished":"2015-08-14T19:14:50+00:00","dateModified":"2024-09-06T10:33:55+00:00","description":"Luokka A2B2E2K2-P3. Suojaa orgaanisilta, ep\u00e4orgaanisilta sek\u00e4 happamilta kaasuilta h\u00f6yryilt\u00e4 sek\u00e4 ammoniakilta ja kiinteilt\u00e4 ja nestem\u00e4isilt\u00e4 hiukkasilta.","breadcrumb":{"@id":"https:\/\/saumaustarvike.fi\/verkkokauppa\/kauppa\/tuotemerkit\/scott-safety-tuotemerkit\/scott-suodattimet\/scott-pro2000-cf22a2b2e2k2-p3\/#breadcrumb"},"inLanguage":"fi","potentialAction":[{"@type":"ReadAction","target":["https:\/\/saumaustarvike.fi\/verkkokauppa\/kauppa\/tuotemerkit\/scott-safety-tuotemerkit\/scott-suodattimet\/scott-pro2000-cf22a2b2e2k2-p3\/"]}]},{"@type":"ImageObject","inLanguage":"fi","@id":"https:\/\/saumaustarvike.fi\/verkkokauppa\/kauppa\/tuotemerkit\/scott-safety-tuotemerkit\/scott-suodattimet\/scott-pro2000-cf22a2b2e2k2-p3\/#primaryimage","url":"https:\/\/saumaustarvike.fi\/verkkokauppa\/wp-content\/uploads\/2015\/08\/Scott-Pro2000-CF22A2B2E2K2-P3-1.jpg","contentUrl":"https:\/\/saumaustarvike.fi\/verkkokauppa\/wp-content\/uploads\/2015\/08\/Scott-Pro2000-CF22A2B2E2K2-P3-1.jpg","width":1419,"height":1434},{"@type":"BreadcrumbList","@id":"https:\/\/saumaustarvike.fi\/verkkokauppa\/kauppa\/tuotemerkit\/scott-safety-tuotemerkit\/scott-suodattimet\/scott-pro2000-cf22a2b2e2k2-p3\/#breadcrumb","itemListElement":[{"@type":"ListItem","position":1,"name":"Home","item":"https:\/\/saumaustarvike.fi\/verkkokauppa\/"},{"@type":"ListItem","position":2,"name":"Saumausmassat, tarvikkeet ja ty\u00f6kalut","item":"https:\/\/saumaustarvike.fi\/verkkokauppa\/kauppa\/"},{"@type":"ListItem","position":3,"name":"Scott Pro2000 CF32 A2B2E2K2-P3"}]},{"@type":"WebSite","@id":"https:\/\/saumaustarvike.fi\/verkkokauppa\/#website","url":"https:\/\/saumaustarvike.fi\/verkkokauppa\/","name":"Saumaustarvike.fi","description":"Saumausmassat, tarvikkeet ja ty&ouml;kalut","publisher":{"@id":"https:\/\/saumaustarvike.fi\/verkkokauppa\/#organization"},"potentialAction":[{"@type":"SearchAction","target":{"@type":"EntryPoint","urlTemplate":"https:\/\/saumaustarvike.fi\/verkkokauppa\/?s={search_term_string}"},"query-input":{"@type":"PropertyValueSpecification","valueRequired":true,"valueName":"search_term_string"}}],"inLanguage":"fi"},{"@type":"Organization","@id":"https:\/\/saumaustarvike.fi\/verkkokauppa\/#organization","name":"Saumaustarvike.fi","url":"https:\/\/saumaustarvike.fi\/verkkokauppa\/","logo":{"@type":"ImageObject","inLanguage":"fi","@id":"https:\/\/saumaustarvike.fi\/verkkokauppa\/#\/schema\/logo\/image\/","url":"https:\/\/saumaustarvike.fi\/verkkokauppa\/wp-content\/uploads\/2019\/02\/logo.png","contentUrl":"https:\/\/saumaustarvike.fi\/verkkokauppa\/wp-content\/uploads\/2019\/02\/logo.png","width":806,"height":150,"caption":"Saumaustarvike.fi"},"image":{"@id":"https:\/\/saumaustarvike.fi\/verkkokauppa\/#\/schema\/logo\/image\/"},"sameAs":["https:\/\/www.facebook.com\/Saumalaakso"]}]}},"jetpack_sharing_enabled":true,"_links":{"self":[{"href":"https:\/\/saumaustarvike.fi\/verkkokauppa\/wp-json\/wp\/v2\/product\/7582","targetHints":{"allow":["GET"]}}],"collection":[{"href":"https:\/\/saumaustarvike.fi\/verkkokauppa\/wp-json\/wp\/v2\/product"}],"about":[{"href":"https:\/\/saumaustarvike.fi\/verkkokauppa\/wp-json\/wp\/v2\/types\/product"}],"replies":[{"embeddable":true,"href":"https:\/\/saumaustarvike.fi\/verkkokauppa\/wp-json\/wp\/v2\/comments?post=7582"}],"wp:featuredmedia":[{"embeddable":true,"href":"https:\/\/saumaustarvike.fi\/verkkokauppa\/wp-json\/wp\/v2\/media\/7583"}],"wp:attachment":[{"href":"https:\/\/saumaustarvike.fi\/verkkokauppa\/wp-json\/wp\/v2\/media?parent=7582"}],"wp:term":[{"taxonomy":"product_cat","embeddable":true,"href":"https:\/\/saumaustarvike.fi\/verkkokauppa\/wp-json\/wp\/v2\/product_cat?post=7582"},{"taxonomy":"product_tag","embeddable":true,"href":"https:\/\/saumaustarvike.fi\/verkkokauppa\/wp-json\/wp\/v2\/product_tag?post=7582"}],"curies":[{"name":"wp","href":"https:\/\/api.w.org\/{rel}","templated":true}]}}