{"id":9951,"date":"2016-12-04T13:03:26","date_gmt":"2016-12-04T11:03:26","guid":{"rendered":"https:\/\/saumaustarvike.fi\/verkkokauppa\/kauppa\/tarvikkeet\/worksafe-talviasennuskasine-synteettinen-a100w\/"},"modified":"2024-09-12T20:43:39","modified_gmt":"2024-09-12T17:43:39","slug":"worksafe-talviasennuskasine-synteettinen-a100w","status":"publish","type":"product","link":"https:\/\/saumaustarvike.fi\/verkkokauppa\/kauppa\/tuotemerkit\/worksafe-tuotemerkit\/worksafe-suojakasine-vuorelliset\/worksafe-talviasennuskasine-synteettinen-a100w\/","title":{"rendered":"Worksafe Talviasennusk\u00e4sine, synteettinen A100W"},"content":{"rendered":"<h1 style=\"text-align: left;\">Worksafe Talviasennusk\u00e4sine, synteettinen A100W<\/h1>\n<h2>Tuote<\/h2>\n<p>Asennusk\u00e4sine useimpiin ty\u00f6teht\u00e4viin, my\u00f6s kylmiss\u00e4 olosuhteissa. Ohut polyesterivuori sopii hyvin kev\u00e4t- ja syksyk\u00e4ytt\u00f6\u00f6n ja kylmiin varastotiloihin. Worksafe A100W on valmistettu synteettisest\u00e4 nahkasta, ja siksi se on joustava ja mukava yleisk\u00e4sine.<\/p>\n<h2>K\u00e4ytt\u00f6alueet:<\/h2>\n<p>Varastoty\u00f6t, pakkaaminen, asennus, konepajat ja k\u00e4sity\u00f6ammatit.<\/p>\n<h2><span style=\"font-size: 16px;\">\u00a0<\/span><\/h2>\n<table class=\"specifications striped\">\n<tbody>\n<tr class=\"even\">\n<td>V\u00e4ri<\/td>\n<td>Harmaa\/Musta<\/td>\n<\/tr>\n<tr class=\"even\">\n<td>Materiaali<\/td>\n<td>Polyesteri<br \/>\nSynteettinen nahka<\/td>\n<\/tr>\n<tr class=\"odd\">\n<td>Paksuus<\/td>\n<td>0,5 &#8211; 0,55 mm<\/td>\n<\/tr>\n<\/tbody>\n<\/table>\n<h2>Edut<\/h2>\n<ul>\n<li>Kokovuori harjattua polyesteri\u00e4.<\/li>\n<li>Eritt\u00e4in hyv\u00e4 sormituntuma ja istuvuus.<\/li>\n<li>Asennusk\u00e4sine synteettist\u00e4 nahkaa.<\/li>\n<li>Ei sis\u00e4ll\u00e4 kromia.<\/li>\n<li>K\u00e4denselk\u00e4 polyesteria.<\/li>\n<\/ul>\n<p>CE<br \/>\nCat I<br \/>\nInfo<\/p>\n<p>Minus C<\/p>\n<h3>Koko<\/h3>\n<p>7<br \/>\n8<br \/>\n9<br \/>\n10<br \/>\n11<\/p>\n<h3>Pakkaus<\/h3>\n<p>1 pari (12 kpl nippu)<\/p>\n","protected":false},"excerpt":{"rendered":"<p>Asennusk\u00e4sine useimpiin ty\u00f6teht\u00e4viin, my\u00f6s kylmiss\u00e4 olosuhteissa. Ohut polyesterivuori sopii hyvin kev\u00e4t- ja syksyk\u00e4ytt\u00f6\u00f6n ja kylmiin varastotiloihin. Worksafe A100W on valmistettu synteettisest\u00e4 nahkasta, ja siksi se on joustava ja mukava yleisk\u00e4sine.<\/p>\n","protected":false},"featured_media":16507,"comment_status":"open","ping_status":"closed","template":"","meta":{"_acf_changed":false},"product_cat":[1573,2221],"product_tag":[113,112,69,71,654,1342,1363,72,114,111,70,1340],"class_list":{"0":"post-9951","1":"product","2":"type-product","3":"status-publish","4":"has-post-thumbnail","6":"product_brand-worksafe","7":"product_cat-kasineet-hanskat","8":"product_cat-worksafe-suojakasine-vuorelliset","9":"product_tag-asentajan-hanska","10":"product_tag-asentajan-kasine","11":"product_tag-hanska","12":"product_tag-kasine","13":"product_tag-nahka","14":"product_tag-nailon","15":"product_tag-saumaton","16":"product_tag-suojakasine","17":"product_tag-talvityokasine","18":"product_tag-tyohanska","19":"product_tag-tyokasine","20":"product_tag-worksafe","21":"pa_koko-286","22":"pa_koko-729","23":"pa_koko-1339","24":"pa_koko-288","25":"pa_koko-287","27":"first","28":"onbackorder","29":"taxable","30":"shipping-taxable","31":"purchasable","32":"product-type-variable"},"acf":[],"yoast_head":"<!-- This site is optimized with the Yoast SEO plugin v27.3 - https:\/\/yoast.com\/product\/yoast-seo-wordpress\/ -->\n<title>Worksafe Talviasennusk\u00e4sine, synteettinen A100W - Saumaustarvike.fi<\/title>\n<meta name=\"description\" content=\"Polyuretaani suojak\u00e4sine \/ ty\u00f6k\u00e4sine. Kevyt ja ohut hanska sopii tarkkuutta vaativiin t\u00f6ihin. Erinomainen tuntuma.\" \/>\n<meta name=\"robots\" content=\"index, follow, max-snippet:-1, max-image-preview:large, max-video-preview:-1\" \/>\n<link rel=\"canonical\" href=\"https:\/\/saumaustarvike.fi\/verkkokauppa\/kauppa\/tuotemerkit\/worksafe-tuotemerkit\/worksafe-suojakasine-vuorelliset\/worksafe-talviasennuskasine-synteettinen-a100w\/\" \/>\n<meta property=\"og:locale\" content=\"fi_FI\" \/>\n<meta property=\"og:type\" content=\"article\" \/>\n<meta property=\"og:title\" content=\"Worksafe Talviasennusk\u00e4sine, synteettinen A100W - Saumaustarvike.fi\" \/>\n<meta property=\"og:description\" content=\"Polyuretaani suojak\u00e4sine \/ ty\u00f6k\u00e4sine. Kevyt ja ohut hanska sopii tarkkuutta vaativiin t\u00f6ihin. Erinomainen tuntuma.\" \/>\n<meta property=\"og:url\" content=\"https:\/\/saumaustarvike.fi\/verkkokauppa\/kauppa\/tuotemerkit\/worksafe-tuotemerkit\/worksafe-suojakasine-vuorelliset\/worksafe-talviasennuskasine-synteettinen-a100w\/\" \/>\n<meta property=\"og:site_name\" content=\"Saumaustarvike.fi\" \/>\n<meta property=\"article:publisher\" content=\"https:\/\/www.facebook.com\/Saumalaakso\" \/>\n<meta property=\"article:modified_time\" content=\"2024-09-12T17:43:39+00:00\" \/>\n<meta property=\"og:image\" content=\"https:\/\/saumaustarvike.fi\/verkkokauppa\/content\/uploads\/2016\/12\/Worksafe-Talviasennuska\u0308sine-synteettinen-A100W-.jpg\" \/>\n\t<meta property=\"og:image:width\" content=\"1000\" \/>\n\t<meta property=\"og:image:height\" content=\"1000\" \/>\n\t<meta property=\"og:image:type\" content=\"image\/jpeg\" \/>\n<meta name=\"twitter:label1\" content=\"Arvioitu lukuaika\" \/>\n\t<meta name=\"twitter:data1\" content=\"1 minuutti\" \/>\n<script type=\"application\/ld+json\" class=\"yoast-schema-graph\">{\"@context\":\"https:\\\/\\\/schema.org\",\"@graph\":[{\"@type\":\"WebPage\",\"@id\":\"https:\\\/\\\/saumaustarvike.fi\\\/verkkokauppa\\\/kauppa\\\/tuotemerkit\\\/worksafe-tuotemerkit\\\/worksafe-suojakasine-vuorelliset\\\/worksafe-talviasennuskasine-synteettinen-a100w\\\/\",\"url\":\"https:\\\/\\\/saumaustarvike.fi\\\/verkkokauppa\\\/kauppa\\\/tuotemerkit\\\/worksafe-tuotemerkit\\\/worksafe-suojakasine-vuorelliset\\\/worksafe-talviasennuskasine-synteettinen-a100w\\\/\",\"name\":\"Worksafe Talviasennusk\u00e4sine, synteettinen A100W - Saumaustarvike.fi\",\"isPartOf\":{\"@id\":\"https:\\\/\\\/saumaustarvike.fi\\\/verkkokauppa\\\/#website\"},\"primaryImageOfPage\":{\"@id\":\"https:\\\/\\\/saumaustarvike.fi\\\/verkkokauppa\\\/kauppa\\\/tuotemerkit\\\/worksafe-tuotemerkit\\\/worksafe-suojakasine-vuorelliset\\\/worksafe-talviasennuskasine-synteettinen-a100w\\\/#primaryimage\"},\"image\":{\"@id\":\"https:\\\/\\\/saumaustarvike.fi\\\/verkkokauppa\\\/kauppa\\\/tuotemerkit\\\/worksafe-tuotemerkit\\\/worksafe-suojakasine-vuorelliset\\\/worksafe-talviasennuskasine-synteettinen-a100w\\\/#primaryimage\"},\"thumbnailUrl\":\"https:\\\/\\\/saumaustarvike.fi\\\/verkkokauppa\\\/wp-content\\\/uploads\\\/2016\\\/12\\\/Worksafe-Talviasennuska\u0308sine-synteettinen-A100W-.jpg\",\"datePublished\":\"2016-12-04T11:03:26+00:00\",\"dateModified\":\"2024-09-12T17:43:39+00:00\",\"description\":\"Polyuretaani suojak\u00e4sine \\\/ ty\u00f6k\u00e4sine. Kevyt ja ohut hanska sopii tarkkuutta vaativiin t\u00f6ihin. Erinomainen tuntuma.\",\"breadcrumb\":{\"@id\":\"https:\\\/\\\/saumaustarvike.fi\\\/verkkokauppa\\\/kauppa\\\/tuotemerkit\\\/worksafe-tuotemerkit\\\/worksafe-suojakasine-vuorelliset\\\/worksafe-talviasennuskasine-synteettinen-a100w\\\/#breadcrumb\"},\"inLanguage\":\"fi\",\"potentialAction\":[{\"@type\":\"ReadAction\",\"target\":[\"https:\\\/\\\/saumaustarvike.fi\\\/verkkokauppa\\\/kauppa\\\/tuotemerkit\\\/worksafe-tuotemerkit\\\/worksafe-suojakasine-vuorelliset\\\/worksafe-talviasennuskasine-synteettinen-a100w\\\/\"]}]},{\"@type\":\"ImageObject\",\"inLanguage\":\"fi\",\"@id\":\"https:\\\/\\\/saumaustarvike.fi\\\/verkkokauppa\\\/kauppa\\\/tuotemerkit\\\/worksafe-tuotemerkit\\\/worksafe-suojakasine-vuorelliset\\\/worksafe-talviasennuskasine-synteettinen-a100w\\\/#primaryimage\",\"url\":\"https:\\\/\\\/saumaustarvike.fi\\\/verkkokauppa\\\/wp-content\\\/uploads\\\/2016\\\/12\\\/Worksafe-Talviasennuska\u0308sine-synteettinen-A100W-.jpg\",\"contentUrl\":\"https:\\\/\\\/saumaustarvike.fi\\\/verkkokauppa\\\/wp-content\\\/uploads\\\/2016\\\/12\\\/Worksafe-Talviasennuska\u0308sine-synteettinen-A100W-.jpg\",\"width\":1000,\"height\":1000},{\"@type\":\"BreadcrumbList\",\"@id\":\"https:\\\/\\\/saumaustarvike.fi\\\/verkkokauppa\\\/kauppa\\\/tuotemerkit\\\/worksafe-tuotemerkit\\\/worksafe-suojakasine-vuorelliset\\\/worksafe-talviasennuskasine-synteettinen-a100w\\\/#breadcrumb\",\"itemListElement\":[{\"@type\":\"ListItem\",\"position\":1,\"name\":\"Home\",\"item\":\"https:\\\/\\\/saumaustarvike.fi\\\/verkkokauppa\\\/\"},{\"@type\":\"ListItem\",\"position\":2,\"name\":\"Saumausmassat, tarvikkeet ja ty\u00f6kalut\",\"item\":\"https:\\\/\\\/saumaustarvike.fi\\\/verkkokauppa\\\/kauppa\\\/\"},{\"@type\":\"ListItem\",\"position\":3,\"name\":\"Worksafe Talviasennusk\u00e4sine, synteettinen A100W\"}]},{\"@type\":\"WebSite\",\"@id\":\"https:\\\/\\\/saumaustarvike.fi\\\/verkkokauppa\\\/#website\",\"url\":\"https:\\\/\\\/saumaustarvike.fi\\\/verkkokauppa\\\/\",\"name\":\"Saumaustarvike.fi\",\"description\":\"Saumausmassat, tarvikkeet ja ty&ouml;kalut\",\"publisher\":{\"@id\":\"https:\\\/\\\/saumaustarvike.fi\\\/verkkokauppa\\\/#organization\"},\"potentialAction\":[{\"@type\":\"SearchAction\",\"target\":{\"@type\":\"EntryPoint\",\"urlTemplate\":\"https:\\\/\\\/saumaustarvike.fi\\\/verkkokauppa\\\/?s={search_term_string}\"},\"query-input\":{\"@type\":\"PropertyValueSpecification\",\"valueRequired\":true,\"valueName\":\"search_term_string\"}}],\"inLanguage\":\"fi\"},{\"@type\":\"Organization\",\"@id\":\"https:\\\/\\\/saumaustarvike.fi\\\/verkkokauppa\\\/#organization\",\"name\":\"Saumaustarvike.fi\",\"url\":\"https:\\\/\\\/saumaustarvike.fi\\\/verkkokauppa\\\/\",\"logo\":{\"@type\":\"ImageObject\",\"inLanguage\":\"fi\",\"@id\":\"https:\\\/\\\/saumaustarvike.fi\\\/verkkokauppa\\\/#\\\/schema\\\/logo\\\/image\\\/\",\"url\":\"https:\\\/\\\/saumaustarvike.fi\\\/verkkokauppa\\\/wp-content\\\/uploads\\\/2019\\\/02\\\/logo.png\",\"contentUrl\":\"https:\\\/\\\/saumaustarvike.fi\\\/verkkokauppa\\\/wp-content\\\/uploads\\\/2019\\\/02\\\/logo.png\",\"width\":806,\"height\":150,\"caption\":\"Saumaustarvike.fi\"},\"image\":{\"@id\":\"https:\\\/\\\/saumaustarvike.fi\\\/verkkokauppa\\\/#\\\/schema\\\/logo\\\/image\\\/\"},\"sameAs\":[\"https:\\\/\\\/www.facebook.com\\\/Saumalaakso\"]}]}<\/script>\n<!-- \/ Yoast SEO plugin. -->","yoast_head_json":{"title":"Worksafe Talviasennusk\u00e4sine, synteettinen A100W - Saumaustarvike.fi","description":"Polyuretaani suojak\u00e4sine \/ ty\u00f6k\u00e4sine. Kevyt ja ohut hanska sopii tarkkuutta vaativiin t\u00f6ihin. Erinomainen tuntuma.","robots":{"index":"index","follow":"follow","max-snippet":"max-snippet:-1","max-image-preview":"max-image-preview:large","max-video-preview":"max-video-preview:-1"},"canonical":"https:\/\/saumaustarvike.fi\/verkkokauppa\/kauppa\/tuotemerkit\/worksafe-tuotemerkit\/worksafe-suojakasine-vuorelliset\/worksafe-talviasennuskasine-synteettinen-a100w\/","og_locale":"fi_FI","og_type":"article","og_title":"Worksafe Talviasennusk\u00e4sine, synteettinen A100W - Saumaustarvike.fi","og_description":"Polyuretaani suojak\u00e4sine \/ ty\u00f6k\u00e4sine. Kevyt ja ohut hanska sopii tarkkuutta vaativiin t\u00f6ihin. Erinomainen tuntuma.","og_url":"https:\/\/saumaustarvike.fi\/verkkokauppa\/kauppa\/tuotemerkit\/worksafe-tuotemerkit\/worksafe-suojakasine-vuorelliset\/worksafe-talviasennuskasine-synteettinen-a100w\/","og_site_name":"Saumaustarvike.fi","article_publisher":"https:\/\/www.facebook.com\/Saumalaakso","article_modified_time":"2024-09-12T17:43:39+00:00","og_image":[{"width":1000,"height":1000,"url":"https:\/\/saumaustarvike.fi\/verkkokauppa\/content\/uploads\/2016\/12\/Worksafe-Talviasennuska\u0308sine-synteettinen-A100W-.jpg","type":"image\/jpeg"}],"twitter_misc":{"Arvioitu lukuaika":"1 minuutti"},"schema":{"@context":"https:\/\/schema.org","@graph":[{"@type":"WebPage","@id":"https:\/\/saumaustarvike.fi\/verkkokauppa\/kauppa\/tuotemerkit\/worksafe-tuotemerkit\/worksafe-suojakasine-vuorelliset\/worksafe-talviasennuskasine-synteettinen-a100w\/","url":"https:\/\/saumaustarvike.fi\/verkkokauppa\/kauppa\/tuotemerkit\/worksafe-tuotemerkit\/worksafe-suojakasine-vuorelliset\/worksafe-talviasennuskasine-synteettinen-a100w\/","name":"Worksafe Talviasennusk\u00e4sine, synteettinen A100W - Saumaustarvike.fi","isPartOf":{"@id":"https:\/\/saumaustarvike.fi\/verkkokauppa\/#website"},"primaryImageOfPage":{"@id":"https:\/\/saumaustarvike.fi\/verkkokauppa\/kauppa\/tuotemerkit\/worksafe-tuotemerkit\/worksafe-suojakasine-vuorelliset\/worksafe-talviasennuskasine-synteettinen-a100w\/#primaryimage"},"image":{"@id":"https:\/\/saumaustarvike.fi\/verkkokauppa\/kauppa\/tuotemerkit\/worksafe-tuotemerkit\/worksafe-suojakasine-vuorelliset\/worksafe-talviasennuskasine-synteettinen-a100w\/#primaryimage"},"thumbnailUrl":"https:\/\/saumaustarvike.fi\/verkkokauppa\/wp-content\/uploads\/2016\/12\/Worksafe-Talviasennuska\u0308sine-synteettinen-A100W-.jpg","datePublished":"2016-12-04T11:03:26+00:00","dateModified":"2024-09-12T17:43:39+00:00","description":"Polyuretaani suojak\u00e4sine \/ ty\u00f6k\u00e4sine. Kevyt ja ohut hanska sopii tarkkuutta vaativiin t\u00f6ihin. Erinomainen tuntuma.","breadcrumb":{"@id":"https:\/\/saumaustarvike.fi\/verkkokauppa\/kauppa\/tuotemerkit\/worksafe-tuotemerkit\/worksafe-suojakasine-vuorelliset\/worksafe-talviasennuskasine-synteettinen-a100w\/#breadcrumb"},"inLanguage":"fi","potentialAction":[{"@type":"ReadAction","target":["https:\/\/saumaustarvike.fi\/verkkokauppa\/kauppa\/tuotemerkit\/worksafe-tuotemerkit\/worksafe-suojakasine-vuorelliset\/worksafe-talviasennuskasine-synteettinen-a100w\/"]}]},{"@type":"ImageObject","inLanguage":"fi","@id":"https:\/\/saumaustarvike.fi\/verkkokauppa\/kauppa\/tuotemerkit\/worksafe-tuotemerkit\/worksafe-suojakasine-vuorelliset\/worksafe-talviasennuskasine-synteettinen-a100w\/#primaryimage","url":"https:\/\/saumaustarvike.fi\/verkkokauppa\/wp-content\/uploads\/2016\/12\/Worksafe-Talviasennuska\u0308sine-synteettinen-A100W-.jpg","contentUrl":"https:\/\/saumaustarvike.fi\/verkkokauppa\/wp-content\/uploads\/2016\/12\/Worksafe-Talviasennuska\u0308sine-synteettinen-A100W-.jpg","width":1000,"height":1000},{"@type":"BreadcrumbList","@id":"https:\/\/saumaustarvike.fi\/verkkokauppa\/kauppa\/tuotemerkit\/worksafe-tuotemerkit\/worksafe-suojakasine-vuorelliset\/worksafe-talviasennuskasine-synteettinen-a100w\/#breadcrumb","itemListElement":[{"@type":"ListItem","position":1,"name":"Home","item":"https:\/\/saumaustarvike.fi\/verkkokauppa\/"},{"@type":"ListItem","position":2,"name":"Saumausmassat, tarvikkeet ja ty\u00f6kalut","item":"https:\/\/saumaustarvike.fi\/verkkokauppa\/kauppa\/"},{"@type":"ListItem","position":3,"name":"Worksafe Talviasennusk\u00e4sine, synteettinen A100W"}]},{"@type":"WebSite","@id":"https:\/\/saumaustarvike.fi\/verkkokauppa\/#website","url":"https:\/\/saumaustarvike.fi\/verkkokauppa\/","name":"Saumaustarvike.fi","description":"Saumausmassat, tarvikkeet ja ty&ouml;kalut","publisher":{"@id":"https:\/\/saumaustarvike.fi\/verkkokauppa\/#organization"},"potentialAction":[{"@type":"SearchAction","target":{"@type":"EntryPoint","urlTemplate":"https:\/\/saumaustarvike.fi\/verkkokauppa\/?s={search_term_string}"},"query-input":{"@type":"PropertyValueSpecification","valueRequired":true,"valueName":"search_term_string"}}],"inLanguage":"fi"},{"@type":"Organization","@id":"https:\/\/saumaustarvike.fi\/verkkokauppa\/#organization","name":"Saumaustarvike.fi","url":"https:\/\/saumaustarvike.fi\/verkkokauppa\/","logo":{"@type":"ImageObject","inLanguage":"fi","@id":"https:\/\/saumaustarvike.fi\/verkkokauppa\/#\/schema\/logo\/image\/","url":"https:\/\/saumaustarvike.fi\/verkkokauppa\/wp-content\/uploads\/2019\/02\/logo.png","contentUrl":"https:\/\/saumaustarvike.fi\/verkkokauppa\/wp-content\/uploads\/2019\/02\/logo.png","width":806,"height":150,"caption":"Saumaustarvike.fi"},"image":{"@id":"https:\/\/saumaustarvike.fi\/verkkokauppa\/#\/schema\/logo\/image\/"},"sameAs":["https:\/\/www.facebook.com\/Saumalaakso"]}]}},"jetpack_sharing_enabled":true,"_links":{"self":[{"href":"https:\/\/saumaustarvike.fi\/verkkokauppa\/wp-json\/wp\/v2\/product\/9951","targetHints":{"allow":["GET"]}}],"collection":[{"href":"https:\/\/saumaustarvike.fi\/verkkokauppa\/wp-json\/wp\/v2\/product"}],"about":[{"href":"https:\/\/saumaustarvike.fi\/verkkokauppa\/wp-json\/wp\/v2\/types\/product"}],"replies":[{"embeddable":true,"href":"https:\/\/saumaustarvike.fi\/verkkokauppa\/wp-json\/wp\/v2\/comments?post=9951"}],"wp:featuredmedia":[{"embeddable":true,"href":"https:\/\/saumaustarvike.fi\/verkkokauppa\/wp-json\/wp\/v2\/media\/16507"}],"wp:attachment":[{"href":"https:\/\/saumaustarvike.fi\/verkkokauppa\/wp-json\/wp\/v2\/media?parent=9951"}],"wp:term":[{"taxonomy":"product_cat","embeddable":true,"href":"https:\/\/saumaustarvike.fi\/verkkokauppa\/wp-json\/wp\/v2\/product_cat?post=9951"},{"taxonomy":"product_tag","embeddable":true,"href":"https:\/\/saumaustarvike.fi\/verkkokauppa\/wp-json\/wp\/v2\/product_tag?post=9951"}],"curies":[{"name":"wp","href":"https:\/\/api.w.org\/{rel}","templated":true}]}}